-- Table structure for table `migrations`
--

CREATE TABLE `migrations` (
  `id` int UNSIGNED NOT NULL,
  `migration` varchar(191) CHARACTER SET utf8mb4 COLLATE utf8mb4_unicode_ci NOT NULL,
  `batch` int NOT NULL
) ENGINE=MyISAM DEFAULT CHARSET=utf8mb4 COLLATE=utf8mb4_unicode_ci;

--
-- Dumping data for table `migrations`
--

INSERT INTO `migrations` (`id`, `migration`, `batch`) VALUES
(1, '0001_01_01_000000_create_users_table', 1),
(2, '0001_01_01_000001_create_cache_table', 1),
(3, '0001_01_01_000002_create_jobs_table', 1),
(4, '2026_07_16_004651_create_personal_access_tokens_table', 2),
(5, '2026_07_17_000001_create_categories_table', 3),
(6, '2026_07_17_000002_create_menu_items_table', 3),
(7, '2026_07_17_000003_create_modifier_groups_table', 4),
(8, '2026_07_17_000004_create_modifier_options_table', 4),
(9, '2026_07_17_000005_add_addon_type_to_modifier_groups', 5),
(10, '2026_07_17_000006_add_description_to_modifier_groups', 5),
(11, '2026_07_17_144041_add_addon_type_to_modifier_groups_table', 5),
(12, '2026_07_18_000001_create_riders_table', 6),
(13, '2026_07_18_000002_create_orders_table', 6),
(14, '2026_07_18_000003_create_order_items_table', 6),
(15, '2026_07_20_000001_add_image_to_order_items_table', 7),
(16, '2026_07_20_000002_create_user_addresses_table', 8),
(17, '2026_07_20_000010_add_lat_lng_to_user_addresses', 9),
(18, '2026_07_22_000001_add_prepared_at_to_orders_table', 10),
(19, '2026_07_26_160659_add_order_type_to_orders_table', 11),
(20, '2026_07_28_000001_create_cart_items_table', 12),
(21, '2026_08_09_000001_add_table_session_id_to_orders_table', 13),
(22, '2026_08_09_235900_make_orders_user_id_nullable', 14),
(23, '2026_07_30_000001_add_table_number_to_orders_table', 14),
(24, '2026_07_30_000002_add_is_archived_to_orders_table', 14),
(25, '2026_08_03_000001_create_kitchen_print_jobs_table', 14),
(26, '2026_08_04_000001_add_pickup_slip_printed_at_to_orders_table', 14),
(27, '2026_08_07_143652_add_phone_to_users_table', 14),
(28, '2026_08_08_000001_update_cream_milk_series_images', 14),
(29, '2026_08_11_000001_add_payment_fields_to_orders_table', 15),
(30, '2026_08_13_000001_create_audit_logs_table', 16),
(31, '2026_08_11_000002_add_ordering_locked_to_orders_table', 17),
(32, '2026_08_14_000001_add_email_verification_code_to_users_table', 18);

-- --------------------------------------------------------

--
-- Table structure for table `modifier_groups`
--

CREATE TABLE `modifier_groups` (
  `id` bigint UNSIGNED NOT NULL,
  `menu_item_id` bigint UNSIGNED NOT NULL,
  `type` enum('flavor','modifier','addon') CHARACTER SET utf8mb4 COLLATE utf8mb4_unicode_ci NOT NULL DEFAULT 'modifier',
  `name` varchar(191) CHARACTER SET utf8mb4 COLLATE utf8mb4_unicode_ci NOT NULL,
  `description` text CHARACTER SET utf8mb4 COLLATE utf8mb4_unicode_ci,
  `required` tinyint(1) NOT NULL DEFAULT '0',
  `max_selections` int DEFAULT NULL,
  `is_active` tinyint(1) NOT NULL DEFAULT '1',
  `sort_order` int NOT NULL DEFAULT '0',
  `created_at` timestamp NULL DEFAULT NULL,
  `updated_at` timestamp NULL DEFAULT NULL
) ENGINE=MyISAM DEFAULT CHARSET=utf8mb4 COLLATE=utf8mb4_unicode_ci;

--
-- Dumping data for table `modifier_groups`
--

INSERT INTO `modifier_groups` (`id`, `menu_item_id`, `type`, `name`, `description`, `required`, `max_selections`, `is_active`, `sort_order`, `created_at`, `updated_at`) VALUES
(387, 193, 'addon', 'Add-on', 'Optional Halo-Halo add-on', 0, 1, 1, 3, '2026-08-10 10:23:51', '2026-08-10 10:23:51'),
(386, 192, 'addon', 'Add-on', 'Optional Halo-Halo add-on', 0, 1, 1, 3, '2026-08-10 10:23:51', '2026-08-10 10:23:51'),
(432, 22, 'addon', 'Add-on', NULL, 0, NULL, 1, 0, '2026-08-14 00:50:27', '2026-08-14 00:50:27'),
(31, 24, 'flavor', 'Rice', 'Plain Rice or Garlic Fried Rice', 1, NULL, 1, 1, '2026-07-19 06:46:47', '2026-07-19 06:46:47'),
(32, 24, 'flavor', 'Sinigang', 'Choose your Sinigang variant', 1, NULL, 1, 2, '2026-07-19 06:46:47', '2026-07-19 06:46:47'),
(33, 24, 'flavor', 'Kare-Kare', 'Choose your Kare-Kare variant', 1, NULL, 1, 3, '2026-07-19 06:46:47', '2026-07-19 06:46:47'),
(34, 24, 'flavor', 'Bangus', 'Sizzling Cheesy or Grilled Bangus', 1, NULL, 1, 4, '2026-07-19 06:46:47', '2026-07-19 06:46:47'),
(35, 24, 'flavor', 'Pork', 'Binagoongan or Bicol Express', 1, NULL, 1, 5, '2026-07-19 06:46:47', '2026-07-19 06:46:47'),
(36, 24, 'flavor', 'Wings', '3 Flavours of your choice', 1, NULL, 1, 6, '2026-07-19 06:46:47', '2026-07-19 06:46:47'),
(37, 24, 'flavor', 'Sweets', 'Choose your dessert', 1, NULL, 1, 7, '2026-07-19 06:46:47', '2026-07-19 06:46:47'),
(38, 24, 'flavor', 'Drinks', 'Choose your lemonade drink', 1, NULL, 1, 8, '2026-07-19 06:46:47', '2026-07-19 06:46:47'),
(39, 25, 'flavor', 'Rice', 'Plain Rice or Garlic Fried Rice', 1, NULL, 1, 1, '2026-07-19 06:48:25', '2026-07-19 06:48:25'),
(40, 25, 'flavor', 'Sinigang', 'Choose your Sinigang variant', 1, NULL, 1, 2, '2026-07-19 06:48:25', '2026-07-19 06:48:25'),
(41, 25, 'flavor', 'Chopsuey / Pakbet', 'Choose between Chopsuey or Pakbet', 1, NULL, 1, 3, '2026-07-19 06:48:25', '2026-07-19 06:48:25'),
(42, 25, 'flavor', 'Sweets', 'Choose your dessert', 1, NULL, 1, 4, '2026-07-19 06:48:25', '2026-07-19 06:48:25'),
(43, 25, 'flavor', 'Drinks', 'Choose your lemonade drink', 1, NULL, 1, 5, '2026-07-19 06:48:25', '2026-07-19 06:48:25'),
(44, 26, 'flavor', 'Rice', 'Plain Rice or Garlic Fried Rice', 1, NULL, 1, 1, '2026-07-19 06:49:50', '2026-07-19 06:49:50'),
(45, 26, 'flavor', 'Sinigang', 'Choose your Sinigang variant', 1, NULL, 1, 2, '2026-07-19 06:49:50', '2026-07-19 06:49:50'),
(46, 26, 'flavor', 'Kare-Kare', 'Choose your Kare-Kare variant', 1, NULL, 1, 3, '2026-07-19 06:49:50', '2026-07-19 06:49:50'),
(47, 26, 'flavor', 'Bangus', 'Sizzling Cheesy or Grilled Bangus', 1, NULL, 1, 4, '2026-07-19 06:49:50', '2026-07-19 06:49:50'),
(48, 26, 'flavor', 'Pakbet / Chopsuey', 'Choose between Pakbet or Chopsuey', 1, NULL, 1, 5, '2026-07-19 06:49:50', '2026-07-19 06:49:50'),
(49, 26, 'flavor', 'Wings', 'Choose 2 flavours only', 1, NULL, 1, 6, '2026-07-19 06:49:50', '2026-07-19 06:49:50'),
(50, 26, 'flavor', 'Sweets', 'Choose your dessert', 1, NULL, 1, 7, '2026-07-19 06:49:50', '2026-07-19 06:49:50'),
(51, 26, 'flavor', 'Drinks', 'Choose your lemonade drink', 1, NULL, 1, 8, '2026-07-19 06:49:50', '2026-07-19 06:49:50'),
(52, 27, 'flavor', 'Wings', 'Choose 2 flavours only', 1, NULL, 1, 1, '2026-07-19 06:51:29', '2026-07-19 06:51:29'),
(53, 27, 'flavor', 'Pasta / Pancit', 'Choose your pasta or pancit variant', 1, NULL, 1, 2, '2026-07-19 06:51:29', '2026-07-19 06:51:29'),
(54, 27, 'flavor', 'Sweets', 'Choose your dessert', 1, NULL, 1, 3, '2026-07-19 06:51:29', '2026-07-19 06:51:29'),
(55, 27, 'flavor', 'Drinks', 'Choose your lemonade drink', 1, NULL, 1, 4, '2026-07-19 06:51:29', '2026-07-19 06:51:29'),
(56, 31, 'modifier', 'Size', 'Small (P35) or Large (P90)', 1, NULL, 1, 0, '2026-07-19 06:53:19', '2026-08-14 00:42:06'),
(57, 32, 'modifier', 'Size', 'Small (P89) or Large (P129)', 1, NULL, 1, 0, '2026-07-19 06:53:19', '2026-08-07 10:08:52'),
(58, 33, 'modifier', 'Size', 'Small (P99) or Large (P139)', 1, NULL, 1, 1, '2026-07-19 06:53:19', '2026-07-19 06:53:19'),
(59, 34, 'modifier', 'Size', 'Small (P99) or Large (P129)', 1, NULL, 1, 1, '2026-07-19 06:53:19', '2026-07-19 06:53:19'),
(60, 35, 'modifier', 'Size', 'Small (P79) or Large (P129)', 1, NULL, 1, 1, '2026-07-19 06:53:19', '2026-07-19 06:53:19'),
(61, 49, 'flavor', 'Flavor', 'Choose your fruit tea flavor', 1, NULL, 1, 1, '2026-07-19 06:57:34', '2026-07-19 06:57:34'),
(62, 49, 'modifier', 'Size', '16oz (P39) or 22oz (P49)', 1, NULL, 1, 2, '2026-07-19 06:57:34', '2026-07-19 06:57:34'),
(63, 50, 'flavor', 'Flavor', 'Choose your milk tea flavor', 1, NULL, 1, 0, '2026-07-19 06:59:15', '2026-08-13 09:36:05'),
(64, 50, 'modifier', 'Size', '16oz (P39) or 22oz (P49)', 1, NULL, 1, 1, '2026-07-19 06:59:15', '2026-08-13 09:36:05'),
(65, 51, 'flavor', 'Flavor', 'Choose your iced coffee latte flavor', 1, NULL, 1, 1, '2026-07-19 07:01:06', '2026-07-19 07:01:06'),
(66, 52, 'flavor', 'Flavor', 'Choose your iced coffee macchiato flavor', 1, NULL, 1, 1, '2026-07-19 07:04:13', '2026-07-19 07:04:13'),
(67, 72, 'modifier', 'Size', 'Single (P49) or Tower (P179)', 1, NULL, 1, 1, '2026-07-19 07:11:33', '2026-07-19 07:11:33'),
(68, 73, 'modifier', 'Size', 'Single (P49) or Tower (P179)', 1, NULL, 1, 1, '2026-07-19 07:11:33', '2026-07-19 07:11:33'),
(69, 74, 'modifier', 'Size', 'Single (P59) or Tower (P199)', 1, NULL, 1, 1, '2026-07-19 07:11:33', '2026-07-19 07:11:33'),
(70, 75, 'modifier', 'Size', 'Single (P49) or Tower (P179)', 1, NULL, 1, 1, '2026-07-19 07:11:33', '2026-07-19 07:11:33'),
(71, 76, 'modifier', 'Size', 'Single (P49) or Tower (P179)', 1, NULL, 1, 1, '2026-07-19 07:11:33', '2026-07-19 07:11:33'),
(72, 77, 'modifier', 'Size', 'Single (P59) or Tower (P189)', 1, NULL, 1, 1, '2026-07-19 07:11:33', '2026-07-19 07:11:33'),
(73, 78, 'modifier', 'Size', 'Single (P49) or Tower (P179)', 1, NULL, 1, 1, '2026-07-19 07:11:33', '2026-07-19 07:11:33'),
(74, 79, 'modifier', 'Size', 'Single (P49) or Tower (P179)', 1, NULL, 1, 1, '2026-07-19 07:11:33', '2026-07-19 07:11:33'),
(75, 80, 'modifier', 'Size', 'Single (P59) or Tower (P189)', 1, NULL, 1, 1, '2026-07-19 07:11:33', '2026-07-19 07:11:33'),
(76, 81, 'modifier', 'Size', 'Single (P39) or Tower (P159)', 1, NULL, 1, 1, '2026-07-19 07:11:33', '2026-07-19 07:11:33'),
(77, 82, 'modifier', 'Size', 'Single (P69) or Tower (P209)', 1, NULL, 1, 1, '2026-07-19 07:11:33', '2026-07-19 07:11:33'),
(78, 83, 'modifier', 'Size', 'Single (P59) or Tower (P189)', 1, NULL, 1, 1, '2026-07-19 07:11:33', '2026-07-19 07:11:33'),
(79, 84, 'modifier', 'Size', 'Single (P69) or Tower (P209)', 1, NULL, 1, 1, '2026-07-19 07:11:33', '2026-07-19 07:11:33'),
(80, 85, 'flavor', 'Bilao Contents', 'Choose what goes in your B8 Bilao', 1, NULL, 1, 0, '2026-07-19 07:15:50', '2026-07-19 14:22:43'),
(81, 86, 'flavor', 'Bilao Contents', 'Choose what goes in your B10 Bilao', 1, NULL, 1, 0, '2026-07-19 07:15:50', '2026-07-19 14:26:39'),
(82, 87, 'flavor', 'Bilao Contents', 'Choose what goes in your B12 Bilao', 1, NULL, 1, 0, '2026-07-19 07:15:50', '2026-07-19 14:29:28'),
(83, 88, 'flavor', 'Bilao Contents', 'Choose what goes in your B14 Bilao', 1, NULL, 1, 0, '2026-07-19 07:15:50', '2026-07-19 14:31:24'),
(84, 89, 'flavor', 'Bilao Contents', 'Choose what goes in your B16 Bilao', 1, NULL, 1, 0, '2026-07-19 07:15:50', '2026-07-19 14:33:27'),
(85, 90, 'flavor', 'Bilao Contents', 'Choose what goes in your B18 Bilao', 1, NULL, 1, 0, '2026-07-19 07:15:50', '2026-07-19 14:34:45'),
(86, 91, 'modifier', 'Size', 'Regular or Special serving', 1, NULL, 1, 0, '2026-07-19 07:39:44', '2026-08-10 14:18:41'),
(87, 92, 'modifier', 'Size', 'Regular or Special serving', 1, NULL, 1, 0, '2026-07-19 07:39:44', '2026-08-10 14:18:52'),
(88, 93, 'modifier', 'Size', 'Regular or Special serving', 1, NULL, 1, 0, '2026-07-19 07:39:44', '2026-08-10 14:19:06'),
(89, 94, 'modifier', 'Size', 'Regular or Special serving', 1, NULL, 1, 0, '2026-07-19 07:39:44', '2026-08-10 14:19:26'),
(90, 95, 'modifier', 'Size', 'Regular or Special serving', 1, NULL, 1, 0, '2026-07-19 07:39:44', '2026-08-10 14:20:22'),
(91, 96, 'modifier', 'Size', 'Regular or Special serving', 1, NULL, 1, 0, '2026-07-19 07:39:44', '2026-08-10 14:20:37'),
(92, 97, 'modifier', 'Size', 'Regular or Special serving', 1, NULL, 1, 0, '2026-07-19 07:39:44', '2026-07-19 14:47:13'),
(93, 98, 'modifier', 'Size', 'Regular or Special serving', 1, NULL, 1, 0, '2026-07-19 07:39:44', '2026-07-19 14:46:42'),
(95, 102, 'modifier', 'Size', 'Regular or Special serving', 1, NULL, 1, 0, '2026-07-19 07:39:44', '2026-07-19 14:44:48'),
(96, 103, 'modifier', 'Size', 'Regular or Special serving', 1, NULL, 1, 0, '2026-07-19 07:39:44', '2026-08-10 14:23:18'),
(97, 104, 'modifier', 'Size', 'Regular or Special serving', 1, NULL, 1, 0, '2026-07-19 07:39:44', '2026-08-10 14:23:31'),
(98, 105, 'modifier', 'Size', 'Regular or Special serving', 1, NULL, 1, 0, '2026-07-19 07:39:44', '2026-08-10 14:23:47'),
(99, 106, 'modifier', 'Size', 'Regular or Special serving', 1, NULL, 1, 0, '2026-07-19 07:39:44', '2026-08-10 14:23:59'),
(101, 135, 'modifier', 'Cooking Method', 'Steam or Fried ??? your choice!', 1, NULL, 1, 1, '2026-07-19 07:57:55', '2026-07-19 07:57:55'),
(102, 136, 'modifier', 'Cooking Method', 'Steam or Fried ??? your choice!', 1, NULL, 1, 1, '2026-07-19 07:57:55', '2026-07-19 07:57:55'),
(103, 126, 'flavor', 'Flavor', 'Choose your fries flavor', 1, NULL, 1, 0, '2026-07-19 08:02:39', '2026-08-14 01:36:21'),
(104, 127, 'flavor', 'Flavor', 'Choose your fries flavor', 1, NULL, 1, 0, '2026-07-19 08:02:39', '2026-08-14 01:37:27'),
(105, 128, 'flavor', 'Flavor', 'Choose your fries flavor', 1, NULL, 1, 0, '2026-07-19 08:02:39', '2026-08-14 01:38:36'),
(122, 159, 'modifier', 'Serving', 'Available May Kalaguyo lang', 1, NULL, 1, 1, '2026-07-19 08:15:02', '2026-07-19 08:15:02'),
(121, 158, 'modifier', 'Serving', 'Available May Kalaguyo lang', 1, NULL, 1, 1, '2026-07-19 08:15:02', '2026-07-19 08:15:02'),
(120, 157, 'modifier', 'Serving', 'Mag-Isa o May Kalaguyo?', 1, NULL, 1, 1, '2026-07-19 08:11:47', '2026-07-19 08:11:47'),
(119, 156, 'modifier', 'Serving', 'Mag-Isa o May Kalaguyo?', 1, NULL, 1, 1, '2026-07-19 08:11:47', '2026-07-19 08:11:47'),
(118, 155, 'modifier', 'Serving', 'Mag-Isa o May Kalaguyo?', 1, NULL, 1, 1, '2026-07-19 08:11:47', '2026-07-19 08:11:47'),
(117, 154, 'modifier', 'Serving', 'Mag-Isa o May Kalaguyo?', 1, NULL, 1, 1, '2026-07-19 08:11:47', '2026-07-19 08:11:47'),
(116, 153, 'modifier', 'Serving', 'Mag-Isa o May Kalaguyo?', 1, NULL, 1, 1, '2026-07-19 08:11:47', '2026-07-19 08:11:47'),
(115, 152, 'modifier', 'Serving', 'Mag-Isa o May Kalaguyo?', 1, NULL, 1, 1, '2026-07-19 08:11:47', '2026-07-19 08:11:47'),
(114, 151, 'modifier', 'Serving', 'Mag-Isa o May Kalaguyo?', 1, NULL, 1, 1, '2026-07-19 08:11:47', '2026-07-19 08:11:47'),
(113, 150, 'modifier', 'Serving', 'Mag-Isa o May Kalaguyo?', 1, NULL, 1, 1, '2026-07-19 08:11:47', '2026-07-19 08:11:47'),
(112, 149, 'modifier', 'Serving', 'Mag-Isa o May Kalaguyo?', 1, NULL, 1, 1, '2026-07-19 08:11:47', '2026-07-19 08:11:47'),
(111, 148, 'modifier', 'Serving', 'Mag-Isa o May Kalaguyo?', 1, NULL, 1, 1, '2026-07-19 08:11:47', '2026-07-19 08:11:47'),
(110, 147, 'modifier', 'Serving', 'Mag-Isa o May Kalaguyo?', 1, NULL, 1, 1, '2026-07-19 08:11:47', '2026-07-19 08:11:47'),
(109, 146, 'modifier', 'Serving', 'Mag-Isa o May Kalaguyo?', 1, NULL, 1, 1, '2026-07-19 08:11:47', '2026-07-19 08:11:47'),
(108, 145, 'modifier', 'Serving', 'Mag-Isa o May Kalaguyo?', 1, NULL, 1, 1, '2026-07-19 08:11:47', '2026-07-19 08:11:47'),
(107, 144, 'modifier', 'Serving', 'Mag-Isa o May Kalaguyo?', 1, NULL, 1, 1, '2026-07-19 08:11:47', '2026-07-19 08:11:47'),
(106, 143, 'modifier', 'Serving', 'Mag-Isa o May Kalaguyo?', 1, NULL, 1, 1, '2026-07-19 08:11:47', '2026-07-19 08:11:47'),
(123, 160, 'flavor', 'Flavor', 'Choose 1 flavor for your 3 pcs wings', 1, 1, 1, 0, '2026-07-19 08:20:24', '2026-08-14 00:59:23'),
(124, 161, 'flavor', 'Flavor', 'Choose 2 flavors for your 6 pcs wings', 1, 2, 1, 1, '2026-07-19 08:20:24', '2026-07-19 08:20:24'),
(125, 162, 'flavor', 'Flavor', 'Choose 3 flavors for your 9 pcs wings', 1, 3, 1, 1, '2026-07-19 08:20:24', '2026-07-19 08:20:24'),
(126, 163, 'flavor', 'Flavor', 'Choose 4 flavors for your 12 pcs wings', 1, 4, 1, 1, '2026-07-19 08:20:24', '2026-07-19 08:20:24'),
(127, 164, 'flavor', 'Flavor', 'Choose 5 flavors for your 24 pcs wings', 1, 5, 1, 1, '2026-07-19 08:20:24', '2026-07-19 08:20:24'),
(128, 165, 'flavor', 'Flavor', 'Choose your flavor (Spicy +P10)', 1, NULL, 1, 0, '2026-07-19 08:20:24', '2026-08-14 01:00:28'),
(129, 166, 'flavor', 'Flavor', 'Choose your flavor (Spicy +P10)', 1, NULL, 1, 1, '2026-07-19 08:20:24', '2026-07-19 08:20:24'),
(130, 167, 'flavor', 'Flavor', 'Choose your flavor (Spicy +P10)', 1, NULL, 1, 1, '2026-07-19 08:20:24', '2026-07-19 08:20:24'),
(131, 168, 'flavor', 'Flavor', 'Choose your flavor (Spicy +P10)', 1, NULL, 1, 1, '2026-07-19 08:20:24', '2026-07-19 08:20:24'),
(132, 169, 'flavor', 'Flavor', 'Choose your flavor (Spicy +P10)', 1, NULL, 1, 1, '2026-07-19 08:20:24', '2026-07-19 08:20:24'),
(133, 165, 'modifier', 'Spicy Add-On', 'Add P10 for Spicy version', 0, NULL, 1, 1, '2026-07-19 08:20:24', '2026-08-14 01:00:28'),
(134, 166, 'modifier', 'Spicy Add-On', 'Add P10 for Spicy version', 0, NULL, 1, 2, '2026-07-19 08:20:24', '2026-07-19 08:20:24'),
(135, 167, 'modifier', 'Spicy Add-On', 'Add P10 for Spicy version', 0, NULL, 1, 2, '2026-07-19 08:20:24', '2026-07-19 08:20:24'),
(136, 168, 'modifier', 'Spicy Add-On', 'Add P10 for Spicy version', 0, NULL, 1, 2, '2026-07-19 08:20:24', '2026-07-19 08:20:24'),
(137, 169, 'modifier', 'Spicy Add-On', 'Add P10 for Spicy version', 0, NULL, 1, 2, '2026-07-19 08:20:24', '2026-07-19 08:20:24'),
(138, 170, 'modifier', 'Topping', 'Choose your topping', 1, NULL, 1, 1, '2026-07-19 08:37:32', '2026-07-19 08:37:32'),
(139, 171, 'flavor', 'Sauce', 'Choose your sauce', 1, NULL, 1, 1, '2026-07-19 08:37:32', '2026-07-19 08:37:32'),
(140, 172, 'flavor', 'Sauce', 'Choose your sauce', 1, NULL, 1, 1, '2026-07-19 08:37:32', '2026-07-19 08:37:32'),
(141, 244, 'flavor', 'Sauce / Flavor', NULL, 0, NULL, 1, 1, '2026-07-19 06:47:26', '2026-07-19 06:47:26'),
(142, 244, 'modifier', 'Size', NULL, 0, NULL, 1, 2, '2026-07-19 06:47:26', '2026-07-19 06:47:26'),
(143, 245, 'flavor', 'Sauce / Flavor', NULL, 0, NULL, 1, 1, '2026-07-19 06:47:26', '2026-07-19 06:47:26'),
(144, 245, 'modifier', 'Size', NULL, 0, NULL, 1, 2, '2026-07-19 06:47:26', '2026-07-19 06:47:26'),
(145, 246, 'flavor', 'Sauce / Flavor', NULL, 0, NULL, 1, 1, '2026-07-19 06:47:27', '2026-07-19 06:47:27'),
(146, 246, 'modifier', 'Size', NULL, 0, NULL, 1, 2, '2026-07-19 06:47:27', '2026-07-19 06:47:27'),
(147, 247, 'flavor', 'Sauce / Flavor', NULL, 0, NULL, 1, 1, '2026-07-19 06:47:27', '2026-07-19 06:47:27'),
(148, 247, 'modifier', 'Size', NULL, 0, NULL, 1, 2, '2026-07-19 06:47:27', '2026-07-19 06:47:27'),
(149, 248, 'flavor', 'Sauce / Flavor', NULL, 0, NULL, 1, 1, '2026-07-19 06:47:27', '2026-07-19 06:47:27'),
(150, 248, 'modifier', 'Size', NULL, 0, NULL, 1, 2, '2026-07-19 06:47:27', '2026-07-19 06:47:27'),
(151, 249, 'flavor', 'Sauce / Flavor', NULL, 0, NULL, 1, 1, '2026-07-19 06:47:27', '2026-07-19 06:47:27'),
(152, 249, 'modifier', 'Size', NULL, 0, NULL, 1, 2, '2026-07-19 06:47:27', '2026-07-19 06:47:27'),
(153, 250, 'modifier', 'Size', NULL, 0, NULL, 1, 1, '2026-07-19 06:47:27', '2026-07-19 06:47:27'),
(154, 251, 'modifier', 'Size', NULL, 0, NULL, 1, 1, '2026-07-19 06:47:27', '2026-07-19 06:47:27'),
(155, 252, 'modifier', 'Size', NULL, 0, NULL, 1, 1, '2026-07-19 06:47:27', '2026-07-19 06:47:27'),
(156, 253, 'modifier', 'Size', NULL, 0, NULL, 1, 1, '2026-07-19 06:47:27', '2026-07-19 06:47:27'),
(157, 254, 'modifier', 'Size', NULL, 0, NULL, 1, 1, '2026-07-19 06:47:27', '2026-07-19 06:47:27'),
(158, 255, 'modifier', 'Size', NULL, 0, NULL, 1, 1, '2026-07-19 06:47:27', '2026-07-19 06:47:27'),
(159, 256, 'modifier', 'Size', NULL, 0, NULL, 1, 1, '2026-07-19 06:47:27', '2026-07-19 06:47:27'),
(160, 257, 'modifier', 'Size', NULL, 0, NULL, 1, 1, '2026-07-19 06:47:27', '2026-07-19 06:47:27'),
(161, 258, 'modifier', 'Size', NULL, 0, NULL, 1, 1, '2026-07-19 06:47:27', '2026-07-19 06:47:27'),
(385, 191, 'addon', 'Add-on', 'Optional Halo-Halo add-on', 0, 1, 1, 3, '2026-08-10 10:23:51', '2026-08-10 10:23:51'),
(384, 190, 'addon', 'Add-on', 'Optional Halo-Halo add-on', 0, 1, 1, 3, '2026-08-10 10:23:51', '2026-08-10 10:23:51'),
(383, 189, 'addon', 'Add-on', 'Optional Halo-Halo add-on', 0, 1, 1, 3, '2026-08-10 10:23:51', '2026-08-10 10:23:51'),
(391, 20, 'modifier', 'Choose a Drink', 'Pick one free drink included', 0, 1, 1, 0, '2026-08-10 10:39:47', '2026-08-14 00:44:59'),
(375, 181, 'addon', 'Add-on', 'Optional Halo-Halo add-on', 0, 1, 1, 3, '2026-08-10 10:23:51', '2026-08-10 10:23:51'),
(376, 182, 'addon', 'Add-on', 'Optional Halo-Halo add-on', 0, 1, 1, 3, '2026-08-10 10:23:51', '2026-08-10 10:23:51'),
(377, 183, 'addon', 'Add-on', 'Optional Halo-Halo add-on', 0, 1, 1, 3, '2026-08-10 10:23:51', '2026-08-10 10:23:51'),
(378, 184, 'addon', 'Add-on', 'Optional Halo-Halo add-on', 0, 1, 1, 3, '2026-08-10 10:23:51', '2026-08-10 10:23:51'),
(379, 185, 'addon', 'Add-on', 'Optional Halo-Halo add-on', 0, 1, 1, 3, '2026-08-10 10:23:51', '2026-08-10 10:23:51'),
(380, 186, 'addon', 'Add-on', 'Optional Halo-Halo add-on', 0, 1, 1, 3, '2026-08-10 10:23:51', '2026-08-10 10:23:51'),
(381, 187, 'addon', 'Add-on', 'Optional Halo-Halo add-on', 0, 1, 1, 3, '2026-08-10 10:23:51', '2026-08-10 10:23:51'),
(382, 188, 'addon', 'Add-on', 'Optional Halo-Halo add-on', 0, 1, 1, 3, '2026-08-10 10:23:51', '2026-08-10 10:23:51'),
(433, 23, 'addon', 'Add-on', NULL, 0, NULL, 1, 0, '2026-08-14 00:51:00', '2026-08-14 00:51:00'),
(344, 174, 'modifier', 'Choose a Drink', 'Pick one free drink included', 0, 1, 1, 2, '2026-08-10 10:23:51', '2026-08-10 10:23:51'),
(345, 175, 'modifier', 'Choose a Drink', 'Pick one free drink included', 0, 1, 1, 2, '2026-08-10 10:23:51', '2026-08-10 10:23:51'),
(346, 176, 'modifier', 'Choose a Drink', 'Pick one free drink included', 0, 1, 1, 2, '2026-08-10 10:23:51', '2026-08-10 10:23:51'),
(347, 177, 'modifier', 'Choose a Drink', 'Pick one free drink included', 0, 1, 1, 2, '2026-08-10 10:23:51', '2026-08-10 10:23:51'),
(348, 178, 'modifier', 'Choose a Drink', 'Pick one free drink included', 0, 1, 1, 2, '2026-08-10 10:23:51', '2026-08-10 10:23:51'),
(349, 179, 'modifier', 'Choose a Drink', 'Pick one free drink included', 0, 1, 1, 2, '2026-08-10 10:23:51', '2026-08-10 10:23:51'),
(350, 180, 'modifier', 'Choose a Drink', 'Pick one free drink included', 0, 1, 1, 2, '2026-08-10 10:23:51', '2026-08-10 10:23:51'),
(351, 181, 'modifier', 'Choose a Drink', 'Pick one free drink included', 0, 1, 1, 2, '2026-08-10 10:23:51', '2026-08-10 10:23:51'),
(352, 182, 'modifier', 'Choose a Drink', 'Pick one free drink included', 0, 1, 1, 2, '2026-08-10 10:23:51', '2026-08-10 10:23:51'),
(353, 183, 'modifier', 'Choose a Drink', 'Pick one free drink included', 0, 1, 1, 2, '2026-08-10 10:23:51', '2026-08-10 10:23:51'),
(354, 184, 'modifier', 'Choose a Drink', 'Pick one free drink included', 0, 1, 1, 2, '2026-08-10 10:23:51', '2026-08-10 10:23:51'),
(355, 185, 'modifier', 'Choose a Drink', 'Pick one free drink included', 0, 1, 1, 2, '2026-08-10 10:23:51', '2026-08-10 10:23:51'),
(356, 186, 'modifier', 'Choose a Drink', 'Pick one free drink included', 0, 1, 1, 2, '2026-08-10 10:23:51', '2026-08-10 10:23:51'),
(357, 187, 'modifier', 'Choose a Drink', 'Pick one free drink included', 0, 1, 1, 2, '2026-08-10 10:23:51', '2026-08-10 10:23:51'),
(358, 188, 'modifier', 'Choose a Drink', 'Pick one free drink included', 0, 1, 1, 2, '2026-08-10 10:23:51', '2026-08-10 10:23:51'),
(359, 189, 'modifier', 'Choose a Drink', 'Pick one free drink included', 0, 1, 1, 2, '2026-08-10 10:23:51', '2026-08-10 10:23:51'),
(360, 190, 'modifier', 'Choose a Drink', 'Pick one free drink included', 0, 1, 1, 2, '2026-08-10 10:23:51', '2026-08-10 10:23:51'),
(361, 191, 'modifier', 'Choose a Drink', 'Pick one free drink included', 0, 1, 1, 2, '2026-08-10 10:23:51', '2026-08-10 10:23:51'),
(362, 192, 'modifier', 'Choose a Drink', 'Pick one free drink included', 0, 1, 1, 2, '2026-08-10 10:23:51', '2026-08-10 10:23:51'),
(363, 193, 'modifier', 'Choose a Drink', 'Pick one free drink included', 0, 1, 1, 2, '2026-08-10 10:23:51', '2026-08-10 10:23:51'),
(364, 194, 'modifier', 'Choose a Drink', 'Pick one free drink included', 0, 1, 1, 2, '2026-08-10 10:23:51', '2026-08-10 10:23:51'),
(402, 312, 'modifier', 'Size', NULL, 1, NULL, 1, 0, '2026-08-13 20:58:56', '2026-08-13 20:58:56'),
(366, 196, 'modifier', 'Choose a Drink', 'Pick one free drink included', 0, 1, 1, 2, '2026-08-10 10:23:51', '2026-08-10 10:23:51'),
(367, 173, 'addon', 'Add-on', 'Optional Halo-Halo add-on', 0, 1, 1, 3, '2026-08-10 10:23:51', '2026-08-10 10:23:51'),
(368, 174, 'addon', 'Add-on', 'Optional Halo-Halo add-on', 0, 1, 1, 3, '2026-08-10 10:23:51', '2026-08-10 10:23:51'),
(369, 175, 'addon', 'Add-on', 'Optional Halo-Halo add-on', 0, 1, 1, 3, '2026-08-10 10:23:51', '2026-08-10 10:23:51'),
(370, 176, 'addon', 'Add-on', 'Optional Halo-Halo add-on', 0, 1, 1, 3, '2026-08-10 10:23:51', '2026-08-10 10:23:51'),
(371, 177, 'addon', 'Add-on', 'Optional Halo-Halo add-on', 0, 1, 1, 3, '2026-08-10 10:23:51', '2026-08-10 10:23:51'),
(372, 178, 'addon', 'Add-on', 'Optional Halo-Halo add-on', 0, 1, 1, 3, '2026-08-10 10:23:51', '2026-08-10 10:23:51'),
(373, 179, 'addon', 'Add-on', 'Optional Halo-Halo add-on', 0, 1, 1, 3, '2026-08-10 10:23:51', '2026-08-10 10:23:51'),
(374, 180, 'addon', 'Add-on', 'Optional Halo-Halo add-on', 0, 1, 1, 3, '2026-08-10 10:23:51', '2026-08-10 10:23:51'),
(365, 195, 'modifier', 'Choose a Drink', 'Pick one free drink included', 0, 1, 1, 2, '2026-08-10 10:23:51', '2026-08-10 10:23:51'),
(343, 173, 'modifier', 'Choose a Drink', 'Pick one free drink included', 0, 1, 1, 2, '2026-08-10 10:23:51', '2026-08-10 10:23:51'),
(338, 23, 'modifier', 'Choose a Drink', 'Pick one free drink included', 0, 1, 1, 0, '2026-08-10 10:18:13', '2026-08-14 00:51:00'),
(401, 324, 'modifier', 'SIZE', NULL, 0, NULL, 1, 0, '2026-08-13 18:54:29', '2026-08-13 18:54:29'),
(443, 20, 'addon', 'HALO HALO', NULL, 0, NULL, 1, 0, '2026-08-15 18:21:28', '2026-08-15 18:21:28'),
(399, 311, 'modifier', 'Size', NULL, 1, NULL, 1, 0, '2026-08-13 18:51:11', '2026-08-13 18:51:11'),
(400, 330, 'modifier', 'SIZE', NULL, 0, NULL, 1, 0, '2026-08-13 18:53:40', '2026-08-13 18:53:40'),
(337, 22, 'modifier', 'Choose a Drink', 'Pick one free drink included', 0, 1, 1, 0, '2026-08-10 10:18:13', '2026-08-14 00:50:27'),
(388, 194, 'addon', 'Add-on', 'Optional Halo-Halo add-on', 0, 1, 1, 3, '2026-08-10 10:23:51', '2026-08-10 10:23:51'),
(389, 195, 'addon', 'Add-on', 'Optional Halo-Halo add-on', 0, 1, 1, 3, '2026-08-10 10:23:51', '2026-08-10 10:23:51'),
(390, 196, 'addon', 'Add-on', 'Optional Halo-Halo add-on', 0, 1, 1, 3, '2026-08-10 10:23:51', '2026-08-10 10:23:51'),
(444, 21, 'addon', 'HALO HALO', NULL, 0, NULL, 1, 0, '2026-08-15 18:21:48', '2026-08-15 18:21:48'),
(397, 21, 'modifier', 'Choose a Drink', 'Pick one free drink included', 1, 1, 1, 0, '2026-08-10 10:49:25', '2026-08-13 23:37:14'),
(403, 313, 'modifier', 'Size', NULL, 1, NULL, 1, 0, '2026-08-13 21:03:51', '2026-08-13 21:03:51'),
(404, 314, 'modifier', 'Size', NULL, 1, NULL, 1, 0, '2026-08-13 21:04:42', '2026-08-13 21:07:07'),
(405, 315, 'modifier', 'Size', NULL, 1, NULL, 1, 0, '2026-08-13 21:06:41', '2026-08-13 21:06:56'),
(406, 316, 'modifier', 'Size', NULL, 0, NULL, 1, 0, '2026-08-13 21:12:46', '2026-08-13 21:12:46'),
(407, 317, 'modifier', 'Size', NULL, 0, NULL, 1, 0, '2026-08-13 22:02:40', '2026-08-13 22:02:40'),
(408, 318, 'modifier', 'Size', NULL, 0, NULL, 1, 0, '2026-08-13 22:30:01', '2026-08-13 22:30:01'),
(409, 319, 'modifier', 'Size', NULL, 0, NULL, 1, 0, '2026-08-13 23:16:30', '2026-08-13 23:16:30'),
(410, 320, 'modifier', 'Size', NULL, 0, NULL, 1, 0, '2026-08-13 23:17:26', '2026-08-13 23:17:26'),
(415, 36, 'modifier', 'Size', NULL, 1, NULL, 1, 0, '2026-08-13 23:27:23', '2026-08-13 23:27:23'),
(414, 323, 'modifier', 'Size', NULL, 0, NULL, 1, 0, '2026-08-13 23:23:37', '2026-08-13 23:23:37'),
(422, 322, 'modifier', 'Size', NULL, 0, NULL, 1, 0, '2026-08-13 23:32:45', '2026-08-13 23:32:45'),
(421, 321, 'modifier', 'Size', NULL, 0, NULL, 1, 0, '2026-08-13 23:31:16', '2026-08-13 23:31:16'),
(423, 325, 'modifier', 'Size', NULL, 0, NULL, 1, 0, '2026-08-13 23:36:41', '2026-08-13 23:36:41'),
(425, 326, 'modifier', 'Size', NULL, 1, NULL, 1, 0, '2026-08-13 23:40:12', '2026-08-13 23:40:12'),
(426, 327, 'modifier', 'Size', NULL, 0, NULL, 1, 0, '2026-08-13 23:44:53', '2026-08-13 23:44:53'),
(427, 328, 'modifier', 'Size', NULL, 1, NULL, 1, 0, '2026-08-13 23:46:09', '2026-08-13 23:46:09'),
(428, 331, 'modifier', 'Size', NULL, 1, NULL, 1, 0, '2026-08-14 00:03:58', '2026-08-14 00:03:58'),
(429, 332, 'modifier', 'Size', NULL, 0, NULL, 1, 0, '2026-08-14 00:17:59', '2026-08-14 00:17:59'),
(430, 333, 'modifier', 'Size', NULL, 1, NULL, 1, 0, '2026-08-14 00:22:45', '2026-08-14 00:31:44'),
(434, 335, 'modifier', 'Size', NULL, 1, NULL, 1, 0, '2026-08-14 11:45:45', '2026-08-14 11:45:45'),
(435, 270, 'modifier', 'Choose a Drink', NULL, 0, NULL, 1, 0, '2026-08-15 13:53:49', '2026-08-15 13:53:49'),
(445, 338, 'modifier', 'Size', NULL, 0, NULL, 1, 0, '2026-08-16 10:22:50', '2026-08-16 10:22:50'),
(438, 337, 'modifier', 'Size', NULL, 0, NULL, 1, 0, '2026-08-15 14:30:35', '2026-08-15 14:30:35');

-- --------------------------------------------------------

--
-- Table structure for table `modifier_options`
--

CREATE TABLE `modifier_options` (
  `id` bigint UNSIGNED NOT NULL,
  `modifier_group_id` bigint UNSIGNED NOT NULL,
  `name` varchar(191) CHARACTER SET utf8mb4 COLLATE utf8mb4_unicode_ci NOT NULL,
  `price_type` enum('none','add','replace') CHARACTER SET utf8mb4 COLLATE utf8mb4_unicode_ci NOT NULL DEFAULT 'none',
  `price_adjustment` decimal(10,2) NOT NULL DEFAULT '0.00',
  `is_default` tinyint(1) NOT NULL DEFAULT '0',
  `is_active` tinyint(1) NOT NULL DEFAULT '1',
  `sort_order` int NOT NULL DEFAULT '0',
  `created_at` timestamp NULL DEFAULT NULL,
  `updated_at` timestamp NULL DEFAULT NULL
) ENGINE=MyISAM DEFAULT CHARSET=utf8mb4 COLLATE=utf8mb4_unicode_ci;

--
-- Dumping data for table `modifier_options`
--

INSERT INTO `modifier_options` (`id`, `modifier_group_id`, `name`, `price_type`, `price_adjustment`, `is_default`, `is_active`, `sort_order`, `created_at`, `updated_at`) VALUES
(1964, 415, 'No Size', 'none', 0.00, 1, 1, 0, '2026-08-15 17:05:27', '2026-08-15 17:05:27'),
(81, 29, 'Add 60 Upgrade', 'add', 60.00, 0, 1, 1, '2026-07-19 06:37:33', '2026-07-19 06:37:33'),
(82, 30, 'Add 60 Upgrade', 'add', 60.00, 0, 1, 1, '2026-07-19 06:37:33', '2026-07-19 06:37:33'),
(83, 31, 'Plain Rice', 'none', 0.00, 1, 1, 1, '2026-07-19 06:46:47', '2026-07-19 06:46:47'),
(84, 31, 'Garlic Fried Rice', 'none', 0.00, 0, 1, 2, '2026-07-19 06:46:47', '2026-07-19 06:46:47'),
(85, 32, 'Pork', 'none', 0.00, 1, 1, 1, '2026-07-19 06:46:47', '2026-07-19 06:46:47'),
(86, 32, 'Shrimp', 'none', 0.00, 0, 1, 2, '2026-07-19 06:46:47', '2026-07-19 06:46:47'),
(87, 32, 'Bangus', 'none', 0.00, 0, 1, 3, '2026-07-19 06:46:47', '2026-07-19 06:46:47'),
(88, 33, 'Beef', 'none', 0.00, 1, 1, 1, '2026-07-19 06:46:47', '2026-07-19 06:46:47'),
(89, 33, 'Crispy Pork', 'none', 0.00, 0, 1, 2, '2026-07-19 06:46:47', '2026-07-19 06:46:47'),
(90, 34, 'Sizzling Cheesy', 'none', 0.00, 1, 1, 1, '2026-07-19 06:46:47', '2026-07-19 06:46:47'),
(91, 34, 'Grilled', 'none', 0.00, 0, 1, 2, '2026-07-19 06:46:47', '2026-07-19 06:46:47'),
(92, 35, 'Binagoongan', 'none', 0.00, 1, 1, 1, '2026-07-19 06:46:47', '2026-07-19 06:46:47'),
(93, 35, 'Bicol Express', 'none', 0.00, 0, 1, 2, '2026-07-19 06:46:47', '2026-07-19 06:46:47'),
(94, 36, 'Buffalo', 'none', 0.00, 1, 1, 1, '2026-07-19 06:46:47', '2026-07-19 06:46:47'),
(95, 36, 'Garlic Parmesan', 'none', 0.00, 0, 1, 2, '2026-07-19 06:46:47', '2026-07-19 06:46:47'),
(96, 36, 'BBQ Honey', 'none', 0.00, 0, 1, 3, '2026-07-19 06:46:47', '2026-07-19 06:46:47'),
(97, 37, 'Halo-Halo', 'none', 0.00, 1, 1, 1, '2026-07-19 06:46:47', '2026-07-19 06:46:47'),
(98, 37, 'Buko Pandan', 'none', 0.00, 0, 1, 2, '2026-07-19 06:46:47', '2026-07-19 06:46:47'),
(99, 37, 'Leche Flan', 'none', 0.00, 0, 1, 3, '2026-07-19 06:46:47', '2026-07-19 06:46:47'),
(100, 38, 'Cucumber Lemonade', 'none', 0.00, 1, 1, 1, '2026-07-19 06:46:47', '2026-07-19 06:46:47'),
(101, 38, 'Blue Lemonade', 'none', 0.00, 0, 1, 2, '2026-07-19 06:46:47', '2026-07-19 06:46:47'),
(102, 38, 'Ice Tea Lemonade', 'none', 0.00, 0, 1, 3, '2026-07-19 06:46:47', '2026-07-19 06:46:47'),
(103, 38, 'Pineapple Lemonade', 'none', 0.00, 0, 1, 4, '2026-07-19 06:46:47', '2026-07-19 06:46:47'),
(104, 39, 'Plain Rice', 'none', 0.00, 1, 1, 1, '2026-07-19 06:48:25', '2026-07-19 06:48:25'),
(105, 39, 'Garlic Fried Rice', 'none', 0.00, 0, 1, 2, '2026-07-19 06:48:25', '2026-07-19 06:48:25'),
(106, 40, 'Pork', 'none', 0.00, 1, 1, 1, '2026-07-19 06:48:25', '2026-07-19 06:48:25'),
(107, 40, 'Shrimp', 'none', 0.00, 0, 1, 2, '2026-07-19 06:48:25', '2026-07-19 06:48:25'),
(108, 40, 'Bangus', 'none', 0.00, 0, 1, 3, '2026-07-19 06:48:25', '2026-07-19 06:48:25'),
(109, 41, 'Chopsuey', 'none', 0.00, 1, 1, 1, '2026-07-19 06:48:25', '2026-07-19 06:48:25'),
(110, 41, 'Pakbet', 'none', 0.00, 0, 1, 2, '2026-07-19 06:48:25', '2026-07-19 06:48:25'),
(1921, 419, '16 Onz', 'none', 0.00, 1, 1, 0, '2026-08-13 23:31:12', '2026-08-13 23:31:12'),
(112, 42, 'Buko Pandan', 'none', 0.00, 0, 1, 2, '2026-07-19 06:48:25', '2026-07-19 06:48:25'),
(113, 42, 'Leche Flan', 'none', 0.00, 0, 1, 3, '2026-07-19 06:48:25', '2026-07-19 06:48:25'),
(114, 43, 'Cucumber Lemonade', 'none', 0.00, 1, 1, 1, '2026-07-19 06:48:25', '2026-07-19 06:48:25'),
(115, 43, 'Blue Lemonade', 'none', 0.00, 0, 1, 2, '2026-07-19 06:48:25', '2026-07-19 06:48:25'),
(116, 43, 'Ice Tea Lemonade', 'none', 0.00, 0, 1, 3, '2026-07-19 06:48:25', '2026-07-19 06:48:25'),
(117, 43, 'Strawberry Lemonade', 'none', 0.00, 0, 1, 4, '2026-07-19 06:48:25', '2026-07-19 06:48:25'),
(118, 43, 'Pineapple Lemonade', 'none', 0.00, 0, 1, 5, '2026-07-19 06:48:25', '2026-07-19 06:48:25'),
(119, 44, 'Plain Rice', 'none', 0.00, 1, 1, 1, '2026-07-19 06:49:50', '2026-07-19 06:49:50'),
(120, 44, 'Garlic Fried Rice', 'none', 0.00, 0, 1, 2, '2026-07-19 06:49:50', '2026-07-19 06:49:50'),
(121, 45, 'Pork', 'none', 0.00, 1, 1, 1, '2026-07-19 06:49:50', '2026-07-19 06:49:50'),
(122, 45, 'Shrimp', 'none', 0.00, 0, 1, 2, '2026-07-19 06:49:50', '2026-07-19 06:49:50'),
(123, 45, 'Bangus', 'none', 0.00, 0, 1, 3, '2026-07-19 06:49:50', '2026-07-19 06:49:50'),
(124, 46, 'Beef', 'none', 0.00, 1, 1, 1, '2026-07-19 06:49:50', '2026-07-19 06:49:50'),
(125, 46, 'Crispy Pork', 'none', 0.00, 0, 1, 2, '2026-07-19 06:49:50', '2026-07-19 06:49:50'),
(126, 47, 'Sizzling Cheesy', 'none', 0.00, 1, 1, 1, '2026-07-19 06:49:50', '2026-07-19 06:49:50'),
(127, 47, 'Grilled', 'none', 0.00, 0, 1, 2, '2026-07-19 06:49:50', '2026-07-19 06:49:50'),
(128, 48, 'Pakbet', 'none', 0.00, 1, 1, 1, '2026-07-19 06:49:50', '2026-07-19 06:49:50'),
(129, 48, 'Chopsuey', 'none', 0.00, 0, 1, 2, '2026-07-19 06:49:50', '2026-07-19 06:49:50'),
(130, 49, 'Buffalo', 'none', 0.00, 1, 1, 1, '2026-07-19 06:49:50', '2026-07-19 06:49:50'),
(131, 49, 'Garlic Parmesan', 'none', 0.00, 0, 1, 2, '2026-07-19 06:49:50', '2026-07-19 06:49:50'),
(132, 49, 'BBQ Honey', 'none', 0.00, 0, 1, 3, '2026-07-19 06:49:50', '2026-07-19 06:49:50'),
(133, 50, 'Halo-Halo', 'none', 0.00, 1, 1, 1, '2026-07-19 06:49:50', '2026-07-19 06:49:50'),
(134, 50, 'Buko Pandan', 'none', 0.00, 0, 1, 2, '2026-07-19 06:49:50', '2026-07-19 06:49:50'),
(135, 50, 'Leche Flan', 'none', 0.00, 0, 1, 3, '2026-07-19 06:49:50', '2026-07-19 06:49:50'),
(136, 51, 'Cucumber Lemonade', 'none', 0.00, 1, 1, 1, '2026-07-19 06:49:50', '2026-07-19 06:49:50'),
(137, 51, 'Blue Lemonade', 'none', 0.00, 0, 1, 2, '2026-07-19 06:49:50', '2026-07-19 06:49:50'),
(138, 51, 'Ice Tea Lemonade', 'none', 0.00, 0, 1, 3, '2026-07-19 06:49:50', '2026-07-19 06:49:50'),
(139, 51, 'Strawberry Lemonade', 'none', 0.00, 0, 1, 4, '2026-07-19 06:49:50', '2026-07-19 06:49:50'),
(140, 52, 'Buffalo', 'none', 0.00, 1, 1, 1, '2026-07-19 06:51:29', '2026-07-19 06:51:29'),
(141, 52, 'Garlic Parmesan', 'none', 0.00, 0, 1, 2, '2026-07-19 06:51:29', '2026-07-19 06:51:29'),
(142, 52, 'BBQ Honey', 'none', 0.00, 0, 1, 3, '2026-07-19 06:51:29', '2026-07-19 06:51:29'),
(143, 53, 'Spaghetti', 'none', 0.00, 1, 1, 1, '2026-07-19 06:51:29', '2026-07-19 06:51:29'),
(144, 53, 'Palabok', 'none', 0.00, 0, 1, 2, '2026-07-19 06:51:29', '2026-07-19 06:51:29'),
(145, 53, 'Carbonara', 'none', 0.00, 0, 1, 3, '2026-07-19 06:51:29', '2026-07-19 06:51:29'),
(146, 53, 'Shrimp Pasta', 'none', 0.00, 0, 1, 4, '2026-07-19 06:51:29', '2026-07-19 06:51:29'),
(147, 53, 'Tuna Pasta', 'none', 0.00, 0, 1, 5, '2026-07-19 06:51:29', '2026-07-19 06:51:29'),
(148, 53, 'Miki Guisado', 'none', 0.00, 0, 1, 6, '2026-07-19 06:51:29', '2026-07-19 06:51:29'),
(149, 53, 'Bihon Guisado', 'none', 0.00, 0, 1, 7, '2026-07-19 06:51:29', '2026-07-19 06:51:29'),
(150, 53, 'Canton Guisado', 'none', 0.00, 0, 1, 8, '2026-07-19 06:51:29', '2026-07-19 06:51:29'),
(151, 54, 'Halo-Halo', 'none', 0.00, 1, 1, 1, '2026-07-19 06:51:29', '2026-07-19 06:51:29'),
(152, 54, 'Buko Pandan', 'none', 0.00, 0, 1, 2, '2026-07-19 06:51:29', '2026-07-19 06:51:29'),
(153, 54, 'Leche Flan', 'none', 0.00, 0, 1, 3, '2026-07-19 06:51:29', '2026-07-19 06:51:29'),
(154, 55, 'Cucumber Lemonade', 'none', 0.00, 1, 1, 1, '2026-07-19 06:51:29', '2026-07-19 06:51:29'),
(155, 55, 'Blue Lemonade', 'none', 0.00, 0, 1, 2, '2026-07-19 06:51:29', '2026-07-19 06:51:29'),
(156, 55, 'Ice Tea Lemonade', 'none', 0.00, 0, 1, 3, '2026-07-19 06:51:29', '2026-07-19 06:51:29'),
(157, 55, 'Pineapple Lemonade', 'none', 0.00, 0, 1, 4, '2026-07-19 06:51:29', '2026-07-19 06:51:29'),
(158, 56, 'Small', 'none', 0.00, 1, 1, 0, '2026-07-19 06:53:19', '2026-08-14 00:42:06'),
(159, 56, 'Large', 'add', 55.00, 0, 1, 1, '2026-07-19 06:53:19', '2026-08-14 00:42:06'),
(160, 57, 'Small', 'none', 0.00, 1, 1, 0, '2026-07-19 06:53:19', '2026-08-07 10:08:52'),
(161, 57, 'Large', 'add', 40.00, 0, 1, 1, '2026-07-19 06:53:19', '2026-08-07 10:08:52'),
(162, 58, 'Small', 'none', 0.00, 1, 1, 1, '2026-07-19 06:53:19', '2026-07-19 06:53:19'),
(163, 58, 'Large', 'add', 40.00, 0, 1, 2, '2026-07-19 06:53:19', '2026-07-19 06:53:19'),
(164, 59, 'Small', 'none', 0.00, 1, 1, 1, '2026-07-19 06:53:19', '2026-07-19 06:53:19'),
(165, 59, 'Large', 'add', 30.00, 0, 1, 2, '2026-07-19 06:53:19', '2026-07-19 06:53:19'),
(166, 60, 'Small', 'none', 0.00, 1, 1, 1, '2026-07-19 06:53:19', '2026-07-19 06:53:19'),
(167, 60, 'Large', 'add', 50.00, 0, 1, 2, '2026-07-19 06:53:19', '2026-07-19 06:53:19'),
(168, 61, 'Strawberry', 'none', 0.00, 1, 1, 1, '2026-07-19 06:57:34', '2026-07-19 06:57:34'),
(169, 61, 'Taro', 'none', 0.00, 0, 1, 2, '2026-07-19 06:57:34', '2026-07-19 06:57:34'),
(170, 61, 'Melon', 'none', 0.00, 0, 1, 3, '2026-07-19 06:57:34', '2026-07-19 06:57:34'),
(171, 61, 'Mango', 'none', 0.00, 0, 1, 4, '2026-07-19 06:57:34', '2026-07-19 06:57:34'),
(172, 61, 'Lychee', 'none', 0.00, 0, 1, 5, '2026-07-19 06:57:34', '2026-07-19 06:57:34'),
(173, 61, 'Passionfruit', 'none', 0.00, 0, 1, 6, '2026-07-19 06:57:34', '2026-07-19 06:57:34'),
(174, 62, '16oz', 'none', 0.00, 1, 1, 1, '2026-07-19 06:57:34', '2026-07-19 06:57:34'),
(175, 62, '22oz', 'add', 10.00, 0, 1, 2, '2026-07-19 06:57:34', '2026-07-19 06:57:34'),
(176, 63, 'Okinawa', 'none', 0.00, 1, 1, 0, '2026-07-19 06:59:15', '2026-08-13 09:36:05'),
(177, 63, 'Winter Melon', 'none', 0.00, 0, 1, 1, '2026-07-19 06:59:15', '2026-08-13 09:36:05'),
(178, 63, 'Chocolate', 'none', 0.00, 0, 1, 2, '2026-07-19 06:59:15', '2026-08-13 09:36:05'),
(179, 63, 'Matcha', 'none', 0.00, 0, 1, 3, '2026-07-19 06:59:15', '2026-08-13 09:36:05'),
(180, 63, 'Dark Chocolate', 'none', 0.00, 0, 1, 4, '2026-07-19 06:59:15', '2026-08-13 09:36:05'),
(181, 63, 'Red Velvet', 'none', 0.00, 0, 1, 5, '2026-07-19 06:59:15', '2026-08-13 09:36:05'),
(182, 63, 'Java Chip', 'none', 0.00, 0, 1, 6, '2026-07-19 06:59:15', '2026-08-13 09:36:05'),
(183, 63, 'Hokkaido', 'none', 0.00, 0, 1, 7, '2026-07-19 06:59:15', '2026-08-13 09:36:05'),
(184, 63, 'Cheesecake', 'none', 0.00, 0, 1, 8, '2026-07-19 06:59:15', '2026-08-13 09:36:05'),
(185, 63, 'Salted Caramel', 'none', 0.00, 0, 1, 9, '2026-07-19 06:59:15', '2026-08-13 09:36:05'),
(186, 63, 'Brown Sugar', 'none', 0.00, 0, 1, 10, '2026-07-19 06:59:15', '2026-08-13 09:36:05'),
(187, 63, 'Cookies & Cream', 'none', 0.00, 0, 1, 11, '2026-07-19 06:59:15', '2026-08-13 09:36:05'),
(188, 63, 'Milk Chocolate', 'none', 0.00, 0, 1, 12, '2026-07-19 06:59:15', '2026-08-13 09:36:05'),
(189, 63, 'Vanilla', 'none', 0.00, 0, 1, 13, '2026-07-19 06:59:15', '2026-08-13 09:36:05'),
(190, 63, 'Caramel', 'none', 0.00, 0, 1, 14, '2026-07-19 06:59:15', '2026-08-13 09:36:05'),
(191, 64, '16oz', 'none', 0.00, 1, 1, 0, '2026-07-19 06:59:15', '2026-08-13 09:36:05'),
(192, 64, '22oz', 'add', 10.00, 0, 1, 1, '2026-07-19 06:59:15', '2026-08-13 09:36:05'),
(193, 65, 'Iced Almond Latte', 'none', 0.00, 1, 1, 1, '2026-07-19 07:01:06', '2026-07-19 07:01:06'),
(194, 65, 'Iced Caramel Latte', 'none', 0.00, 0, 1, 2, '2026-07-19 07:01:06', '2026-07-19 07:01:06'),
(195, 65, 'Iced Matcha Latte', 'none', 0.00, 0, 1, 3, '2026-07-19 07:01:06', '2026-07-19 07:01:06'),
(196, 65, 'Iced Salted Caramel Latte', 'none', 0.00, 0, 1, 4, '2026-07-19 07:01:06', '2026-07-19 07:01:06'),
(197, 65, 'Iced Vanilla Latte', 'none', 0.00, 0, 1, 5, '2026-07-19 07:01:06', '2026-07-19 07:01:06'),
(198, 65, 'Iced Butterscotch Latte', 'none', 0.00, 0, 1, 6, '2026-07-19 07:01:06', '2026-07-19 07:01:06'),
(199, 65, 'Iced Brown Sugar Latte', 'none', 0.00, 0, 1, 7, '2026-07-19 07:01:06', '2026-07-19 07:01:06'),
(200, 65, 'Iced Strawberry Latte', 'none', 0.00, 0, 1, 8, '2026-07-19 07:01:06', '2026-07-19 07:01:06'),
(201, 65, 'Iced Cookies & Cream Latte', 'none', 0.00, 0, 1, 9, '2026-07-19 07:01:06', '2026-07-19 07:01:06'),
(202, 65, 'Iced Ube Latte', 'none', 0.00, 0, 1, 10, '2026-07-19 07:01:06', '2026-07-19 07:01:06'),
(203, 65, 'Iced Hazelnut Latte', 'none', 0.00, 0, 1, 11, '2026-07-19 07:01:06', '2026-07-19 07:01:06'),
(204, 66, 'Iced Almond Macchiato', 'none', 0.00, 1, 1, 1, '2026-07-19 07:04:13', '2026-07-19 07:04:13'),
(205, 66, 'Iced Caramel Macchiato', 'none', 0.00, 0, 1, 2, '2026-07-19 07:04:13', '2026-07-19 07:04:13'),
(206, 66, 'Iced Salted Caramel Macchiato', 'none', 0.00, 0, 1, 3, '2026-07-19 07:04:13', '2026-07-19 07:04:13'),
(207, 66, 'Iced Chocolate Peppermint', 'none', 0.00, 0, 1, 4, '2026-07-19 07:04:13', '2026-07-19 07:04:13'),
(208, 66, 'Iced Vanilla Macchiato', 'none', 0.00, 0, 1, 5, '2026-07-19 07:04:13', '2026-07-19 07:04:13'),
(209, 66, 'Iced Hazelnut Macchiato', 'none', 0.00, 0, 1, 6, '2026-07-19 07:04:13', '2026-07-19 07:04:13'),
(210, 66, 'Iced Butterscotch Macchiato', 'none', 0.00, 0, 1, 7, '2026-07-19 07:04:13', '2026-07-19 07:04:13'),
(211, 66, 'Iced Matcha Macchiato', 'none', 0.00, 0, 1, 8, '2026-07-19 07:04:13', '2026-07-19 07:04:13'),
(212, 66, 'Iced Brown Sugar Macchiato', 'none', 0.00, 0, 1, 9, '2026-07-19 07:04:13', '2026-07-19 07:04:13'),
(213, 66, 'Iced Strawberry Macchiato', 'none', 0.00, 0, 1, 10, '2026-07-19 07:04:13', '2026-07-19 07:04:13'),
(214, 66, 'Iced Ube Macchiato', 'none', 0.00, 0, 1, 11, '2026-07-19 07:04:13', '2026-07-19 07:04:13'),
(215, 66, 'Iced Taro Macchiato', 'none', 0.00, 0, 1, 12, '2026-07-19 07:04:13', '2026-07-19 07:04:13'),
(216, 66, 'Iced Cookies & Cream Macchiato', 'none', 0.00, 0, 1, 13, '2026-07-19 07:04:13', '2026-07-19 07:04:13'),
(217, 67, 'Single', 'none', 0.00, 1, 1, 1, '2026-07-19 07:11:33', '2026-07-19 07:11:33'),
(218, 67, 'Tower', 'add', 130.00, 0, 1, 2, '2026-07-19 07:11:33', '2026-07-19 07:11:33'),
(219, 68, 'Single', 'none', 0.00, 1, 1, 1, '2026-07-19 07:11:33', '2026-07-19 07:11:33'),
(220, 68, 'Tower', 'add', 130.00, 0, 1, 2, '2026-07-19 07:11:33', '2026-07-19 07:11:33'),
(221, 69, 'Single', 'none', 0.00, 1, 1, 1, '2026-07-19 07:11:33', '2026-07-19 07:11:33'),
(222, 69, 'Tower', 'add', 140.00, 0, 1, 2, '2026-07-19 07:11:33', '2026-07-19 07:11:33'),
(223, 70, 'Single', 'none', 0.00, 1, 1, 1, '2026-07-19 07:11:33', '2026-07-19 07:11:33'),
(224, 70, 'Tower', 'add', 130.00, 0, 1, 2, '2026-07-19 07:11:33', '2026-07-19 07:11:33'),
(225, 71, 'Single', 'none', 0.00, 1, 1, 1, '2026-07-19 07:11:33', '2026-07-19 07:11:33'),
(226, 71, 'Tower', 'add', 130.00, 0, 1, 2, '2026-07-19 07:11:33', '2026-07-19 07:11:33'),
(227, 72, 'Single', 'none', 0.00, 1, 1, 1, '2026-07-19 07:11:33', '2026-07-19 07:11:33'),
(228, 72, 'Tower', 'add', 130.00, 0, 1, 2, '2026-07-19 07:11:33', '2026-07-19 07:11:33'),
(229, 73, 'Single', 'none', 0.00, 1, 1, 1, '2026-07-19 07:11:33', '2026-07-19 07:11:33'),
(230, 73, 'Tower', 'add', 130.00, 0, 1, 2, '2026-07-19 07:11:33', '2026-07-19 07:11:33'),
(231, 74, 'Single', 'none', 0.00, 1, 1, 1, '2026-07-19 07:11:33', '2026-07-19 07:11:33'),
(232, 74, 'Tower', 'add', 130.00, 0, 1, 2, '2026-07-19 07:11:33', '2026-07-19 07:11:33'),
(233, 75, 'Single', 'none', 0.00, 1, 1, 1, '2026-07-19 07:11:33', '2026-07-19 07:11:33'),
(234, 75, 'Tower', 'add', 130.00, 0, 1, 2, '2026-07-19 07:11:33', '2026-07-19 07:11:33'),
(235, 76, 'Single', 'none', 0.00, 1, 1, 1, '2026-07-19 07:11:33', '2026-07-19 07:11:33'),
(236, 76, 'Tower', 'add', 120.00, 0, 1, 2, '2026-07-19 07:11:33', '2026-07-19 07:11:33'),
(237, 77, 'Single', 'none', 0.00, 1, 1, 1, '2026-07-19 07:11:33', '2026-07-19 07:11:33'),
(238, 77, 'Tower', 'add', 140.00, 0, 1, 2, '2026-07-19 07:11:33', '2026-07-19 07:11:33'),
(239, 78, 'Single', 'none', 0.00, 1, 1, 1, '2026-07-19 07:11:33', '2026-07-19 07:11:33'),
(240, 78, 'Tower', 'add', 130.00, 0, 1, 2, '2026-07-19 07:11:33', '2026-07-19 07:11:33'),
(241, 79, 'Single', 'none', 0.00, 1, 1, 1, '2026-07-19 07:11:33', '2026-07-19 07:11:33'),
(242, 79, 'Tower', 'add', 140.00, 0, 1, 2, '2026-07-19 07:11:33', '2026-07-19 07:11:33'),
(243, 80, 'Miki', 'none', 0.00, 1, 1, 0, '2026-07-19 07:15:50', '2026-07-19 14:22:43'),
(244, 80, 'Canton', 'add', 50.00, 0, 1, 1, '2026-07-19 07:15:50', '2026-07-19 14:22:43'),
(245, 80, 'Spag', 'add', 90.00, 0, 1, 2, '2026-07-19 07:15:50', '2026-07-19 14:24:34'),
(246, 80, 'Sotanghon', 'add', 50.00, 0, 1, 3, '2026-07-19 07:15:50', '2026-07-19 14:23:31'),
(247, 80, 'Bihon', 'none', 0.00, 0, 1, 4, '2026-07-19 07:15:50', '2026-07-19 14:22:43'),
(248, 80, 'Palabok', 'add', 90.00, 0, 1, 5, '2026-07-19 07:15:50', '2026-07-19 14:24:34'),
(249, 80, 'Biko', 'add', 50.00, 0, 1, 6, '2026-07-19 07:15:50', '2026-07-19 14:22:43'),
(250, 80, 'Maja', 'add', 90.00, 0, 1, 7, '2026-07-19 07:15:50', '2026-07-19 14:24:34'),
(251, 80, 'Mix Pancit', 'add', 50.00, 0, 1, 8, '2026-07-19 07:15:50', '2026-07-19 14:23:31'),
(252, 80, 'Carbonara', 'add', 90.00, 0, 1, 9, '2026-07-19 07:15:50', '2026-07-19 14:22:43'),
(253, 81, 'Miki', 'none', 0.00, 1, 1, 0, '2026-07-19 07:15:50', '2026-07-19 14:26:39'),
(254, 81, 'Canton', 'add', 100.00, 0, 1, 1, '2026-07-19 07:15:50', '2026-07-19 14:26:39'),
(255, 81, 'Spag', 'add', 200.00, 0, 1, 2, '2026-07-19 07:15:50', '2026-07-19 14:26:39'),
(256, 81, 'Sotanghon', 'add', 100.00, 0, 1, 3, '2026-07-19 07:15:50', '2026-07-19 14:26:39'),
(257, 81, 'Bihon', 'none', 0.00, 0, 1, 4, '2026-07-19 07:15:50', '2026-07-19 14:26:39'),
(258, 81, 'Palabok', 'add', 200.00, 0, 1, 5, '2026-07-19 07:15:50', '2026-07-19 14:26:39'),
(259, 81, 'Biko', 'add', 100.00, 0, 1, 6, '2026-07-19 07:15:50', '2026-07-19 14:26:39'),
(260, 81, 'Maja', 'add', 200.00, 0, 1, 7, '2026-07-19 07:15:50', '2026-07-19 14:26:39'),
(261, 81, 'Mix Pancit', 'add', 100.00, 0, 1, 8, '2026-07-19 07:15:50', '2026-07-19 14:26:39'),
(262, 81, 'Carbonara', 'add', 200.00, 0, 1, 9, '2026-07-19 07:15:50', '2026-07-19 14:26:39'),
(263, 82, 'Miki', 'none', 0.00, 1, 1, 0, '2026-07-19 07:15:50', '2026-07-19 14:29:28'),
(264, 82, 'Canton', 'add', 100.00, 0, 1, 1, '2026-07-19 07:15:50', '2026-07-19 14:29:28'),
(265, 82, 'Spag', 'add', 200.00, 0, 1, 2, '2026-07-19 07:15:50', '2026-07-19 14:29:28'),
(266, 82, 'Sotanghon', 'add', 100.00, 0, 1, 3, '2026-07-19 07:15:50', '2026-07-19 14:29:28'),
(267, 82, 'Bihon', 'none', 0.00, 0, 1, 4, '2026-07-19 07:15:50', '2026-07-19 14:29:28'),
(268, 82, 'Palabok', 'add', 200.00, 0, 1, 5, '2026-07-19 07:15:50', '2026-07-19 14:29:28'),
(269, 82, 'Biko', 'add', 100.00, 0, 1, 6, '2026-07-19 07:15:50', '2026-07-19 14:29:28'),
(270, 82, 'Maja', 'add', 200.00, 0, 1, 7, '2026-07-19 07:15:50', '2026-07-19 14:29:28'),
(271, 82, 'Mix Pancit', 'add', 100.00, 0, 1, 8, '2026-07-19 07:15:50', '2026-07-19 14:29:28'),
(272, 82, 'Carbonara', 'add', 200.00, 0, 1, 9, '2026-07-19 07:15:50', '2026-07-19 14:29:28'),
(273, 83, 'Miki', 'none', 0.00, 1, 1, 0, '2026-07-19 07:15:50', '2026-07-19 14:31:24'),
(274, 83, 'Canton', 'add', 200.00, 0, 1, 1, '2026-07-19 07:15:50', '2026-07-19 14:31:24'),
(275, 83, 'Spag', 'add', 500.00, 0, 1, 2, '2026-07-19 07:15:50', '2026-07-19 14:31:24'),
(276, 83, 'Sotanghon', 'add', 200.00, 0, 1, 3, '2026-07-19 07:15:50', '2026-07-19 14:31:24'),
(277, 83, 'Bihon', 'none', 0.00, 0, 1, 4, '2026-07-19 07:15:50', '2026-07-19 14:31:24'),
(278, 83, 'Palabok', 'add', 500.00, 0, 1, 5, '2026-07-19 07:15:50', '2026-07-19 14:31:24'),
(279, 83, 'Biko', 'add', 200.00, 0, 1, 6, '2026-07-19 07:15:50', '2026-07-19 14:31:24'),
(280, 83, 'Maja', 'add', 500.00, 0, 1, 7, '2026-07-19 07:15:50', '2026-07-19 14:31:24'),
(281, 83, 'Mix Pancit', 'add', 200.00, 0, 1, 8, '2026-07-19 07:15:50', '2026-07-19 14:31:24'),
(282, 83, 'Carbonara', 'add', 500.00, 0, 1, 9, '2026-07-19 07:15:50', '2026-07-19 14:31:24'),
(283, 84, 'Miki', 'none', 0.00, 1, 1, 0, '2026-07-19 07:15:50', '2026-07-19 14:33:27'),
(284, 84, 'Canton', 'add', 300.00, 0, 1, 1, '2026-07-19 07:15:50', '2026-07-19 14:33:27'),
(285, 84, 'Spag', 'add', 600.00, 0, 1, 2, '2026-07-19 07:15:50', '2026-07-19 14:33:27'),
(286, 84, 'Sotanghon', 'add', 300.00, 0, 1, 3, '2026-07-19 07:15:50', '2026-07-19 14:33:27'),
(287, 84, 'Bihon', 'none', 0.00, 0, 1, 4, '2026-07-19 07:15:50', '2026-07-19 14:33:27'),
(288, 84, 'Palabok', 'add', 600.00, 0, 1, 5, '2026-07-19 07:15:50', '2026-07-19 14:33:27'),
(289, 84, 'Biko', 'add', 300.00, 0, 1, 6, '2026-07-19 07:15:50', '2026-07-19 14:33:27'),
(290, 84, 'Maja', 'add', 600.00, 0, 1, 7, '2026-07-19 07:15:50', '2026-07-19 14:33:27'),
(291, 84, 'Mix Pancit', 'add', 300.00, 0, 1, 8, '2026-07-19 07:15:50', '2026-07-19 14:33:27'),
(292, 84, 'Carbonara', 'add', 600.00, 0, 1, 9, '2026-07-19 07:15:50', '2026-07-19 14:33:27'),
(293, 85, 'Miki', 'none', 0.00, 1, 1, 0, '2026-07-19 07:15:50', '2026-07-19 14:34:45'),
(294, 85, 'Canton', 'add', 300.00, 0, 1, 1, '2026-07-19 07:15:50', '2026-07-19 14:34:45'),
(295, 85, 'Spag', 'add', 700.00, 0, 1, 2, '2026-07-19 07:15:50', '2026-07-19 14:34:45'),
(296, 85, 'Sotanghon', 'add', 300.00, 0, 1, 3, '2026-07-19 07:15:50', '2026-07-19 14:34:45'),
(297, 85, 'Bihon', 'none', 0.00, 0, 1, 4, '2026-07-19 07:15:50', '2026-07-19 14:34:45'),
(298, 85, 'Palabok', 'add', 700.00, 0, 1, 5, '2026-07-19 07:15:50', '2026-07-19 14:34:45'),
(299, 85, 'Biko', 'add', 300.00, 0, 1, 6, '2026-07-19 07:15:50', '2026-07-19 14:34:45'),
(300, 85, 'Maja', 'add', 700.00, 0, 1, 7, '2026-07-19 07:15:50', '2026-07-19 14:34:45'),
(301, 85, 'Mix Pancit', 'add', 300.00, 0, 1, 8, '2026-07-19 07:15:50', '2026-07-19 14:34:45'),
(302, 85, 'Carbonara', 'add', 700.00, 0, 1, 9, '2026-07-19 07:15:50', '2026-07-19 14:34:45'),
(303, 86, 'Regular', 'none', 0.00, 1, 1, 0, '2026-07-19 07:39:44', '2026-08-10 14:18:41'),
(304, 86, 'Special', 'add', 80.00, 0, 1, 1, '2026-07-19 07:39:44', '2026-08-10 14:18:41'),
(305, 87, 'Regular', 'none', 0.00, 1, 1, 0, '2026-07-19 07:39:44', '2026-08-10 14:18:52'),
(306, 87, 'Special', 'add', 80.00, 0, 1, 1, '2026-07-19 07:39:44', '2026-08-10 14:18:52'),
(307, 88, 'Regular', 'none', 0.00, 1, 1, 0, '2026-07-19 07:39:44', '2026-08-10 14:19:06'),
(308, 88, 'Special', 'add', 80.00, 0, 1, 1, '2026-07-19 07:39:44', '2026-08-10 14:19:06'),
(309, 89, 'Regular', 'none', 0.00, 1, 1, 0, '2026-07-19 07:39:44', '2026-08-10 14:19:26'),
(310, 89, 'Special', 'add', 80.00, 0, 1, 1, '2026-07-19 07:39:44', '2026-08-10 14:19:26'),
(311, 90, 'Regular', 'none', 0.00, 1, 1, 0, '2026-07-19 07:39:44', '2026-08-10 14:20:22'),
(312, 90, 'Special', 'add', 80.00, 0, 1, 1, '2026-07-19 07:39:44', '2026-08-10 14:20:22'),
(313, 91, 'Regular', 'none', 0.00, 1, 1, 0, '2026-07-19 07:39:44', '2026-08-10 14:20:37'),
(314, 91, 'Special', 'add', 80.00, 0, 1, 1, '2026-07-19 07:39:44', '2026-08-10 14:20:37'),
(315, 92, 'Regular', 'none', 0.00, 1, 1, 0, '2026-07-19 07:39:44', '2026-07-19 14:47:13'),
(316, 92, 'Special', 'add', 90.00, 0, 1, 1, '2026-07-19 07:39:44', '2026-07-19 14:47:13'),
(317, 93, 'Regular', 'none', 0.00, 1, 1, 0, '2026-07-19 07:39:44', '2026-07-19 14:46:42'),
(318, 93, 'Special', 'add', 100.00, 0, 1, 1, '2026-07-19 07:39:44', '2026-07-19 14:46:42'),
(1968, 439, 'Add-on', 'none', 0.00, 1, 1, 0, '2026-08-15 18:20:10', '2026-08-15 18:20:10'),
(331, 100, 'Cheese', 'none', 0.00, 1, 1, 1, '2026-07-19 07:57:55', '2026-07-19 07:57:55'),
(321, 95, 'Regular', 'none', 0.00, 1, 1, 0, '2026-07-19 07:39:44', '2026-07-19 14:44:48'),
(322, 95, 'Special', 'add', 70.00, 0, 1, 1, '2026-07-19 07:39:44', '2026-07-19 14:44:48'),
(323, 96, 'Regular', 'none', 0.00, 1, 1, 0, '2026-07-19 07:39:44', '2026-08-10 14:23:18'),
(324, 96, 'Special', 'add', 70.00, 0, 1, 1, '2026-07-19 07:39:44', '2026-08-10 14:23:18'),
(325, 97, 'Regular', 'none', 0.00, 1, 1, 0, '2026-07-19 07:39:44', '2026-08-10 14:23:31'),
(326, 97, 'Special', 'add', 70.00, 0, 1, 1, '2026-07-19 07:39:44', '2026-08-10 14:23:31'),
(327, 98, 'Regular', 'none', 0.00, 1, 1, 0, '2026-07-19 07:39:44', '2026-08-10 14:23:48'),
(328, 98, 'Special', 'add', 80.00, 0, 1, 1, '2026-07-19 07:39:44', '2026-08-10 14:23:48'),
(329, 99, 'Regular', 'none', 0.00, 1, 1, 0, '2026-07-19 07:39:44', '2026-08-10 14:23:59'),
(330, 99, 'Special', 'add', 30.00, 0, 1, 1, '2026-07-19 07:39:44', '2026-08-10 14:23:59'),
(332, 100, 'Sour Cream', 'none', 0.00, 0, 1, 2, '2026-07-19 07:57:55', '2026-07-19 07:57:55'),
(333, 100, 'Barbeque', 'none', 0.00, 0, 1, 3, '2026-07-19 07:57:55', '2026-07-19 07:57:55'),
(334, 100, 'Garlic Parmesan', 'none', 0.00, 0, 1, 4, '2026-07-19 07:57:55', '2026-07-19 07:57:55'),
(335, 101, 'Steamed', 'none', 0.00, 1, 1, 1, '2026-07-19 07:57:55', '2026-07-19 07:57:55'),
(336, 101, 'Fried', 'none', 0.00, 0, 1, 2, '2026-07-19 07:57:55', '2026-07-19 07:57:55'),
(337, 102, 'Steamed', 'none', 0.00, 1, 1, 1, '2026-07-19 07:57:55', '2026-07-19 07:57:55'),
(338, 102, 'Fried', 'none', 0.00, 0, 1, 2, '2026-07-19 07:57:55', '2026-07-19 07:57:55'),
(339, 103, 'Cheese', 'none', 0.00, 1, 1, 0, '2026-07-19 08:02:39', '2026-08-14 01:36:21'),
(340, 103, 'Sour Cream', 'none', 0.00, 0, 1, 1, '2026-07-19 08:02:39', '2026-08-14 01:36:21'),
(341, 103, 'Barbeque', 'none', 0.00, 0, 1, 2, '2026-07-19 08:02:39', '2026-08-14 01:36:21'),
(342, 103, 'Garlic Parmesan', 'none', 0.00, 0, 1, 3, '2026-07-19 08:02:39', '2026-08-14 01:36:21'),
(343, 104, 'Cheese', 'none', 0.00, 1, 1, 0, '2026-07-19 08:02:39', '2026-08-14 01:37:27'),
(344, 104, 'Sour Cream', 'none', 0.00, 0, 1, 1, '2026-07-19 08:02:39', '2026-08-14 01:37:27'),
(345, 104, 'Barbeque', 'none', 0.00, 0, 1, 2, '2026-07-19 08:02:39', '2026-08-14 01:37:27'),
(346, 104, 'Garlic Parmesan', 'none', 0.00, 0, 1, 3, '2026-07-19 08:02:39', '2026-08-14 01:37:27'),
(347, 105, 'Cheese', 'none', 0.00, 1, 1, 0, '2026-07-19 08:02:39', '2026-08-14 01:38:36'),
(348, 105, 'Sour Cream', 'none', 0.00, 0, 1, 1, '2026-07-19 08:02:39', '2026-08-14 01:38:36'),
(349, 105, 'Barbeque', 'none', 0.00, 0, 1, 2, '2026-07-19 08:02:39', '2026-08-14 01:38:36'),
(350, 105, 'Garlic Parmesan', 'none', 0.00, 0, 1, 3, '2026-07-19 08:02:39', '2026-08-14 01:38:36'),
(382, 122, 'May Kalaguyo', 'none', 0.00, 1, 1, 1, '2026-07-19 08:15:02', '2026-07-19 08:15:02'),
(381, 121, 'May Kalaguyo', 'none', 0.00, 1, 1, 1, '2026-07-19 08:15:02', '2026-07-19 08:15:02'),
(380, 120, 'May Kalaguyo', 'add', 450.00, 0, 1, 2, '2026-07-19 08:11:47', '2026-07-19 08:11:47'),
(379, 120, 'Mag-Isa', 'none', 0.00, 1, 1, 1, '2026-07-19 08:11:47', '2026-07-19 08:11:47'),
(378, 119, 'May Kalaguyo', 'add', 60.00, 0, 1, 2, '2026-07-19 08:11:47', '2026-07-19 08:11:47'),
(377, 119, 'Mag-Isa', 'none', 0.00, 1, 1, 1, '2026-07-19 08:11:47', '2026-07-19 08:11:47'),
(376, 118, 'May Kalaguyo', 'add', 191.00, 0, 1, 2, '2026-07-19 08:11:47', '2026-07-19 08:11:47'),
(375, 118, 'Mag-Isa', 'none', 0.00, 1, 1, 1, '2026-07-19 08:11:47', '2026-07-19 08:11:47'),
(374, 117, 'May Kalaguyo', 'add', 250.00, 0, 1, 2, '2026-07-19 08:11:47', '2026-07-19 08:11:47'),
(373, 117, 'Mag-Isa', 'none', 0.00, 1, 1, 1, '2026-07-19 08:11:47', '2026-07-19 08:11:47'),
(372, 116, 'May Kalaguyo', 'add', 340.00, 0, 1, 2, '2026-07-19 08:11:47', '2026-07-19 08:11:47'),
(371, 116, 'Mag-Isa', 'none', 0.00, 1, 1, 1, '2026-07-19 08:11:47', '2026-07-19 08:11:47'),
(370, 115, 'May Kalaguyo', 'add', 370.00, 0, 1, 2, '2026-07-19 08:11:47', '2026-07-19 08:11:47'),
(369, 115, 'Mag-Isa', 'none', 0.00, 1, 1, 1, '2026-07-19 08:11:47', '2026-07-19 08:11:47'),
(368, 114, 'May Kalaguyo', 'add', 170.00, 0, 1, 2, '2026-07-19 08:11:47', '2026-07-19 08:11:47'),
(367, 114, 'Mag-Isa', 'none', 0.00, 1, 1, 1, '2026-07-19 08:11:47', '2026-07-19 08:11:47'),
(366, 113, 'May Kalaguyo', 'add', 280.00, 0, 1, 2, '2026-07-19 08:11:47', '2026-07-19 08:11:47'),
(365, 113, 'Mag-Isa', 'none', 0.00, 1, 1, 1, '2026-07-19 08:11:47', '2026-07-19 08:11:47'),
(364, 112, 'May Kalaguyo', 'add', 300.00, 0, 1, 2, '2026-07-19 08:11:47', '2026-07-19 08:11:47'),
(363, 112, 'Mag-Isa', 'none', 0.00, 1, 1, 1, '2026-07-19 08:11:47', '2026-07-19 08:11:47'),
(362, 111, 'May Kalaguyo', 'add', 300.00, 0, 1, 2, '2026-07-19 08:11:47', '2026-07-19 08:11:47'),
(361, 111, 'Mag-Isa', 'none', 0.00, 1, 1, 1, '2026-07-19 08:11:47', '2026-07-19 08:11:47'),
(360, 110, 'May Kalaguyo', 'add', 240.00, 0, 1, 2, '2026-07-19 08:11:47', '2026-07-19 08:11:47'),
(359, 110, 'Mag-Isa', 'none', 0.00, 1, 1, 1, '2026-07-19 08:11:47', '2026-07-19 08:11:47'),
(358, 109, 'May Kalaguyo', 'add', 270.00, 0, 1, 2, '2026-07-19 08:11:47', '2026-07-19 08:11:47'),
(357, 109, 'Mag-Isa', 'none', 0.00, 1, 1, 1, '2026-07-19 08:11:47', '2026-07-19 08:11:47'),
(356, 108, 'May Kalaguyo', 'add', 259.00, 0, 1, 2, '2026-07-19 08:11:47', '2026-07-19 08:11:47'),
(355, 108, 'Mag-Isa', 'none', 0.00, 1, 1, 1, '2026-07-19 08:11:47', '2026-07-19 08:11:47'),
(354, 107, 'May Kalaguyo', 'add', 390.00, 0, 1, 2, '2026-07-19 08:11:47', '2026-07-19 08:11:47'),
(353, 107, 'Mag-Isa', 'none', 0.00, 1, 1, 1, '2026-07-19 08:11:47', '2026-07-19 08:11:47'),
(352, 106, 'May Kalaguyo', 'add', 309.00, 0, 1, 2, '2026-07-19 08:11:47', '2026-07-19 08:11:47'),
(351, 106, 'Mag-Isa', 'none', 0.00, 1, 1, 1, '2026-07-19 08:11:47', '2026-07-19 08:11:47'),
(383, 123, 'Sweet Chili', 'none', 0.00, 1, 1, 0, '2026-07-19 08:20:24', '2026-08-14 00:59:23'),
(384, 123, 'Barbecue', 'none', 0.00, 0, 1, 1, '2026-07-19 08:20:24', '2026-08-14 00:59:23'),
(385, 123, 'Buffalo', 'none', 0.00, 0, 1, 2, '2026-07-19 08:20:24', '2026-08-14 00:59:23'),
(386, 123, 'Yangnyeom', 'none', 0.00, 0, 1, 3, '2026-07-19 08:20:24', '2026-08-14 00:59:23'),
(387, 123, 'Teriyaki', 'none', 0.00, 0, 1, 4, '2026-07-19 08:20:24', '2026-08-14 00:59:23'),
(388, 123, 'Lemon Glaze', 'none', 0.00, 0, 1, 5, '2026-07-19 08:20:24', '2026-08-14 00:59:23'),
(389, 123, 'Honey Butter', 'none', 0.00, 0, 1, 6, '2026-07-19 08:20:24', '2026-08-14 00:59:23'),
(390, 123, 'Soy Garlic', 'none', 0.00, 0, 1, 7, '2026-07-19 08:20:24', '2026-08-14 00:59:23'),
(391, 123, 'Garlic Parmesan Cheese', 'none', 0.00, 0, 1, 8, '2026-07-19 08:20:24', '2026-08-14 00:59:23'),
(392, 124, 'Sweet Chili', 'none', 0.00, 1, 1, 1, '2026-07-19 08:20:24', '2026-07-19 08:20:24'),
(393, 124, 'Barbecue', 'none', 0.00, 0, 1, 2, '2026-07-19 08:20:24', '2026-07-19 08:20:24'),
(394, 124, 'Buffalo', 'none', 0.00, 0, 1, 3, '2026-07-19 08:20:24', '2026-07-19 08:20:24'),
(395, 124, 'Yangnyeom', 'none', 0.00, 0, 1, 4, '2026-07-19 08:20:24', '2026-07-19 08:20:24'),
(396, 124, 'Teriyaki', 'none', 0.00, 0, 1, 5, '2026-07-19 08:20:24', '2026-07-19 08:20:24'),
(397, 124, 'Lemon Glaze', 'none', 0.00, 0, 1, 6, '2026-07-19 08:20:24', '2026-07-19 08:20:24'),
(398, 124, 'Honey Butter', 'none', 0.00, 0, 1, 7, '2026-07-19 08:20:24', '2026-07-19 08:20:24'),
(399, 124, 'Soy Garlic', 'none', 0.00, 0, 1, 8, '2026-07-19 08:20:24', '2026-07-19 08:20:24'),
(400, 124, 'Garlic Parmesan Cheese', 'none', 0.00, 0, 1, 9, '2026-07-19 08:20:24', '2026-07-19 08:20:24'),
(401, 125, 'Sweet Chili', 'none', 0.00, 1, 1, 1, '2026-07-19 08:20:24', '2026-07-19 08:20:24'),
(402, 125, 'Barbecue', 'none', 0.00, 0, 1, 2, '2026-07-19 08:20:24', '2026-07-19 08:20:24'),
(403, 125, 'Buffalo', 'none', 0.00, 0, 1, 3, '2026-07-19 08:20:24', '2026-07-19 08:20:24'),
(404, 125, 'Yangnyeom', 'none', 0.00, 0, 1, 4, '2026-07-19 08:20:24', '2026-07-19 08:20:24'),
(405, 125, 'Teriyaki', 'none', 0.00, 0, 1, 5, '2026-07-19 08:20:24', '2026-07-19 08:20:24'),
(406, 125, 'Lemon Glaze', 'none', 0.00, 0, 1, 6, '2026-07-19 08:20:24', '2026-07-19 08:20:24'),
(407, 125, 'Honey Butter', 'none', 0.00, 0, 1, 7, '2026-07-19 08:20:24', '2026-07-19 08:20:24'),
(408, 125, 'Soy Garlic', 'none', 0.00, 0, 1, 8, '2026-07-19 08:20:24', '2026-07-19 08:20:24'),
(409, 125, 'Garlic Parmesan Cheese', 'none', 0.00, 0, 1, 9, '2026-07-19 08:20:24', '2026-07-19 08:20:24'),
(410, 126, 'Sweet Chili', 'none', 0.00, 1, 1, 1, '2026-07-19 08:20:24', '2026-07-19 08:20:24'),
(411, 126, 'Barbecue', 'none', 0.00, 0, 1, 2, '2026-07-19 08:20:24', '2026-07-19 08:20:24'),
(412, 126, 'Buffalo', 'none', 0.00, 0, 1, 3, '2026-07-19 08:20:24', '2026-07-19 08:20:24'),
(413, 126, 'Yangnyeom', 'none', 0.00, 0, 1, 4, '2026-07-19 08:20:24', '2026-07-19 08:20:24'),
(414, 126, 'Teriyaki', 'none', 0.00, 0, 1, 5, '2026-07-19 08:20:24', '2026-07-19 08:20:24'),
(415, 126, 'Lemon Glaze', 'none', 0.00, 0, 1, 6, '2026-07-19 08:20:24', '2026-07-19 08:20:24'),
(416, 126, 'Honey Butter', 'none', 0.00, 0, 1, 7, '2026-07-19 08:20:24', '2026-07-19 08:20:24'),
(417, 126, 'Soy Garlic', 'none', 0.00, 0, 1, 8, '2026-07-19 08:20:24', '2026-07-19 08:20:24'),
(418, 126, 'Garlic Parmesan Cheese', 'none', 0.00, 0, 1, 9, '2026-07-19 08:20:24', '2026-07-19 08:20:24'),
(419, 127, 'Sweet Chili', 'none', 0.00, 1, 1, 1, '2026-07-19 08:20:24', '2026-07-19 08:20:24'),
(420, 127, 'Barbecue', 'none', 0.00, 0, 1, 2, '2026-07-19 08:20:24', '2026-07-19 08:20:24'),
(421, 127, 'Buffalo', 'none', 0.00, 0, 1, 3, '2026-07-19 08:20:24', '2026-07-19 08:20:24'),
(422, 127, 'Yangnyeom', 'none', 0.00, 0, 1, 4, '2026-07-19 08:20:24', '2026-07-19 08:20:24'),
(423, 127, 'Teriyaki', 'none', 0.00, 0, 1, 5, '2026-07-19 08:20:24', '2026-07-19 08:20:24'),
(424, 127, 'Lemon Glaze', 'none', 0.00, 0, 1, 6, '2026-07-19 08:20:24', '2026-07-19 08:20:24'),
(425, 127, 'Honey Butter', 'none', 0.00, 0, 1, 7, '2026-07-19 08:20:24', '2026-07-19 08:20:24'),
(426, 127, 'Soy Garlic', 'none', 0.00, 0, 1, 8, '2026-07-19 08:20:24', '2026-07-19 08:20:24'),
(427, 127, 'Garlic Parmesan Cheese', 'none', 0.00, 0, 1, 9, '2026-07-19 08:20:24', '2026-07-19 08:20:24'),
(428, 128, 'Sweet Chili', 'none', 0.00, 1, 1, 0, '2026-07-19 08:20:24', '2026-08-14 01:00:28'),
(429, 128, 'Barbecue', 'none', 0.00, 0, 1, 1, '2026-07-19 08:20:24', '2026-08-14 01:00:28'),
(430, 128, 'Buffalo', 'none', 0.00, 0, 1, 2, '2026-07-19 08:20:24', '2026-08-14 01:00:28'),
(431, 128, 'Yangnyeom', 'none', 0.00, 0, 1, 3, '2026-07-19 08:20:24', '2026-08-14 01:00:28'),
(432, 128, 'Teriyaki', 'none', 0.00, 0, 1, 4, '2026-07-19 08:20:24', '2026-08-14 01:00:28'),
(433, 128, 'Lemon Glaze', 'none', 0.00, 0, 1, 5, '2026-07-19 08:20:24', '2026-08-14 01:00:28'),
(434, 128, 'Honey Butter', 'none', 0.00, 0, 1, 6, '2026-07-19 08:20:24', '2026-08-14 01:00:28'),
(435, 128, 'Soy Garlic', 'none', 0.00, 0, 1, 7, '2026-07-19 08:20:24', '2026-08-14 01:00:28'),
(436, 128, 'Garlic Parmesan Cheese', 'none', 0.00, 0, 1, 8, '2026-07-19 08:20:24', '2026-08-14 01:00:28'),
(437, 129, 'Sweet Chili', 'none', 0.00, 1, 1, 1, '2026-07-19 08:20:24', '2026-07-19 08:20:24'),
(438, 129, 'Barbecue', 'none', 0.00, 0, 1, 2, '2026-07-19 08:20:24', '2026-07-19 08:20:24'),
(439, 129, 'Buffalo', 'none', 0.00, 0, 1, 3, '2026-07-19 08:20:24', '2026-07-19 08:20:24'),
(440, 129, 'Yangnyeom', 'none', 0.00, 0, 1, 4, '2026-07-19 08:20:24', '2026-07-19 08:20:24'),
(441, 129, 'Teriyaki', 'none', 0.00, 0, 1, 5, '2026-07-19 08:20:24', '2026-07-19 08:20:24'),
(442, 129, 'Lemon Glaze', 'none', 0.00, 0, 1, 6, '2026-07-19 08:20:24', '2026-07-19 08:20:24'),
(443, 129, 'Honey Butter', 'none', 0.00, 0, 1, 7, '2026-07-19 08:20:24', '2026-07-19 08:20:24'),
(444, 129, 'Soy Garlic', 'none', 0.00, 0, 1, 8, '2026-07-19 08:20:24', '2026-07-19 08:20:24'),
(445, 129, 'Garlic Parmesan Cheese', 'none', 0.00, 0, 1, 9, '2026-07-19 08:20:24', '2026-07-19 08:20:24'),
(446, 130, 'Sweet Chili', 'none', 0.00, 1, 1, 1, '2026-07-19 08:20:24', '2026-07-19 08:20:24'),
(447, 130, 'Barbecue', 'none', 0.00, 0, 1, 2, '2026-07-19 08:20:24', '2026-07-19 08:20:24'),
(448, 130, 'Buffalo', 'none', 0.00, 0, 1, 3, '2026-07-19 08:20:24', '2026-07-19 08:20:24'),
(449, 130, 'Yangnyeom', 'none', 0.00, 0, 1, 4, '2026-07-19 08:20:24', '2026-07-19 08:20:24'),
(450, 130, 'Teriyaki', 'none', 0.00, 0, 1, 5, '2026-07-19 08:20:24', '2026-07-19 08:20:24'),
(451, 130, 'Lemon Glaze', 'none', 0.00, 0, 1, 6, '2026-07-19 08:20:24', '2026-07-19 08:20:24'),
(452, 130, 'Honey Butter', 'none', 0.00, 0, 1, 7, '2026-07-19 08:20:24', '2026-07-19 08:20:24'),
(453, 130, 'Soy Garlic', 'none', 0.00, 0, 1, 8, '2026-07-19 08:20:24', '2026-07-19 08:20:24'),
(454, 130, 'Garlic Parmesan Cheese', 'none', 0.00, 0, 1, 9, '2026-07-19 08:20:24', '2026-07-19 08:20:24'),
(455, 131, 'Sweet Chili', 'none', 0.00, 1, 1, 1, '2026-07-19 08:20:24', '2026-07-19 08:20:24'),
(456, 131, 'Barbecue', 'none', 0.00, 0, 1, 2, '2026-07-19 08:20:24', '2026-07-19 08:20:24'),
(457, 131, 'Buffalo', 'none', 0.00, 0, 1, 3, '2026-07-19 08:20:24', '2026-07-19 08:20:24'),
(458, 131, 'Yangnyeom', 'none', 0.00, 0, 1, 4, '2026-07-19 08:20:24', '2026-07-19 08:20:24'),
(459, 131, 'Teriyaki', 'none', 0.00, 0, 1, 5, '2026-07-19 08:20:24', '2026-07-19 08:20:24'),
(460, 131, 'Lemon Glaze', 'none', 0.00, 0, 1, 6, '2026-07-19 08:20:24', '2026-07-19 08:20:24'),
(461, 131, 'Honey Butter', 'none', 0.00, 0, 1, 7, '2026-07-19 08:20:24', '2026-07-19 08:20:24'),
(462, 131, 'Soy Garlic', 'none', 0.00, 0, 1, 8, '2026-07-19 08:20:24', '2026-07-19 08:20:24'),
(463, 131, 'Garlic Parmesan Cheese', 'none', 0.00, 0, 1, 9, '2026-07-19 08:20:24', '2026-07-19 08:20:24'),
(464, 132, 'Sweet Chili', 'none', 0.00, 1, 1, 1, '2026-07-19 08:20:24', '2026-07-19 08:20:24'),
(465, 132, 'Barbecue', 'none', 0.00, 0, 1, 2, '2026-07-19 08:20:24', '2026-07-19 08:20:24'),
(466, 132, 'Buffalo', 'none', 0.00, 0, 1, 3, '2026-07-19 08:20:24', '2026-07-19 08:20:24'),
(467, 132, 'Yangnyeom', 'none', 0.00, 0, 1, 4, '2026-07-19 08:20:24', '2026-07-19 08:20:24'),
(468, 132, 'Teriyaki', 'none', 0.00, 0, 1, 5, '2026-07-19 08:20:24', '2026-07-19 08:20:24'),
(469, 132, 'Lemon Glaze', 'none', 0.00, 0, 1, 6, '2026-07-19 08:20:24', '2026-07-19 08:20:24'),
(470, 132, 'Honey Butter', 'none', 0.00, 0, 1, 7, '2026-07-19 08:20:24', '2026-07-19 08:20:24'),
(471, 132, 'Soy Garlic', 'none', 0.00, 0, 1, 8, '2026-07-19 08:20:24', '2026-07-19 08:20:24'),
(472, 132, 'Garlic Parmesan Cheese', 'none', 0.00, 0, 1, 9, '2026-07-19 08:20:24', '2026-07-19 08:20:24'),
(473, 133, 'No Spicy', 'none', 0.00, 1, 1, 0, '2026-07-19 08:20:24', '2026-08-14 01:00:28'),
(474, 133, 'Spicy', 'add', 10.00, 0, 1, 1, '2026-07-19 08:20:24', '2026-08-14 01:00:28'),
(475, 134, 'No Spicy', 'none', 0.00, 1, 1, 1, '2026-07-19 08:20:24', '2026-07-19 08:20:24'),
(476, 134, 'Spicy', 'add', 10.00, 0, 1, 2, '2026-07-19 08:20:24', '2026-07-19 08:20:24'),
(477, 135, 'No Spicy', 'none', 0.00, 1, 1, 1, '2026-07-19 08:20:24', '2026-07-19 08:20:24'),
(478, 135, 'Spicy', 'add', 10.00, 0, 1, 2, '2026-07-19 08:20:24', '2026-07-19 08:20:24'),
(479, 136, 'No Spicy', 'none', 0.00, 1, 1, 1, '2026-07-19 08:20:24', '2026-07-19 08:20:24'),
(480, 136, 'Spicy', 'add', 10.00, 0, 1, 2, '2026-07-19 08:20:24', '2026-07-19 08:20:24'),
(481, 137, 'No Spicy', 'none', 0.00, 1, 1, 1, '2026-07-19 08:20:24', '2026-07-19 08:20:24'),
(482, 137, 'Spicy', 'add', 10.00, 0, 1, 2, '2026-07-19 08:20:24', '2026-07-19 08:20:24'),
(483, 138, 'Nuggets', 'none', 0.00, 1, 1, 1, '2026-07-19 08:37:32', '2026-07-19 08:37:32'),
(484, 138, 'Ham', 'none', 0.00, 0, 1, 2, '2026-07-19 08:37:32', '2026-07-19 08:37:32'),
(485, 138, 'Fried Egg', 'none', 0.00, 0, 1, 3, '2026-07-19 08:37:32', '2026-07-19 08:37:32'),
(486, 138, 'Balony', 'none', 0.00, 0, 1, 4, '2026-07-19 08:37:32', '2026-07-19 08:37:32'),
(487, 138, 'Spam', 'none', 0.00, 0, 1, 5, '2026-07-19 08:37:32', '2026-07-19 08:37:32'),
(488, 138, 'Fried Siomai', 'none', 0.00, 0, 1, 6, '2026-07-19 08:37:32', '2026-07-19 08:37:32'),
(489, 138, 'Lumpia Shanghai', 'none', 0.00, 0, 1, 7, '2026-07-19 08:37:32', '2026-07-19 08:37:32'),
(490, 138, 'Steam Siomai', 'none', 0.00, 0, 1, 8, '2026-07-19 08:37:32', '2026-07-19 08:37:32'),
(491, 138, 'Corned Beef', 'none', 0.00, 0, 1, 9, '2026-07-19 08:37:32', '2026-07-19 08:37:32'),
(492, 138, 'Hotdog Balls', 'none', 0.00, 0, 1, 10, '2026-07-19 08:37:32', '2026-07-19 08:37:32'),
(493, 139, 'Barbecue', 'none', 0.00, 1, 1, 1, '2026-07-19 08:37:32', '2026-07-19 08:37:32'),
(494, 139, 'Buffalo', 'none', 0.00, 0, 1, 2, '2026-07-19 08:37:32', '2026-07-19 08:37:32'),
(495, 139, 'Chili Sauce', 'none', 0.00, 0, 1, 3, '2026-07-19 08:37:32', '2026-07-19 08:37:32'),
(496, 139, 'Sweet and Sour', 'none', 0.00, 0, 1, 4, '2026-07-19 08:37:32', '2026-07-19 08:37:32'),
(497, 139, 'Sweet Chili', 'none', 0.00, 0, 1, 5, '2026-07-19 08:37:32', '2026-07-19 08:37:32'),
(498, 139, 'Yangyeom', 'none', 0.00, 0, 1, 6, '2026-07-19 08:37:32', '2026-07-19 08:37:32'),
(499, 139, 'Honey Butter', 'none', 0.00, 0, 1, 7, '2026-07-19 08:37:32', '2026-07-19 08:37:32'),
(500, 139, 'Teriyaki', 'none', 0.00, 0, 1, 8, '2026-07-19 08:37:32', '2026-07-19 08:37:32'),
(501, 139, 'Soy Garlic', 'none', 0.00, 0, 1, 9, '2026-07-19 08:37:32', '2026-07-19 08:37:32'),
(502, 140, 'Barbecue', 'none', 0.00, 1, 1, 1, '2026-07-19 08:37:32', '2026-07-19 08:37:32'),
(503, 140, 'Buffalo', 'none', 0.00, 0, 1, 2, '2026-07-19 08:37:32', '2026-07-19 08:37:32'),
(504, 140, 'Chili Sauce', 'none', 0.00, 0, 1, 3, '2026-07-19 08:37:32', '2026-07-19 08:37:32'),
(505, 140, 'Sweet and Sour', 'none', 0.00, 0, 1, 4, '2026-07-19 08:37:32', '2026-07-19 08:37:32'),
(506, 140, 'Sweet Chili', 'none', 0.00, 0, 1, 5, '2026-07-19 08:37:32', '2026-07-19 08:37:32'),
(507, 140, 'Yangyeom', 'none', 0.00, 0, 1, 6, '2026-07-19 08:37:32', '2026-07-19 08:37:32'),
(508, 140, 'Honey Butter', 'none', 0.00, 0, 1, 7, '2026-07-19 08:37:32', '2026-07-19 08:37:32'),
(509, 140, 'Teriyaki', 'none', 0.00, 0, 1, 8, '2026-07-19 08:37:32', '2026-07-19 08:37:32'),
(510, 140, 'Soy Garlic', 'none', 0.00, 0, 1, 9, '2026-07-19 08:37:32', '2026-07-19 08:37:32'),
(511, 141, 'No Flavor', 'none', 0.00, 1, 1, 0, '2026-07-19 06:47:26', '2026-07-19 06:47:26'),
(512, 141, 'Classic', 'none', 0.00, 0, 1, 1, '2026-07-19 06:47:26', '2026-07-19 06:47:26'),
(513, 141, 'Spicy', 'none', 0.00, 0, 1, 2, '2026-07-19 06:47:26', '2026-07-19 06:47:26'),
(514, 141, 'BBQ Smoke', 'none', 0.00, 0, 1, 3, '2026-07-19 06:47:26', '2026-07-19 06:47:26'),
(515, 141, 'Garlic Aioli', 'none', 0.00, 0, 1, 4, '2026-07-19 06:47:26', '2026-07-19 06:47:26'),
(516, 141, 'Honey Sriracha', 'none', 0.00, 0, 1, 5, '2026-07-19 06:47:26', '2026-07-19 06:47:26'),
(517, 142, 'No Size', 'none', 0.00, 1, 1, 0, '2026-07-19 06:47:26', '2026-07-19 06:47:26'),
(518, 142, 'Regular', 'none', 0.00, 0, 1, 1, '2026-07-19 06:47:26', '2026-07-19 06:47:26'),
(519, 142, 'Large', 'add', 50.00, 0, 1, 2, '2026-07-19 06:47:26', '2026-07-19 06:47:26'),
(520, 142, 'X-Large', 'add', 100.00, 0, 1, 3, '2026-07-19 06:47:26', '2026-07-19 06:47:26'),
(521, 143, 'No Flavor', 'none', 0.00, 1, 1, 0, '2026-07-19 06:47:26', '2026-07-19 06:47:26'),
(522, 143, 'Classic', 'none', 0.00, 0, 1, 1, '2026-07-19 06:47:26', '2026-07-19 06:47:26'),
(523, 143, 'Spicy', 'none', 0.00, 0, 1, 2, '2026-07-19 06:47:26', '2026-07-19 06:47:26'),
(524, 143, 'BBQ Smoke', 'none', 0.00, 0, 1, 3, '2026-07-19 06:47:26', '2026-07-19 06:47:26'),
(525, 143, 'Garlic Aioli', 'none', 0.00, 0, 1, 4, '2026-07-19 06:47:26', '2026-07-19 06:47:26'),
(526, 143, 'Honey Sriracha', 'none', 0.00, 0, 1, 5, '2026-07-19 06:47:26', '2026-07-19 06:47:26'),
(527, 144, 'No Size', 'none', 0.00, 1, 1, 0, '2026-07-19 06:47:26', '2026-07-19 06:47:26'),
(528, 144, 'Regular', 'none', 0.00, 0, 1, 1, '2026-07-19 06:47:26', '2026-07-19 06:47:26'),
(529, 144, 'Large', 'add', 50.00, 0, 1, 2, '2026-07-19 06:47:26', '2026-07-19 06:47:26'),
(530, 144, 'X-Large', 'add', 100.00, 0, 1, 3, '2026-07-19 06:47:26', '2026-07-19 06:47:26'),
(531, 145, 'No Flavor', 'none', 0.00, 1, 1, 0, '2026-07-19 06:47:27', '2026-07-19 06:47:27'),
(532, 145, 'Classic', 'none', 0.00, 0, 1, 1, '2026-07-19 06:47:27', '2026-07-19 06:47:27'),
(533, 145, 'Spicy', 'none', 0.00, 0, 1, 2, '2026-07-19 06:47:27', '2026-07-19 06:47:27'),
(534, 145, 'BBQ Smoke', 'none', 0.00, 0, 1, 3, '2026-07-19 06:47:27', '2026-07-19 06:47:27'),
(535, 145, 'Garlic Aioli', 'none', 0.00, 0, 1, 4, '2026-07-19 06:47:27', '2026-07-19 06:47:27'),
(536, 145, 'Honey Sriracha', 'none', 0.00, 0, 1, 5, '2026-07-19 06:47:27', '2026-07-19 06:47:27'),
(537, 146, 'No Size', 'none', 0.00, 1, 1, 0, '2026-07-19 06:47:27', '2026-07-19 06:47:27'),
(538, 146, 'Regular', 'none', 0.00, 0, 1, 1, '2026-07-19 06:47:27', '2026-07-19 06:47:27'),
(539, 146, 'Large', 'add', 50.00, 0, 1, 2, '2026-07-19 06:47:27', '2026-07-19 06:47:27'),
(540, 146, 'X-Large', 'add', 100.00, 0, 1, 3, '2026-07-19 06:47:27', '2026-07-19 06:47:27'),
(541, 147, 'No Flavor', 'none', 0.00, 1, 1, 0, '2026-07-19 06:47:27', '2026-07-19 06:47:27'),
(542, 147, 'Classic', 'none', 0.00, 0, 1, 1, '2026-07-19 06:47:27', '2026-07-19 06:47:27'),
(543, 147, 'Spicy', 'none', 0.00, 0, 1, 2, '2026-07-19 06:47:27', '2026-07-19 06:47:27'),
(544, 147, 'BBQ Smoke', 'none', 0.00, 0, 1, 3, '2026-07-19 06:47:27', '2026-07-19 06:47:27'),
(545, 147, 'Garlic Aioli', 'none', 0.00, 0, 1, 4, '2026-07-19 06:47:27', '2026-07-19 06:47:27'),
(546, 147, 'Honey Sriracha', 'none', 0.00, 0, 1, 5, '2026-07-19 06:47:27', '2026-07-19 06:47:27'),
(547, 148, 'No Size', 'none', 0.00, 1, 1, 0, '2026-07-19 06:47:27', '2026-07-19 06:47:27'),
(548, 148, 'Regular', 'none', 0.00, 0, 1, 1, '2026-07-19 06:47:27', '2026-07-19 06:47:27'),
(549, 148, 'Large', 'add', 50.00, 0, 1, 2, '2026-07-19 06:47:27', '2026-07-19 06:47:27'),
(550, 148, 'X-Large', 'add', 100.00, 0, 1, 3, '2026-07-19 06:47:27', '2026-07-19 06:47:27'),
(551, 149, 'No Flavor', 'none', 0.00, 1, 1, 0, '2026-07-19 06:47:27', '2026-07-19 06:47:27'),
(552, 149, 'Classic', 'none', 0.00, 0, 1, 1, '2026-07-19 06:47:27', '2026-07-19 06:47:27'),
(553, 149, 'Spicy', 'none', 0.00, 0, 1, 2, '2026-07-19 06:47:27', '2026-07-19 06:47:27'),
(554, 149, 'BBQ Smoke', 'none', 0.00, 0, 1, 3, '2026-07-19 06:47:27', '2026-07-19 06:47:27'),
(555, 149, 'Garlic Aioli', 'none', 0.00, 0, 1, 4, '2026-07-19 06:47:27', '2026-07-19 06:47:27'),
(556, 149, 'Honey Sriracha', 'none', 0.00, 0, 1, 5, '2026-07-19 06:47:27', '2026-07-19 06:47:27'),
(557, 150, 'No Size', 'none', 0.00, 1, 1, 0, '2026-07-19 06:47:27', '2026-07-19 06:47:27'),
(558, 150, 'Regular', 'none', 0.00, 0, 1, 1, '2026-07-19 06:47:27', '2026-07-19 06:47:27'),
(559, 150, 'Large', 'add', 50.00, 0, 1, 2, '2026-07-19 06:47:27', '2026-07-19 06:47:27'),
(560, 150, 'X-Large', 'add', 100.00, 0, 1, 3, '2026-07-19 06:47:27', '2026-07-19 06:47:27'),
(561, 151, 'No Flavor', 'none', 0.00, 1, 1, 0, '2026-07-19 06:47:27', '2026-07-19 06:47:27'),
(562, 151, 'Classic', 'none', 0.00, 0, 1, 1, '2026-07-19 06:47:27', '2026-07-19 06:47:27'),
(563, 151, 'Spicy', 'none', 0.00, 0, 1, 2, '2026-07-19 06:47:27', '2026-07-19 06:47:27'),
(564, 151, 'BBQ Smoke', 'none', 0.00, 0, 1, 3, '2026-07-19 06:47:27', '2026-07-19 06:47:27'),
(565, 151, 'Garlic Aioli', 'none', 0.00, 0, 1, 4, '2026-07-19 06:47:27', '2026-07-19 06:47:27'),
(566, 151, 'Honey Sriracha', 'none', 0.00, 0, 1, 5, '2026-07-19 06:47:27', '2026-07-19 06:47:27'),
(567, 152, 'No Size', 'none', 0.00, 1, 1, 0, '2026-07-19 06:47:27', '2026-07-19 06:47:27'),
(568, 152, 'Regular', 'none', 0.00, 0, 1, 1, '2026-07-19 06:47:27', '2026-07-19 06:47:27'),
(569, 152, 'Large', 'add', 50.00, 0, 1, 2, '2026-07-19 06:47:27', '2026-07-19 06:47:27'),
(570, 152, 'X-Large', 'add', 100.00, 0, 1, 3, '2026-07-19 06:47:27', '2026-07-19 06:47:27'),
(571, 153, 'No Size', 'none', 0.00, 1, 1, 0, '2026-07-19 06:47:27', '2026-07-19 06:47:27'),
(572, 153, 'Regular', 'none', 0.00, 0, 1, 1, '2026-07-19 06:47:27', '2026-07-19 06:47:27'),
(573, 153, 'Large', 'add', 30.00, 0, 1, 2, '2026-07-19 06:47:27', '2026-07-19 06:47:27'),
(574, 154, 'No Size', 'none', 0.00, 1, 1, 0, '2026-07-19 06:47:27', '2026-07-19 06:47:27'),
(575, 154, 'Regular', 'none', 0.00, 0, 1, 1, '2026-07-19 06:47:27', '2026-07-19 06:47:27'),
(576, 154, 'Large', 'add', 30.00, 0, 1, 2, '2026-07-19 06:47:27', '2026-07-19 06:47:27'),
(577, 155, 'No Size', 'none', 0.00, 1, 1, 0, '2026-07-19 06:47:27', '2026-07-19 06:47:27'),
(578, 155, 'Regular', 'none', 0.00, 0, 1, 1, '2026-07-19 06:47:27', '2026-07-19 06:47:27'),
(579, 155, 'Large', 'add', 30.00, 0, 1, 2, '2026-07-19 06:47:27', '2026-07-19 06:47:27'),
(580, 156, 'No Size', 'none', 0.00, 1, 1, 0, '2026-07-19 06:47:27', '2026-07-19 06:47:27'),
(581, 156, 'Regular', 'none', 0.00, 0, 1, 1, '2026-07-19 06:47:27', '2026-07-19 06:47:27'),
(582, 156, 'Large', 'add', 30.00, 0, 1, 2, '2026-07-19 06:47:27', '2026-07-19 06:47:27'),
(583, 157, 'No Size', 'none', 0.00, 1, 1, 0, '2026-07-19 06:47:27', '2026-07-19 06:47:27'),
(584, 157, 'Regular', 'none', 0.00, 0, 1, 1, '2026-07-19 06:47:27', '2026-07-19 06:47:27'),
(585, 157, 'Large', 'add', 30.00, 0, 1, 2, '2026-07-19 06:47:27', '2026-07-19 06:47:27'),
(586, 158, 'No Size', 'none', 0.00, 1, 1, 0, '2026-07-19 06:47:27', '2026-07-19 06:47:27'),
(587, 158, 'Medium', 'none', 0.00, 0, 1, 1, '2026-07-19 06:47:27', '2026-07-19 06:47:27'),
(588, 158, 'Large', 'add', 20.00, 0, 1, 2, '2026-07-19 06:47:27', '2026-07-19 06:47:27'),
(589, 159, 'No Size', 'none', 0.00, 1, 1, 0, '2026-07-19 06:47:27', '2026-07-19 06:47:27'),
(590, 159, 'Medium', 'none', 0.00, 0, 1, 1, '2026-07-19 06:47:27', '2026-07-19 06:47:27'),
(591, 159, 'Large', 'add', 20.00, 0, 1, 2, '2026-07-19 06:47:27', '2026-07-19 06:47:27'),
(592, 160, 'No Size', 'none', 0.00, 1, 1, 0, '2026-07-19 06:47:27', '2026-07-19 06:47:27'),
(593, 160, 'Medium', 'none', 0.00, 0, 1, 1, '2026-07-19 06:47:27', '2026-07-19 06:47:27'),
(594, 160, 'Large', 'add', 20.00, 0, 1, 2, '2026-07-19 06:47:27', '2026-07-19 06:47:27'),
(595, 161, 'No Size', 'none', 0.00, 1, 1, 0, '2026-07-19 06:47:27', '2026-07-19 06:47:27'),
(596, 161, 'Medium', 'none', 0.00, 0, 1, 1, '2026-07-19 06:47:27', '2026-07-19 06:47:27'),
(597, 161, 'Large', 'add', 20.00, 0, 1, 2, '2026-07-19 06:47:27', '2026-07-19 06:47:27'),
(598, 162, 'Cucumber', 'none', 0.00, 1, 1, 0, '2026-08-07 19:40:11', '2026-08-07 19:40:11'),
(599, 163, 'Gulaman', 'none', 0.00, 1, 1, 0, '2026-08-07 19:40:11', '2026-08-07 19:40:11'),
(600, 164, 'Halo Halo', 'none', 0.00, 1, 1, 0, '2026-08-07 19:40:11', '2026-08-07 19:40:11'),
(601, 165, 'Melon', 'none', 0.00, 1, 1, 0, '2026-08-07 19:40:11', '2026-08-07 19:40:11'),
(602, 166, 'Pineapple Juice', 'none', 0.00, 1, 1, 0, '2026-08-07 19:40:11', '2026-08-07 19:40:11'),
(603, 167, 'Red Ice Tea', 'none', 0.00, 1, 1, 0, '2026-08-07 19:40:11', '2026-08-07 19:40:11'),
(604, 168, 'Blue Lemonade', 'none', 0.00, 1, 1, 0, '2026-08-07 20:24:58', '2026-08-07 20:24:58'),
(605, 169, 'Cucumber', 'none', 0.00, 1, 1, 0, '2026-08-07 20:24:58', '2026-08-07 20:24:58'),
(606, 170, 'Gulaman', 'none', 0.00, 1, 1, 0, '2026-08-07 20:24:58', '2026-08-07 20:24:58'),
(607, 171, 'Halo halo', 'none', 0.00, 1, 1, 0, '2026-08-07 20:24:58', '2026-08-07 20:24:58'),
(608, 172, 'Melon', 'none', 0.00, 1, 1, 0, '2026-08-07 20:24:58', '2026-08-07 20:24:58'),
(609, 173, 'Pineapple Juice', 'none', 0.00, 1, 1, 0, '2026-08-07 20:24:58', '2026-08-07 20:24:58'),
(610, 174, 'Red Ice Tea', 'none', 0.00, 1, 1, 0, '2026-08-07 20:24:58', '2026-08-07 20:24:58'),
(611, 175, 'Blue Lemonade', 'none', 0.00, 1, 1, 0, '2026-08-07 20:27:04', '2026-08-07 20:27:04'),
(612, 176, 'Cucumber', 'none', 0.00, 1, 1, 0, '2026-08-07 20:27:04', '2026-08-07 20:27:04'),
(613, 177, 'Gulaman', 'none', 0.00, 1, 1, 0, '2026-08-07 20:27:04', '2026-08-07 20:27:04'),
(614, 178, 'Halo halo', 'none', 0.00, 1, 1, 0, '2026-08-07 20:27:04', '2026-08-07 20:27:04'),
(615, 179, 'Melon', 'none', 0.00, 1, 1, 0, '2026-08-07 20:27:04', '2026-08-07 20:27:04'),
(616, 180, 'Pineapple Juice', 'none', 0.00, 1, 1, 0, '2026-08-07 20:27:04', '2026-08-07 20:27:04'),
(617, 181, 'Red Ice Tea', 'none', 0.00, 1, 1, 0, '2026-08-07 20:27:04', '2026-08-07 20:27:04'),
(1027, 220, 'Pineapple Juice', 'none', 0.00, 0, 1, 6, '2026-08-07 12:49:38', '2026-08-07 12:49:38'),
(1003, 220, 'Melon', 'none', 0.00, 0, 1, 5, '2026-08-07 12:49:38', '2026-08-07 12:49:38'),
(1975, 445, '22 Onz', 'add', 10.00, 0, 1, 1, '2026-08-16 10:22:50', '2026-08-16 10:22:50'),
(1976, 407, '22 Onz', 'add', 10.00, 0, 1, 1, '2026-08-16 13:45:56', '2026-08-16 13:45:56');
INSERT INTO `modifier_options` (`id`, `modifier_group_id`, `name`, `price_type`, `price_adjustment`, `is_default`, `is_active`, `sort_order`, `created_at`, `updated_at`) VALUES
(1974, 445, '16 Onz', 'none', 0.00, 1, 1, 0, '2026-08-16 10:22:50', '2026-08-16 10:22:50'),
(979, 220, 'Halo Halo', 'none', 0.00, 0, 1, 4, '2026-08-07 12:49:38', '2026-08-07 12:49:38'),
(1972, 443, 'HALO HALO', 'add', 60.00, 1, 1, 0, '2026-08-15 18:21:28', '2026-08-15 18:21:28'),
(1973, 444, 'HALO HALO', 'add', 60.00, 1, 1, 0, '2026-08-15 18:21:48', '2026-08-15 18:21:48'),
(1961, 28, 'Halo Halo', 'add', 30.00, 0, 1, 2, '2026-08-15 06:22:47', '2026-08-15 06:22:47'),
(1970, 441, 'Add-on', 'none', 0.00, 1, 1, 0, '2026-08-15 18:20:32', '2026-08-15 18:20:32'),
(1971, 442, 'Drinks', 'add', 60.00, 1, 1, 0, '2026-08-15 18:20:32', '2026-08-15 18:20:32'),
(1960, 27, 'Halo Halo', 'add', 30.00, 0, 1, 2, '2026-08-15 06:22:47', '2026-08-15 06:22:47'),
(1959, 437, 'Halo Halo', 'add', 30.00, 0, 1, 1, '2026-08-15 06:22:47', '2026-08-15 06:22:47'),
(1958, 436, 'Halo Halo', 'add', 30.00, 0, 1, 1, '2026-08-15 06:22:47', '2026-08-15 06:22:47'),
(1957, 43, 'Halo Halo', 'none', 0.00, 0, 1, 6, '2026-08-15 06:19:04', '2026-08-15 06:19:04'),
(1956, 28, 'Halo Halo', 'add', 30.00, 0, 1, 2, '2026-08-15 06:19:04', '2026-08-15 06:19:04'),
(1955, 55, 'Halo Halo', 'none', 0.00, 0, 1, 6, '2026-08-15 06:19:04', '2026-08-15 06:19:04'),
(1954, 27, 'Halo Halo', 'add', 30.00, 0, 1, 2, '2026-08-15 06:19:04', '2026-08-15 06:19:04'),
(1953, 435, 'BLUE LEMONA', 'none', 0.00, 1, 1, 0, '2026-08-15 13:53:49', '2026-08-15 13:53:49'),
(1952, 434, 'BOX', 'add', 5.00, 0, 1, 1, '2026-08-14 11:45:45', '2026-08-14 11:45:45'),
(1951, 434, 'CUP', 'none', 0.00, 1, 1, 0, '2026-08-14 11:45:45', '2026-08-14 11:45:45'),
(1950, 433, 'Add-on', 'add', 60.00, 1, 1, 0, '2026-08-14 00:51:00', '2026-08-14 00:51:00'),
(1949, 338, 'No Choose a Drink', 'none', 0.00, 1, 1, 0, '2026-08-14 00:51:00', '2026-08-14 00:51:00'),
(1948, 432, 'Add-on', 'add', 60.00, 1, 1, 0, '2026-08-14 00:50:27', '2026-08-14 00:50:27'),
(1962, 438, 'MAG-ISA', 'none', 0.00, 1, 1, 0, '2026-08-15 14:30:35', '2026-08-15 14:30:35'),
(1947, 337, 'No Choose a Drink', 'none', 0.00, 1, 1, 0, '2026-08-14 00:50:27', '2026-08-14 00:50:27'),
(1943, 430, 'REGULAR', 'none', 0.00, 1, 1, 0, '2026-08-14 00:22:45', '2026-08-14 00:22:45'),
(1944, 430, 'SPECIAL', 'add', 80.00, 0, 1, 1, '2026-08-14 00:22:45', '2026-08-14 00:31:44'),
(1945, 391, 'No Choose a Drink', 'none', 0.00, 1, 1, 0, '2026-08-14 00:44:59', '2026-08-14 00:44:59'),
(1941, 429, 'REGULAR', 'none', 0.00, 1, 1, 0, '2026-08-14 00:17:59', '2026-08-14 00:17:59'),
(955, 220, 'Gulaman', 'none', 0.00, 0, 1, 3, '2026-08-07 12:49:38', '2026-08-07 12:49:38'),
(1942, 429, 'SPECIAL', 'replace', 90.00, 0, 1, 1, '2026-08-14 00:17:59', '2026-08-14 00:17:59'),
(1938, 427, '22 Onz', 'none', 0.00, 0, 1, 1, '2026-08-13 23:46:09', '2026-08-13 23:46:09'),
(1939, 428, 'REGULAR', 'none', 0.00, 1, 1, 0, '2026-08-14 00:03:58', '2026-08-14 00:03:58'),
(1940, 428, 'SPECIAL', 'add', 60.00, 0, 1, 1, '2026-08-14 00:03:58', '2026-08-14 00:03:58'),
(1937, 427, '16 Onz', 'none', 0.00, 1, 1, 0, '2026-08-13 23:46:09', '2026-08-13 23:46:09'),
(1936, 426, '22 Onz', 'add', 10.00, 0, 1, 1, '2026-08-13 23:44:53', '2026-08-13 23:44:53'),
(1935, 426, '16 Onz', 'none', 0.00, 1, 1, 0, '2026-08-13 23:44:53', '2026-08-13 23:44:53'),
(1934, 425, '22 Onz', 'add', 10.00, 0, 1, 1, '2026-08-13 23:40:12', '2026-08-13 23:40:12'),
(1933, 425, '16 Onz', 'none', 0.00, 1, 1, 0, '2026-08-13 23:40:12', '2026-08-13 23:40:12'),
(1963, 438, 'MAY-KALAGUYO', 'add', 240.00, 0, 1, 1, '2026-08-15 14:30:35', '2026-08-15 14:30:35'),
(1931, 397, 'No Choose a Drink', 'none', 0.00, 1, 1, 0, '2026-08-13 23:37:14', '2026-08-13 23:37:14'),
(1930, 423, '22 Onz', 'add', 10.00, 0, 1, 1, '2026-08-13 23:36:41', '2026-08-13 23:36:41'),
(1929, 423, '16 Onz', 'none', 0.00, 1, 1, 0, '2026-08-13 23:36:41', '2026-08-13 23:36:41'),
(1928, 422, '22 Onz', 'add', 10.00, 0, 1, 1, '2026-08-13 23:32:45', '2026-08-13 23:32:45'),
(1927, 422, '16 Onz', 'none', 0.00, 1, 1, 0, '2026-08-13 23:32:45', '2026-08-13 23:32:45'),
(1926, 421, '22 Onz', 'add', 10.00, 0, 1, 1, '2026-08-13 23:31:16', '2026-08-13 23:31:16'),
(1925, 421, '16 Onz', 'none', 0.00, 1, 1, 0, '2026-08-13 23:31:16', '2026-08-13 23:31:16'),
(1924, 420, '22 Onz', 'add', 10.00, 0, 1, 1, '2026-08-13 23:31:14', '2026-08-13 23:31:14'),
(1923, 420, '16 Onz', 'none', 0.00, 1, 1, 0, '2026-08-13 23:31:14', '2026-08-13 23:31:14'),
(1922, 419, '22 Onz', 'add', 10.00, 0, 1, 1, '2026-08-13 23:31:12', '2026-08-13 23:31:12'),
(1919, 418, '16 Onz', 'none', 0.00, 1, 1, 0, '2026-08-13 23:31:12', '2026-08-13 23:31:12'),
(931, 220, 'Cucumber', 'none', 0.00, 0, 1, 2, '2026-08-07 12:49:38', '2026-08-07 12:49:38'),
(1918, 417, '22 Onz', 'add', 10.00, 0, 1, 1, '2026-08-13 23:31:11', '2026-08-13 23:31:11'),
(1916, 416, '22 Onz', 'add', 10.00, 0, 1, 1, '2026-08-13 23:31:10', '2026-08-13 23:31:10'),
(1917, 417, '16 Onz', 'none', 0.00, 1, 1, 0, '2026-08-13 23:31:11', '2026-08-13 23:31:11'),
(1915, 416, '16 Onz', 'none', 0.00, 1, 1, 0, '2026-08-13 23:31:10', '2026-08-13 23:31:10'),
(1969, 440, 'Drinks', 'add', 60.00, 1, 1, 0, '2026-08-15 18:20:10', '2026-08-15 18:20:10'),
(1967, 94, 'No Size', 'none', 0.00, 1, 1, 0, '2026-08-15 18:19:06', '2026-08-15 18:19:06'),
(1912, 414, '22 Onz', 'add', 10.00, 0, 1, 1, '2026-08-13 23:23:37', '2026-08-13 23:23:37'),
(1910, 413, '22 Onz', 'add', 10.00, 0, 1, 1, '2026-08-13 23:23:35', '2026-08-13 23:23:35'),
(1911, 414, '16 Onz', 'none', 0.00, 1, 1, 0, '2026-08-13 23:23:37', '2026-08-13 23:23:37'),
(1908, 412, '22 Onz', 'add', 10.00, 0, 1, 1, '2026-08-13 23:23:34', '2026-08-13 23:23:34'),
(1909, 413, '16 Onz', 'none', 0.00, 1, 1, 0, '2026-08-13 23:23:35', '2026-08-13 23:23:35'),
(1906, 411, '22 Onz', 'add', 10.00, 0, 1, 1, '2026-08-13 23:23:32', '2026-08-13 23:23:32'),
(1907, 412, '16 Onz', 'none', 0.00, 1, 1, 0, '2026-08-13 23:23:34', '2026-08-13 23:23:34'),
(1905, 411, '16 Onz', 'none', 0.00, 1, 1, 0, '2026-08-13 23:23:32', '2026-08-13 23:23:32'),
(1903, 410, '16 Onz', 'none', 0.00, 1, 1, 0, '2026-08-13 23:17:26', '2026-08-13 23:17:26'),
(1904, 410, '22 Onz', 'add', 10.00, 0, 1, 1, '2026-08-13 23:17:26', '2026-08-13 23:17:26'),
(1901, 409, '16 Onz', 'none', 0.00, 1, 1, 0, '2026-08-13 23:16:30', '2026-08-13 23:16:30'),
(1902, 409, '22 Onz', 'add', 10.00, 0, 1, 1, '2026-08-13 23:16:30', '2026-08-13 23:16:30'),
(1899, 408, '16 Onz', 'none', 0.00, 1, 1, 0, '2026-08-13 22:30:01', '2026-08-13 22:30:01'),
(1900, 408, '22 Onz', 'add', 10.00, 0, 1, 1, '2026-08-13 22:30:01', '2026-08-13 22:30:01'),
(1897, 406, '22 Onz', 'add', 10.00, 0, 1, 1, '2026-08-13 21:12:46', '2026-08-13 21:12:46'),
(1898, 407, '16 onz', 'none', 0.00, 1, 1, 0, '2026-08-13 22:02:40', '2026-08-13 22:02:40'),
(1896, 406, '16 Onz', 'none', 0.00, 1, 1, 0, '2026-08-13 21:12:46', '2026-08-13 21:12:46'),
(1895, 405, '22 Onz', 'add', 10.00, 0, 1, 1, '2026-08-13 21:06:41', '2026-08-13 21:06:41'),
(1894, 405, '16 Onz', 'none', 0.00, 1, 1, 0, '2026-08-13 21:06:41', '2026-08-13 21:06:41'),
(1893, 404, '22 Onz', 'add', 10.00, 0, 1, 1, '2026-08-13 21:04:42', '2026-08-13 21:04:42'),
(1854, 394, 'Halo-Halo', 'add', 60.00, 0, 1, 1, '2026-08-10 10:39:47', '2026-08-10 10:39:47'),
(1853, 393, 'Halo-Halo', 'add', 60.00, 0, 1, 1, '2026-08-10 10:39:47', '2026-08-10 10:39:47'),
(907, 220, 'Blue Lemonade', 'none', 0.00, 0, 1, 1, '2026-08-07 12:49:38', '2026-08-07 12:49:38'),
(1852, 391, 'Red Ice Tea', 'none', 0.00, 0, 1, 6, '2026-08-10 10:39:47', '2026-08-10 10:39:47'),
(1892, 404, '16 Onz', 'none', 0.00, 1, 1, 0, '2026-08-13 21:04:42', '2026-08-13 21:04:42'),
(1849, 391, 'Pineapple Juice', 'none', 0.00, 0, 1, 5, '2026-08-10 10:39:47', '2026-08-10 10:39:47'),
(1920, 418, '22 Onz', 'add', 10.00, 0, 1, 1, '2026-08-13 23:31:12', '2026-08-13 23:31:12'),
(1665, 342, 'Halo-Halo', 'add', 60.00, 0, 1, 1, '2026-08-10 10:18:14', '2026-08-10 10:18:14'),
(1664, 341, 'Halo-Halo', 'add', 60.00, 0, 1, 1, '2026-08-10 10:18:14', '2026-08-10 10:18:14'),
(1663, 340, 'Halo-Halo', 'add', 60.00, 0, 1, 1, '2026-08-10 10:18:14', '2026-08-10 10:18:14'),
(1662, 339, 'Halo-Halo', 'add', 60.00, 0, 1, 1, '2026-08-10 10:18:14', '2026-08-10 10:18:14'),
(1661, 335, 'Red Ice Tea', 'none', 0.00, 0, 1, 6, '2026-08-10 10:18:14', '2026-08-10 10:18:14'),
(1659, 337, 'Red Ice Tea', 'none', 0.00, 0, 1, 6, '2026-08-10 10:18:14', '2026-08-10 10:18:14'),
(1891, 403, '22 Onz', 'add', 10.00, 0, 1, 1, '2026-08-13 21:03:51', '2026-08-13 21:03:51'),
(1658, 338, 'Red Ice Tea', 'none', 0.00, 0, 1, 6, '2026-08-10 10:18:14', '2026-08-10 10:18:14'),
(1890, 403, '16 Onz', 'none', 0.00, 1, 1, 0, '2026-08-13 21:03:51', '2026-08-13 21:03:51'),
(1657, 335, 'Pineapple Juice', 'none', 0.00, 0, 1, 5, '2026-08-10 10:18:14', '2026-08-10 10:18:14'),
(1655, 337, 'Pineapple Juice', 'none', 0.00, 0, 1, 5, '2026-08-10 10:18:14', '2026-08-10 10:18:14'),
(1653, 335, 'Melon', 'none', 0.00, 0, 1, 4, '2026-08-10 10:18:14', '2026-08-10 10:18:14'),
(1654, 338, 'Pineapple Juice', 'none', 0.00, 0, 1, 5, '2026-08-10 10:18:14', '2026-08-10 10:18:14'),
(1889, 402, '22 Onz', 'add', 10.00, 0, 1, 1, '2026-08-13 20:58:56', '2026-08-13 20:58:56'),
(1650, 338, 'Melon', 'none', 0.00, 0, 1, 4, '2026-08-10 10:18:14', '2026-08-10 10:18:14'),
(1651, 337, 'Melon', 'none', 0.00, 0, 1, 4, '2026-08-10 10:18:14', '2026-08-10 10:18:14'),
(1649, 335, 'Black Gulaman', 'none', 0.00, 0, 1, 3, '2026-08-10 10:18:14', '2026-08-10 10:18:14'),
(1647, 337, 'Black Gulaman', 'none', 0.00, 0, 1, 3, '2026-08-10 10:18:14', '2026-08-10 10:18:14'),
(1888, 402, '16 Onz', 'none', 0.00, 1, 1, 0, '2026-08-13 20:58:56', '2026-08-13 20:58:56'),
(1646, 338, 'Black Gulaman', 'none', 0.00, 0, 1, 3, '2026-08-10 10:18:14', '2026-08-10 10:18:14'),
(1645, 335, 'Cucumber Lemonade', 'none', 0.00, 0, 1, 2, '2026-08-10 10:18:14', '2026-08-10 10:18:14'),
(1643, 337, 'Cucumber Lemonade', 'none', 0.00, 0, 1, 2, '2026-08-10 10:18:14', '2026-08-10 10:18:14'),
(1887, 401, '22 Onz', 'add', 10.00, 0, 1, 1, '2026-08-13 18:54:29', '2026-08-13 18:54:29'),
(1642, 338, 'Cucumber Lemonade', 'none', 0.00, 0, 1, 2, '2026-08-10 10:18:14', '2026-08-10 10:18:14'),
(1641, 335, 'Blue Lemonade', 'none', 0.00, 0, 1, 1, '2026-08-10 10:18:14', '2026-08-10 10:18:14'),
(1885, 400, '22 Onz', 'add', 10.00, 0, 1, 1, '2026-08-13 18:53:40', '2026-08-13 18:53:40'),
(1886, 401, '16 Onz', 'none', 0.00, 1, 1, 0, '2026-08-13 18:54:29', '2026-08-13 18:54:29'),
(1639, 337, 'Blue Lemonade', 'none', 0.00, 0, 1, 1, '2026-08-10 10:18:14', '2026-08-10 10:18:14'),
(1638, 338, 'Blue Lemonade', 'none', 0.00, 0, 1, 1, '2026-08-10 10:18:14', '2026-08-10 10:18:14'),
(1637, 334, 'Halo Halo', 'add', 60.00, 1, 1, 0, '2026-08-10 18:07:17', '2026-08-10 18:07:17'),
(1636, 333, 'Red Ice Tea', 'none', 0.00, 1, 1, 0, '2026-08-10 18:07:17', '2026-08-10 18:07:17'),
(1635, 332, 'Pineapple Juice', 'none', 0.00, 1, 1, 0, '2026-08-10 18:07:17', '2026-08-10 18:07:17'),
(1634, 331, 'Melon', 'none', 0.00, 1, 1, 0, '2026-08-10 18:07:17', '2026-08-10 18:07:17'),
(1633, 330, 'Gulaman', 'none', 0.00, 1, 1, 0, '2026-08-10 18:07:17', '2026-08-10 18:07:17'),
(1632, 329, 'Cucumber', 'none', 0.00, 1, 1, 0, '2026-08-10 18:07:17', '2026-08-10 18:07:17'),
(1631, 328, 'Blue Lemonade', 'none', 0.00, 1, 1, 0, '2026-08-10 18:07:17', '2026-08-10 18:07:17'),
(1630, 327, 'Halo Halo', 'add', 60.00, 0, 1, 1, '2026-08-09 04:19:23', '2026-08-09 04:19:23'),
(1629, 326, 'Halo Halo', 'add', 60.00, 0, 1, 1, '2026-08-09 04:19:23', '2026-08-09 04:19:23'),
(1628, 325, 'Halo Halo', 'add', 60.00, 0, 1, 1, '2026-08-09 04:19:23', '2026-08-09 04:19:23'),
(1627, 324, 'Halo Halo', 'add', 60.00, 0, 1, 1, '2026-08-09 04:19:23', '2026-08-09 04:19:23'),
(1626, 321, 'Red Ice Tea', 'none', 0.00, 0, 1, 7, '2026-08-09 04:19:23', '2026-08-09 04:19:23'),
(1051, 220, 'Red Ice Tea', 'none', 0.00, 0, 1, 7, '2026-08-07 12:49:38', '2026-08-07 12:49:38'),
(1625, 322, 'Red Ice Tea', 'none', 0.00, 0, 1, 7, '2026-08-09 04:19:23', '2026-08-09 04:19:23'),
(1624, 323, 'Red Ice Tea', 'none', 0.00, 0, 1, 7, '2026-08-09 04:19:23', '2026-08-09 04:19:23'),
(1623, 321, 'Pineapple Juice', 'none', 0.00, 0, 1, 6, '2026-08-09 04:19:23', '2026-08-09 04:19:23'),
(1622, 322, 'Pineapple Juice', 'none', 0.00, 0, 1, 6, '2026-08-09 04:19:23', '2026-08-09 04:19:23'),
(1621, 323, 'Pineapple Juice', 'none', 0.00, 0, 1, 6, '2026-08-09 04:19:23', '2026-08-09 04:19:23'),
(1620, 321, 'Melon', 'none', 0.00, 0, 1, 5, '2026-08-09 04:19:23', '2026-08-09 04:19:23'),
(1619, 322, 'Melon', 'none', 0.00, 0, 1, 5, '2026-08-09 04:19:23', '2026-08-09 04:19:23'),
(1618, 323, 'Melon', 'none', 0.00, 0, 1, 5, '2026-08-09 04:19:23', '2026-08-09 04:19:23'),
(1617, 321, 'Gulaman', 'none', 0.00, 0, 1, 3, '2026-08-09 04:19:23', '2026-08-09 04:19:23'),
(1616, 322, 'Gulaman', 'none', 0.00, 0, 1, 3, '2026-08-09 04:19:23', '2026-08-09 04:19:23'),
(1615, 323, 'Gulaman', 'none', 0.00, 0, 1, 3, '2026-08-09 04:19:23', '2026-08-09 04:19:23'),
(1614, 321, 'Cucumber', 'none', 0.00, 0, 1, 2, '2026-08-09 04:19:23', '2026-08-09 04:19:23'),
(1613, 322, 'Cucumber', 'none', 0.00, 0, 1, 2, '2026-08-09 04:19:23', '2026-08-09 04:19:23'),
(1612, 323, 'Cucumber', 'none', 0.00, 0, 1, 2, '2026-08-09 04:19:23', '2026-08-09 04:19:23'),
(1611, 321, 'Blue Lemonade', 'none', 0.00, 0, 1, 1, '2026-08-09 04:19:23', '2026-08-09 04:19:23'),
(1610, 322, 'Blue Lemonade', 'none', 0.00, 0, 1, 1, '2026-08-09 04:19:23', '2026-08-09 04:19:23'),
(1609, 323, 'Blue Lemonade', 'none', 0.00, 0, 1, 1, '2026-08-09 04:19:23', '2026-08-09 04:19:23'),
(1608, 320, 'Halo Halo', 'add', 60.00, 1, 1, 0, '2026-08-09 12:06:24', '2026-08-09 12:06:24'),
(1884, 400, '16 Onz', 'none', 0.00, 1, 1, 0, '2026-08-13 18:53:40', '2026-08-13 18:53:40'),
(1846, 391, 'Melon', 'none', 0.00, 0, 1, 4, '2026-08-10 10:39:47', '2026-08-10 10:39:47'),
(1883, 399, '22 oz', 'add', 10.00, 0, 1, 1, '2026-08-13 18:51:40', '2026-08-13 18:51:40'),
(1882, 399, '16 oz', 'none', 0.00, 1, 1, 0, '2026-08-13 18:51:11', '2026-08-13 18:51:11'),
(1843, 391, 'Black Gulaman', 'none', 0.00, 0, 1, 3, '2026-08-10 10:39:47', '2026-08-10 10:39:47'),
(1881, 398, 'Halo-Halo', 'add', 60.00, 0, 1, 1, '2026-08-10 10:49:25', '2026-08-10 10:49:25'),
(1880, 397, 'Red Ice Tea', 'none', 0.00, 0, 1, 6, '2026-08-10 10:49:25', '2026-08-10 10:49:25'),
(1840, 391, 'Cucumber Lemonade', 'none', 0.00, 0, 1, 2, '2026-08-10 10:39:47', '2026-08-10 10:39:47'),
(1879, 397, 'Pineapple Juice', 'none', 0.00, 0, 1, 5, '2026-08-10 10:49:25', '2026-08-10 10:49:25'),
(1877, 397, 'Black Gulaman', 'none', 0.00, 0, 1, 3, '2026-08-10 10:49:25', '2026-08-10 10:49:25'),
(1878, 397, 'Melon', 'none', 0.00, 0, 1, 4, '2026-08-10 10:49:25', '2026-08-10 10:49:25'),
(1837, 391, 'Blue Lemonade', 'none', 0.00, 0, 1, 1, '2026-08-10 10:39:47', '2026-08-10 10:39:47'),
(1876, 397, 'Cucumber Lemonade', 'none', 0.00, 0, 1, 2, '2026-08-10 10:49:25', '2026-08-10 10:49:25'),
(1875, 397, 'Blue Lemonade', 'none', 0.00, 0, 1, 1, '2026-08-10 10:49:25', '2026-08-10 10:49:25'),
(1833, 390, 'Halo-Halo', 'add', 60.00, 0, 1, 1, '2026-08-10 10:23:51', '2026-08-10 10:23:51'),
(1832, 389, 'Halo-Halo', 'add', 60.00, 0, 1, 1, '2026-08-10 10:23:51', '2026-08-10 10:23:51'),
(1831, 388, 'Halo-Halo', 'add', 60.00, 0, 1, 1, '2026-08-10 10:23:51', '2026-08-10 10:23:51'),
(1830, 387, 'Halo-Halo', 'add', 60.00, 0, 1, 1, '2026-08-10 10:23:51', '2026-08-10 10:23:51'),
(1829, 386, 'Halo-Halo', 'add', 60.00, 0, 1, 1, '2026-08-10 10:23:51', '2026-08-10 10:23:51'),
(1828, 385, 'Halo-Halo', 'add', 60.00, 0, 1, 1, '2026-08-10 10:23:51', '2026-08-10 10:23:51'),
(1583, 295, 'Red Ice Tea', 'none', 0.00, 0, 1, 7, '2026-08-07 13:36:20', '2026-08-07 13:36:20'),
(1582, 295, 'Pineapple Juice', 'none', 0.00, 0, 1, 6, '2026-08-07 13:36:20', '2026-08-07 13:36:20'),
(1581, 295, 'Melon', 'none', 0.00, 0, 1, 5, '2026-08-07 13:36:20', '2026-08-07 13:36:20'),
(1580, 295, 'Halo Halo', 'none', 0.00, 0, 1, 4, '2026-08-07 13:36:20', '2026-08-07 13:36:20'),
(1579, 295, 'Gulaman', 'none', 0.00, 0, 1, 3, '2026-08-07 13:36:20', '2026-08-07 13:36:20'),
(1098, 244, 'Blue Lemonade', 'none', 0.00, 0, 1, 1, '2026-08-07 12:54:29', '2026-08-07 12:54:29'),
(1099, 220, 'Blue Lemonade', 'none', 0.00, 0, 1, 1, '2026-08-07 12:54:29', '2026-08-07 12:54:29'),
(1578, 295, 'Cucumber', 'none', 0.00, 0, 1, 2, '2026-08-07 13:36:20', '2026-08-07 13:36:20'),
(1577, 295, 'Blue Lemonade', 'none', 0.00, 0, 1, 1, '2026-08-07 13:36:20', '2026-08-07 13:36:20'),
(1576, 292, 'Red Ice Tea', 'none', 0.00, 0, 1, 7, '2026-08-07 13:21:43', '2026-08-07 13:21:43'),
(1575, 293, 'Red Ice Tea', 'none', 0.00, 0, 1, 7, '2026-08-07 13:21:43', '2026-08-07 13:21:43'),
(1574, 294, 'Red Ice Tea', 'none', 0.00, 0, 1, 7, '2026-08-07 13:21:43', '2026-08-07 13:21:43'),
(1573, 292, 'Pineapple Juice', 'none', 0.00, 0, 1, 6, '2026-08-07 13:21:43', '2026-08-07 13:21:43'),
(1572, 293, 'Pineapple Juice', 'none', 0.00, 0, 1, 6, '2026-08-07 13:21:43', '2026-08-07 13:21:43'),
(1571, 294, 'Pineapple Juice', 'none', 0.00, 0, 1, 6, '2026-08-07 13:21:43', '2026-08-07 13:21:43'),
(1570, 292, 'Melon', 'none', 0.00, 0, 1, 5, '2026-08-07 13:21:43', '2026-08-07 13:21:43'),
(1569, 293, 'Melon', 'none', 0.00, 0, 1, 5, '2026-08-07 13:21:43', '2026-08-07 13:21:43'),
(1568, 294, 'Melon', 'none', 0.00, 0, 1, 5, '2026-08-07 13:21:43', '2026-08-07 13:21:43'),
(1567, 292, 'Halo Halo', 'none', 0.00, 0, 1, 4, '2026-08-07 13:21:43', '2026-08-07 13:21:43'),
(1566, 293, 'Halo Halo', 'none', 0.00, 0, 1, 4, '2026-08-07 13:21:43', '2026-08-07 13:21:43'),
(1565, 294, 'Halo Halo', 'none', 0.00, 0, 1, 4, '2026-08-07 13:21:43', '2026-08-07 13:21:43'),
(1564, 292, 'Gulaman', 'none', 0.00, 0, 1, 3, '2026-08-07 13:21:43', '2026-08-07 13:21:43'),
(1563, 293, 'Gulaman', 'none', 0.00, 0, 1, 3, '2026-08-07 13:21:43', '2026-08-07 13:21:43'),
(1562, 294, 'Gulaman', 'none', 0.00, 0, 1, 3, '2026-08-07 13:21:43', '2026-08-07 13:21:43'),
(1561, 292, 'Cucumber', 'none', 0.00, 0, 1, 2, '2026-08-07 13:21:43', '2026-08-07 13:21:43'),
(1560, 293, 'Cucumber', 'none', 0.00, 0, 1, 2, '2026-08-07 13:21:43', '2026-08-07 13:21:43'),
(1559, 294, 'Cucumber', 'none', 0.00, 0, 1, 2, '2026-08-07 13:21:43', '2026-08-07 13:21:43'),
(1558, 292, 'Blue Lemonade', 'none', 0.00, 0, 1, 1, '2026-08-07 13:21:43', '2026-08-07 13:21:43'),
(1557, 293, 'Blue Lemonade', 'none', 0.00, 0, 1, 1, '2026-08-07 13:21:43', '2026-08-07 13:21:43'),
(1556, 294, 'Blue Lemonade', 'none', 0.00, 0, 1, 1, '2026-08-07 13:21:43', '2026-08-07 13:21:43'),
(1827, 384, 'Halo-Halo', 'add', 60.00, 0, 1, 1, '2026-08-10 10:23:51', '2026-08-10 10:23:51'),
(1826, 383, 'Halo-Halo', 'add', 60.00, 0, 1, 1, '2026-08-10 10:23:51', '2026-08-10 10:23:51'),
(1825, 382, 'Halo-Halo', 'add', 60.00, 0, 1, 1, '2026-08-10 10:23:51', '2026-08-10 10:23:51'),
(1824, 381, 'Halo-Halo', 'add', 60.00, 0, 1, 1, '2026-08-10 10:23:51', '2026-08-10 10:23:51'),
(1823, 380, 'Halo-Halo', 'add', 60.00, 0, 1, 1, '2026-08-10 10:23:51', '2026-08-10 10:23:51'),
(1822, 379, 'Halo-Halo', 'add', 60.00, 0, 1, 1, '2026-08-10 10:23:51', '2026-08-10 10:23:51'),
(1821, 378, 'Halo-Halo', 'add', 60.00, 0, 1, 1, '2026-08-10 10:23:51', '2026-08-10 10:23:51'),
(1820, 377, 'Halo-Halo', 'add', 60.00, 0, 1, 1, '2026-08-10 10:23:51', '2026-08-10 10:23:51'),
(1819, 376, 'Halo-Halo', 'add', 60.00, 0, 1, 1, '2026-08-10 10:23:51', '2026-08-10 10:23:51'),
(1818, 375, 'Halo-Halo', 'add', 60.00, 0, 1, 1, '2026-08-10 10:23:51', '2026-08-10 10:23:51'),
(1817, 374, 'Halo-Halo', 'add', 60.00, 0, 1, 1, '2026-08-10 10:23:51', '2026-08-10 10:23:51'),
(1816, 373, 'Halo-Halo', 'add', 60.00, 0, 1, 1, '2026-08-10 10:23:51', '2026-08-10 10:23:51'),
(1815, 372, 'Halo-Halo', 'add', 60.00, 0, 1, 1, '2026-08-10 10:23:51', '2026-08-10 10:23:51'),
(1814, 371, 'Halo-Halo', 'add', 60.00, 0, 1, 1, '2026-08-10 10:23:51', '2026-08-10 10:23:51'),
(1146, 244, 'Cucumber', 'none', 0.00, 0, 1, 2, '2026-08-07 12:54:29', '2026-08-07 12:54:29'),
(1147, 220, 'Cucumber', 'none', 0.00, 0, 1, 2, '2026-08-07 12:54:29', '2026-08-07 12:54:29'),
(1813, 370, 'Halo-Halo', 'add', 60.00, 0, 1, 1, '2026-08-10 10:23:51', '2026-08-10 10:23:51'),
(1812, 369, 'Halo-Halo', 'add', 60.00, 0, 1, 1, '2026-08-10 10:23:51', '2026-08-10 10:23:51'),
(1810, 367, 'Halo-Halo', 'add', 60.00, 0, 1, 1, '2026-08-10 10:23:51', '2026-08-10 10:23:51'),
(1811, 368, 'Halo-Halo', 'add', 60.00, 0, 1, 1, '2026-08-10 10:23:51', '2026-08-10 10:23:51'),
(1809, 343, 'Red Ice Tea', 'none', 0.00, 0, 1, 6, '2026-08-10 10:23:51', '2026-08-10 10:23:51'),
(1808, 344, 'Red Ice Tea', 'none', 0.00, 0, 1, 6, '2026-08-10 10:23:51', '2026-08-10 10:23:51'),
(1807, 345, 'Red Ice Tea', 'none', 0.00, 0, 1, 6, '2026-08-10 10:23:51', '2026-08-10 10:23:51'),
(1806, 346, 'Red Ice Tea', 'none', 0.00, 0, 1, 6, '2026-08-10 10:23:51', '2026-08-10 10:23:51'),
(1805, 347, 'Red Ice Tea', 'none', 0.00, 0, 1, 6, '2026-08-10 10:23:51', '2026-08-10 10:23:51'),
(1804, 348, 'Red Ice Tea', 'none', 0.00, 0, 1, 6, '2026-08-10 10:23:51', '2026-08-10 10:23:51'),
(1803, 349, 'Red Ice Tea', 'none', 0.00, 0, 1, 6, '2026-08-10 10:23:51', '2026-08-10 10:23:51'),
(1802, 350, 'Red Ice Tea', 'none', 0.00, 0, 1, 6, '2026-08-10 10:23:51', '2026-08-10 10:23:51'),
(1801, 351, 'Red Ice Tea', 'none', 0.00, 0, 1, 6, '2026-08-10 10:23:51', '2026-08-10 10:23:51'),
(1800, 352, 'Red Ice Tea', 'none', 0.00, 0, 1, 6, '2026-08-10 10:23:51', '2026-08-10 10:23:51'),
(1799, 353, 'Red Ice Tea', 'none', 0.00, 0, 1, 6, '2026-08-10 10:23:51', '2026-08-10 10:23:51'),
(1798, 354, 'Red Ice Tea', 'none', 0.00, 0, 1, 6, '2026-08-10 10:23:51', '2026-08-10 10:23:51'),
(1797, 355, 'Red Ice Tea', 'none', 0.00, 0, 1, 6, '2026-08-10 10:23:51', '2026-08-10 10:23:51'),
(1796, 356, 'Red Ice Tea', 'none', 0.00, 0, 1, 6, '2026-08-10 10:23:51', '2026-08-10 10:23:51'),
(1795, 357, 'Red Ice Tea', 'none', 0.00, 0, 1, 6, '2026-08-10 10:23:51', '2026-08-10 10:23:51'),
(1794, 358, 'Red Ice Tea', 'none', 0.00, 0, 1, 6, '2026-08-10 10:23:51', '2026-08-10 10:23:51'),
(1793, 359, 'Red Ice Tea', 'none', 0.00, 0, 1, 6, '2026-08-10 10:23:51', '2026-08-10 10:23:51'),
(1792, 360, 'Red Ice Tea', 'none', 0.00, 0, 1, 6, '2026-08-10 10:23:51', '2026-08-10 10:23:51'),
(1791, 361, 'Red Ice Tea', 'none', 0.00, 0, 1, 6, '2026-08-10 10:23:51', '2026-08-10 10:23:51'),
(1790, 362, 'Red Ice Tea', 'none', 0.00, 0, 1, 6, '2026-08-10 10:23:51', '2026-08-10 10:23:51'),
(1194, 244, 'Gulaman', 'none', 0.00, 0, 1, 3, '2026-08-07 12:54:29', '2026-08-07 12:54:29'),
(1195, 220, 'Gulaman', 'none', 0.00, 0, 1, 3, '2026-08-07 12:54:29', '2026-08-07 12:54:29'),
(1789, 363, 'Red Ice Tea', 'none', 0.00, 0, 1, 6, '2026-08-10 10:23:51', '2026-08-10 10:23:51'),
(1787, 365, 'Red Ice Tea', 'none', 0.00, 0, 1, 6, '2026-08-10 10:23:51', '2026-08-10 10:23:51'),
(1788, 364, 'Red Ice Tea', 'none', 0.00, 0, 1, 6, '2026-08-10 10:23:51', '2026-08-10 10:23:51'),
(1786, 366, 'Red Ice Tea', 'none', 0.00, 0, 1, 6, '2026-08-10 10:23:51', '2026-08-10 10:23:51'),
(1784, 344, 'Pineapple Juice', 'none', 0.00, 0, 1, 5, '2026-08-10 10:23:51', '2026-08-10 10:23:51'),
(1785, 343, 'Pineapple Juice', 'none', 0.00, 0, 1, 5, '2026-08-10 10:23:51', '2026-08-10 10:23:51'),
(1783, 345, 'Pineapple Juice', 'none', 0.00, 0, 1, 5, '2026-08-10 10:23:51', '2026-08-10 10:23:51'),
(1782, 346, 'Pineapple Juice', 'none', 0.00, 0, 1, 5, '2026-08-10 10:23:51', '2026-08-10 10:23:51'),
(1780, 348, 'Pineapple Juice', 'none', 0.00, 0, 1, 5, '2026-08-10 10:23:51', '2026-08-10 10:23:51'),
(1781, 347, 'Pineapple Juice', 'none', 0.00, 0, 1, 5, '2026-08-10 10:23:51', '2026-08-10 10:23:51'),
(1779, 349, 'Pineapple Juice', 'none', 0.00, 0, 1, 5, '2026-08-10 10:23:51', '2026-08-10 10:23:51'),
(1778, 350, 'Pineapple Juice', 'none', 0.00, 0, 1, 5, '2026-08-10 10:23:51', '2026-08-10 10:23:51'),
(1776, 352, 'Pineapple Juice', 'none', 0.00, 0, 1, 5, '2026-08-10 10:23:51', '2026-08-10 10:23:51'),
(1777, 351, 'Pineapple Juice', 'none', 0.00, 0, 1, 5, '2026-08-10 10:23:51', '2026-08-10 10:23:51'),
(1775, 353, 'Pineapple Juice', 'none', 0.00, 0, 1, 5, '2026-08-10 10:23:51', '2026-08-10 10:23:51'),
(1774, 354, 'Pineapple Juice', 'none', 0.00, 0, 1, 5, '2026-08-10 10:23:51', '2026-08-10 10:23:51'),
(1773, 355, 'Pineapple Juice', 'none', 0.00, 0, 1, 5, '2026-08-10 10:23:51', '2026-08-10 10:23:51'),
(1772, 356, 'Pineapple Juice', 'none', 0.00, 0, 1, 5, '2026-08-10 10:23:51', '2026-08-10 10:23:51'),
(1771, 357, 'Pineapple Juice', 'none', 0.00, 0, 1, 5, '2026-08-10 10:23:51', '2026-08-10 10:23:51'),
(1770, 358, 'Pineapple Juice', 'none', 0.00, 0, 1, 5, '2026-08-10 10:23:51', '2026-08-10 10:23:51'),
(1769, 359, 'Pineapple Juice', 'none', 0.00, 0, 1, 5, '2026-08-10 10:23:51', '2026-08-10 10:23:51'),
(1768, 360, 'Pineapple Juice', 'none', 0.00, 0, 1, 5, '2026-08-10 10:23:51', '2026-08-10 10:23:51'),
(1767, 361, 'Pineapple Juice', 'none', 0.00, 0, 1, 5, '2026-08-10 10:23:51', '2026-08-10 10:23:51'),
(1766, 362, 'Pineapple Juice', 'none', 0.00, 0, 1, 5, '2026-08-10 10:23:51', '2026-08-10 10:23:51'),
(1765, 363, 'Pineapple Juice', 'none', 0.00, 0, 1, 5, '2026-08-10 10:23:51', '2026-08-10 10:23:51'),
(1764, 364, 'Pineapple Juice', 'none', 0.00, 0, 1, 5, '2026-08-10 10:23:51', '2026-08-10 10:23:51'),
(1763, 365, 'Pineapple Juice', 'none', 0.00, 0, 1, 5, '2026-08-10 10:23:51', '2026-08-10 10:23:51'),
(1762, 366, 'Pineapple Juice', 'none', 0.00, 0, 1, 5, '2026-08-10 10:23:51', '2026-08-10 10:23:51'),
(1242, 244, 'Halo Halo', 'none', 0.00, 0, 1, 4, '2026-08-07 12:54:29', '2026-08-07 12:54:29'),
(1243, 220, 'Halo Halo', 'none', 0.00, 0, 1, 4, '2026-08-07 12:54:29', '2026-08-07 12:54:29'),
(1761, 343, 'Melon', 'none', 0.00, 0, 1, 4, '2026-08-10 10:23:51', '2026-08-10 10:23:51'),
(1759, 345, 'Melon', 'none', 0.00, 0, 1, 4, '2026-08-10 10:23:51', '2026-08-10 10:23:51'),
(1760, 344, 'Melon', 'none', 0.00, 0, 1, 4, '2026-08-10 10:23:51', '2026-08-10 10:23:51'),
(1758, 346, 'Melon', 'none', 0.00, 0, 1, 4, '2026-08-10 10:23:51', '2026-08-10 10:23:51'),
(1756, 348, 'Melon', 'none', 0.00, 0, 1, 4, '2026-08-10 10:23:51', '2026-08-10 10:23:51'),
(1757, 347, 'Melon', 'none', 0.00, 0, 1, 4, '2026-08-10 10:23:51', '2026-08-10 10:23:51'),
(1755, 349, 'Melon', 'none', 0.00, 0, 1, 4, '2026-08-10 10:23:51', '2026-08-10 10:23:51'),
(1753, 351, 'Melon', 'none', 0.00, 0, 1, 4, '2026-08-10 10:23:51', '2026-08-10 10:23:51'),
(1754, 350, 'Melon', 'none', 0.00, 0, 1, 4, '2026-08-10 10:23:51', '2026-08-10 10:23:51'),
(1752, 352, 'Melon', 'none', 0.00, 0, 1, 4, '2026-08-10 10:23:51', '2026-08-10 10:23:51'),
(1750, 354, 'Melon', 'none', 0.00, 0, 1, 4, '2026-08-10 10:23:51', '2026-08-10 10:23:51'),
(1751, 353, 'Melon', 'none', 0.00, 0, 1, 4, '2026-08-10 10:23:51', '2026-08-10 10:23:51'),
(1749, 355, 'Melon', 'none', 0.00, 0, 1, 4, '2026-08-10 10:23:51', '2026-08-10 10:23:51'),
(1747, 357, 'Melon', 'none', 0.00, 0, 1, 4, '2026-08-10 10:23:51', '2026-08-10 10:23:51'),
(1748, 356, 'Melon', 'none', 0.00, 0, 1, 4, '2026-08-10 10:23:51', '2026-08-10 10:23:51'),
(1746, 358, 'Melon', 'none', 0.00, 0, 1, 4, '2026-08-10 10:23:51', '2026-08-10 10:23:51'),
(1744, 360, 'Melon', 'none', 0.00, 0, 1, 4, '2026-08-10 10:23:51', '2026-08-10 10:23:51'),
(1745, 359, 'Melon', 'none', 0.00, 0, 1, 4, '2026-08-10 10:23:51', '2026-08-10 10:23:51'),
(1743, 361, 'Melon', 'none', 0.00, 0, 1, 4, '2026-08-10 10:23:51', '2026-08-10 10:23:51'),
(1741, 363, 'Melon', 'none', 0.00, 0, 1, 4, '2026-08-10 10:23:51', '2026-08-10 10:23:51'),
(1742, 362, 'Melon', 'none', 0.00, 0, 1, 4, '2026-08-10 10:23:51', '2026-08-10 10:23:51'),
(1740, 364, 'Melon', 'none', 0.00, 0, 1, 4, '2026-08-10 10:23:51', '2026-08-10 10:23:51'),
(1738, 366, 'Melon', 'none', 0.00, 0, 1, 4, '2026-08-10 10:23:51', '2026-08-10 10:23:51'),
(1739, 365, 'Melon', 'none', 0.00, 0, 1, 4, '2026-08-10 10:23:51', '2026-08-10 10:23:51'),
(1737, 343, 'Black Gulaman', 'none', 0.00, 0, 1, 3, '2026-08-10 10:23:51', '2026-08-10 10:23:51'),
(1736, 344, 'Black Gulaman', 'none', 0.00, 0, 1, 3, '2026-08-10 10:23:51', '2026-08-10 10:23:51'),
(1735, 345, 'Black Gulaman', 'none', 0.00, 0, 1, 3, '2026-08-10 10:23:51', '2026-08-10 10:23:51'),
(1734, 346, 'Black Gulaman', 'none', 0.00, 0, 1, 3, '2026-08-10 10:23:51', '2026-08-10 10:23:51'),
(1733, 347, 'Black Gulaman', 'none', 0.00, 0, 1, 3, '2026-08-10 10:23:51', '2026-08-10 10:23:51'),
(1732, 348, 'Black Gulaman', 'none', 0.00, 0, 1, 3, '2026-08-10 10:23:51', '2026-08-10 10:23:51'),
(1731, 349, 'Black Gulaman', 'none', 0.00, 0, 1, 3, '2026-08-10 10:23:51', '2026-08-10 10:23:51'),
(1290, 244, 'Melon', 'none', 0.00, 0, 1, 5, '2026-08-07 12:54:29', '2026-08-07 12:54:29'),
(1291, 220, 'Melon', 'none', 0.00, 0, 1, 5, '2026-08-07 12:54:29', '2026-08-07 12:54:29'),
(1730, 350, 'Black Gulaman', 'none', 0.00, 0, 1, 3, '2026-08-10 10:23:51', '2026-08-10 10:23:51'),
(1729, 351, 'Black Gulaman', 'none', 0.00, 0, 1, 3, '2026-08-10 10:23:51', '2026-08-10 10:23:51'),
(1728, 352, 'Black Gulaman', 'none', 0.00, 0, 1, 3, '2026-08-10 10:23:51', '2026-08-10 10:23:51'),
(1727, 353, 'Black Gulaman', 'none', 0.00, 0, 1, 3, '2026-08-10 10:23:51', '2026-08-10 10:23:51'),
(1726, 354, 'Black Gulaman', 'none', 0.00, 0, 1, 3, '2026-08-10 10:23:51', '2026-08-10 10:23:51'),
(1725, 355, 'Black Gulaman', 'none', 0.00, 0, 1, 3, '2026-08-10 10:23:51', '2026-08-10 10:23:51'),
(1724, 356, 'Black Gulaman', 'none', 0.00, 0, 1, 3, '2026-08-10 10:23:51', '2026-08-10 10:23:51'),
(1723, 357, 'Black Gulaman', 'none', 0.00, 0, 1, 3, '2026-08-10 10:23:51', '2026-08-10 10:23:51'),
(1722, 358, 'Black Gulaman', 'none', 0.00, 0, 1, 3, '2026-08-10 10:23:51', '2026-08-10 10:23:51'),
(1721, 359, 'Black Gulaman', 'none', 0.00, 0, 1, 3, '2026-08-10 10:23:51', '2026-08-10 10:23:51'),
(1720, 360, 'Black Gulaman', 'none', 0.00, 0, 1, 3, '2026-08-10 10:23:51', '2026-08-10 10:23:51'),
(1719, 361, 'Black Gulaman', 'none', 0.00, 0, 1, 3, '2026-08-10 10:23:51', '2026-08-10 10:23:51'),
(1718, 362, 'Black Gulaman', 'none', 0.00, 0, 1, 3, '2026-08-10 10:23:51', '2026-08-10 10:23:51'),
(1717, 363, 'Black Gulaman', 'none', 0.00, 0, 1, 3, '2026-08-10 10:23:51', '2026-08-10 10:23:51'),
(1716, 364, 'Black Gulaman', 'none', 0.00, 0, 1, 3, '2026-08-10 10:23:51', '2026-08-10 10:23:51'),
(1715, 365, 'Black Gulaman', 'none', 0.00, 0, 1, 3, '2026-08-10 10:23:51', '2026-08-10 10:23:51'),
(1714, 366, 'Black Gulaman', 'none', 0.00, 0, 1, 3, '2026-08-10 10:23:51', '2026-08-10 10:23:51'),
(1713, 343, 'Cucumber Lemonade', 'none', 0.00, 0, 1, 2, '2026-08-10 10:23:51', '2026-08-10 10:23:51'),
(1712, 344, 'Cucumber Lemonade', 'none', 0.00, 0, 1, 2, '2026-08-10 10:23:51', '2026-08-10 10:23:51'),
(1711, 345, 'Cucumber Lemonade', 'none', 0.00, 0, 1, 2, '2026-08-10 10:23:51', '2026-08-10 10:23:51'),
(1710, 346, 'Cucumber Lemonade', 'none', 0.00, 0, 1, 2, '2026-08-10 10:23:51', '2026-08-10 10:23:51'),
(1709, 347, 'Cucumber Lemonade', 'none', 0.00, 0, 1, 2, '2026-08-10 10:23:51', '2026-08-10 10:23:51'),
(1708, 348, 'Cucumber Lemonade', 'none', 0.00, 0, 1, 2, '2026-08-10 10:23:51', '2026-08-10 10:23:51'),
(1707, 349, 'Cucumber Lemonade', 'none', 0.00, 0, 1, 2, '2026-08-10 10:23:51', '2026-08-10 10:23:51'),
(1706, 350, 'Cucumber Lemonade', 'none', 0.00, 0, 1, 2, '2026-08-10 10:23:51', '2026-08-10 10:23:51'),
(1705, 351, 'Cucumber Lemonade', 'none', 0.00, 0, 1, 2, '2026-08-10 10:23:51', '2026-08-10 10:23:51'),
(1704, 352, 'Cucumber Lemonade', 'none', 0.00, 0, 1, 2, '2026-08-10 10:23:51', '2026-08-10 10:23:51'),
(1703, 353, 'Cucumber Lemonade', 'none', 0.00, 0, 1, 2, '2026-08-10 10:23:51', '2026-08-10 10:23:51'),
(1702, 354, 'Cucumber Lemonade', 'none', 0.00, 0, 1, 2, '2026-08-10 10:23:51', '2026-08-10 10:23:51'),
(1701, 355, 'Cucumber Lemonade', 'none', 0.00, 0, 1, 2, '2026-08-10 10:23:51', '2026-08-10 10:23:51'),
(1700, 356, 'Cucumber Lemonade', 'none', 0.00, 0, 1, 2, '2026-08-10 10:23:51', '2026-08-10 10:23:51'),
(1338, 244, 'Pineapple Juice', 'none', 0.00, 0, 1, 6, '2026-08-07 12:54:29', '2026-08-07 12:54:29'),
(1339, 220, 'Pineapple Juice', 'none', 0.00, 0, 1, 6, '2026-08-07 12:54:29', '2026-08-07 12:54:29'),
(1698, 358, 'Cucumber Lemonade', 'none', 0.00, 0, 1, 2, '2026-08-10 10:23:51', '2026-08-10 10:23:51'),
(1699, 357, 'Cucumber Lemonade', 'none', 0.00, 0, 1, 2, '2026-08-10 10:23:51', '2026-08-10 10:23:51'),
(1697, 359, 'Cucumber Lemonade', 'none', 0.00, 0, 1, 2, '2026-08-10 10:23:51', '2026-08-10 10:23:51'),
(1696, 360, 'Cucumber Lemonade', 'none', 0.00, 0, 1, 2, '2026-08-10 10:23:51', '2026-08-10 10:23:51'),
(1694, 362, 'Cucumber Lemonade', 'none', 0.00, 0, 1, 2, '2026-08-10 10:23:51', '2026-08-10 10:23:51'),
(1695, 361, 'Cucumber Lemonade', 'none', 0.00, 0, 1, 2, '2026-08-10 10:23:51', '2026-08-10 10:23:51'),
(1693, 363, 'Cucumber Lemonade', 'none', 0.00, 0, 1, 2, '2026-08-10 10:23:51', '2026-08-10 10:23:51'),
(1692, 364, 'Cucumber Lemonade', 'none', 0.00, 0, 1, 2, '2026-08-10 10:23:51', '2026-08-10 10:23:51'),
(1690, 366, 'Cucumber Lemonade', 'none', 0.00, 0, 1, 2, '2026-08-10 10:23:51', '2026-08-10 10:23:51'),
(1691, 365, 'Cucumber Lemonade', 'none', 0.00, 0, 1, 2, '2026-08-10 10:23:51', '2026-08-10 10:23:51'),
(1689, 343, 'Blue Lemonade', 'none', 0.00, 0, 1, 1, '2026-08-10 10:23:51', '2026-08-10 10:23:51'),
(1687, 345, 'Blue Lemonade', 'none', 0.00, 0, 1, 1, '2026-08-10 10:23:51', '2026-08-10 10:23:51'),
(1688, 344, 'Blue Lemonade', 'none', 0.00, 0, 1, 1, '2026-08-10 10:23:51', '2026-08-10 10:23:51'),
(1686, 346, 'Blue Lemonade', 'none', 0.00, 0, 1, 1, '2026-08-10 10:23:51', '2026-08-10 10:23:51'),
(1684, 348, 'Blue Lemonade', 'none', 0.00, 0, 1, 1, '2026-08-10 10:23:51', '2026-08-10 10:23:51'),
(1685, 347, 'Blue Lemonade', 'none', 0.00, 0, 1, 1, '2026-08-10 10:23:51', '2026-08-10 10:23:51'),
(1683, 349, 'Blue Lemonade', 'none', 0.00, 0, 1, 1, '2026-08-10 10:23:51', '2026-08-10 10:23:51'),
(1681, 351, 'Blue Lemonade', 'none', 0.00, 0, 1, 1, '2026-08-10 10:23:51', '2026-08-10 10:23:51'),
(1682, 350, 'Blue Lemonade', 'none', 0.00, 0, 1, 1, '2026-08-10 10:23:51', '2026-08-10 10:23:51'),
(1680, 352, 'Blue Lemonade', 'none', 0.00, 0, 1, 1, '2026-08-10 10:23:51', '2026-08-10 10:23:51'),
(1678, 354, 'Blue Lemonade', 'none', 0.00, 0, 1, 1, '2026-08-10 10:23:51', '2026-08-10 10:23:51'),
(1679, 353, 'Blue Lemonade', 'none', 0.00, 0, 1, 1, '2026-08-10 10:23:51', '2026-08-10 10:23:51'),
(1677, 355, 'Blue Lemonade', 'none', 0.00, 0, 1, 1, '2026-08-10 10:23:51', '2026-08-10 10:23:51'),
(1675, 357, 'Blue Lemonade', 'none', 0.00, 0, 1, 1, '2026-08-10 10:23:51', '2026-08-10 10:23:51'),
(1676, 356, 'Blue Lemonade', 'none', 0.00, 0, 1, 1, '2026-08-10 10:23:51', '2026-08-10 10:23:51'),
(1674, 358, 'Blue Lemonade', 'none', 0.00, 0, 1, 1, '2026-08-10 10:23:51', '2026-08-10 10:23:51'),
(1672, 360, 'Blue Lemonade', 'none', 0.00, 0, 1, 1, '2026-08-10 10:23:51', '2026-08-10 10:23:51'),
(1673, 359, 'Blue Lemonade', 'none', 0.00, 0, 1, 1, '2026-08-10 10:23:51', '2026-08-10 10:23:51'),
(1671, 361, 'Blue Lemonade', 'none', 0.00, 0, 1, 1, '2026-08-10 10:23:51', '2026-08-10 10:23:51'),
(1669, 363, 'Blue Lemonade', 'none', 0.00, 0, 1, 1, '2026-08-10 10:23:51', '2026-08-10 10:23:51'),
(1670, 362, 'Blue Lemonade', 'none', 0.00, 0, 1, 1, '2026-08-10 10:23:51', '2026-08-10 10:23:51'),
(1668, 364, 'Blue Lemonade', 'none', 0.00, 0, 1, 1, '2026-08-10 10:23:51', '2026-08-10 10:23:51'),
(1666, 366, 'Blue Lemonade', 'none', 0.00, 0, 1, 1, '2026-08-10 10:23:51', '2026-08-10 10:23:51'),
(1667, 365, 'Blue Lemonade', 'none', 0.00, 0, 1, 1, '2026-08-10 10:23:51', '2026-08-10 10:23:51'),
(1386, 244, 'Red Ice Tea', 'none', 0.00, 0, 1, 7, '2026-08-07 12:54:29', '2026-08-07 12:54:29'),
(1387, 220, 'Red Ice Tea', 'none', 0.00, 0, 1, 7, '2026-08-07 12:54:29', '2026-08-07 12:54:29');

-- --------------------------------------------------------

--
-- Table structure for table `order_items`
--

CREATE TABLE `order_items` (
  `id` bigint UNSIGNED NOT NULL,
  `order_id` bigint UNSIGNED NOT NULL,
  `menu_item_id` bigint UNSIGNED NOT NULL,
  `item_name` varchar(191) CHARACTER SET utf8mb4 COLLATE utf8mb4_unicode_ci NOT NULL,
  `image` varchar(191) CHARACTER SET utf8mb4 COLLATE utf8mb4_unicode_ci DEFAULT NULL,
  `unit_price` decimal(8,2) NOT NULL,
  `quantity` tinyint UNSIGNED NOT NULL DEFAULT '1',
  `subtotal` decimal(10,2) NOT NULL,
  `modifiers` json DEFAULT NULL,
  `created_at` timestamp NULL DEFAULT NULL,
  `updated_at` timestamp NULL DEFAULT NULL
) ENGINE=MyISAM DEFAULT CHARSET=utf8mb4 COLLATE=utf8mb4_unicode_ci;

--
-- Dumping data for table `order_items`
--

INSERT INTO `order_items` (`id`, `order_id`, `menu_item_id`, `item_name`, `image`, `unit_price`, `quantity`, `subtotal`, `modifiers`, `created_at`, `updated_at`) VALUES
(972, 439, 24, 'Sagana Sa EUT', '/images/menu/sagana-sa-eut.webp', 6499.00, 1, 6499.00, '[{\"name\": \"Plain Rice\", \"type\": \"flavor\", \"price_type\": \"none\", \"price_adjustment\": 0}, {\"name\": \"Pork\", \"type\": \"flavor\", \"price_type\": \"none\", \"price_adjustment\": 0}, {\"name\": \"Beef\", \"type\": \"flavor\", \"price_type\": \"none\", \"price_adjustment\": 0}, {\"name\": \"Sizzling Cheesy\", \"type\": \"flavor\", \"price_type\": \"none\", \"price_adjustment\": 0}, {\"name\": \"Binagoongan\", \"type\": \"flavor\", \"price_type\": \"none\", \"price_adjustment\": 0}, {\"name\": \"Buffalo\", \"type\": \"flavor\", \"price_type\": \"none\", \"price_adjustment\": 0}, {\"name\": \"Halo-Halo\", \"type\": \"flavor\", \"price_type\": \"none\", \"price_adjustment\": 0}, {\"name\": \"Cucumber Lemonade\", \"type\": \"flavor\", \"price_type\": \"none\", \"price_adjustment\": 0}]', '2026-08-17 00:37:53', '2026-08-17 00:37:53'),
(966, 438, 336, 'HALO HALO (COMBO)', '/images/hero-burger.webp', 60.00, 1, 60.00, NULL, '2026-08-17 00:33:07', '2026-08-17 00:33:07'),
(967, 438, 31, 'Leche Flan', '/storage/menu-items/HQ6WXJryo0kSqi3UoZUTdQDEMLGL1jUFgxmQvuEK.jpg', 35.00, 1, 35.00, '[{\"name\": \"Small\", \"type\": \"modifier\", \"price_type\": \"none\", \"price_adjustment\": 0}]', '2026-08-17 00:33:07', '2026-08-17 00:33:07'),
(971, 438, 36, 'Vegetable Salad', '/images/menu/vegetable-salad.webp', 139.00, 1, 139.00, NULL, '2026-08-17 00:33:40', '2026-08-17 00:33:40'),
(970, 438, 34, 'Buko Pandan', '/images/menu/buko-pandan.webp', 99.00, 1, 99.00, '[{\"name\": \"Small\", \"type\": \"modifier\", \"price_type\": \"none\", \"price_adjustment\": 0}]', '2026-08-17 00:33:40', '2026-08-17 00:33:40'),
(969, 438, 35, 'Saging Con-Yelo', '/images/menu/saging-con-yelo.webp', 79.00, 1, 79.00, '[{\"name\": \"Small\", \"type\": \"modifier\", \"price_type\": \"none\", \"price_adjustment\": 0}]', '2026-08-17 00:33:40', '2026-08-17 00:33:40'),
(968, 438, 30, 'Halo-Halong E.U.T.', '/images/menu/halo-halong-eut.webp', 199.00, 1, 199.00, NULL, '2026-08-17 00:33:07', '2026-08-17 00:33:07'),
(473, 253, 28, 'Classic Halo-Halo', '/storage/menu-items/cf5i67UOJKNchHc5uEIr2PDLW2ck5Wg5fuxUyMcp.jpg', 99.00, 1, 99.00, NULL, '2026-08-14 15:08:12', '2026-08-14 15:08:12'),
(952, 433, 22, 'U3-3 Pcs. Wings', '/storage/menu-items/v16IltFY6gNJZSXsNMN8ZYwVeCO1bAnp0TuuhPqW.jpg', 179.00, 2, 358.00, NULL, '2026-08-16 23:37:08', '2026-08-16 23:37:08'),
(953, 434, 23, 'U4-5 Pcs. Wings', '/storage/menu-items/AO5Zlgu7AHvtqmuUhVK7Z7fBR7VQdXGqimJOa61P.jpg', 279.00, 2, 558.00, NULL, '2026-08-16 23:38:56', '2026-08-16 23:38:56'),
(954, 434, 22, 'U3-3 Pcs. Wings', '/storage/menu-items/v16IltFY6gNJZSXsNMN8ZYwVeCO1bAnp0TuuhPqW.jpg', 179.00, 1, 179.00, NULL, '2026-08-16 23:38:56', '2026-08-16 23:38:56'),
(955, 435, 21, 'U2-Chicken Inasal', '/storage/menu-items/7waTQzG35yDtmuEpGG4Teq85DO5xjECZdy79fMXm.jpg', 199.00, 1, 199.00, NULL, '2026-08-17 00:21:25', '2026-08-17 00:21:25'),
(956, 435, 20, 'U1-Pork Inasal', '/storage/menu-items/HZIFTis0sUss1t5rxSSW5RLuMgcUG5UXvyuM91nl.jpg', 229.00, 1, 229.00, NULL, '2026-08-17 00:21:25', '2026-08-17 00:21:25'),
(957, 435, 22, 'U3-3 Pcs. Wings', '/storage/menu-items/v16IltFY6gNJZSXsNMN8ZYwVeCO1bAnp0TuuhPqW.jpg', 179.00, 1, 179.00, NULL, '2026-08-17 00:21:25', '2026-08-17 00:21:25'),
(958, 435, 23, 'U4-5 Pcs. Wings', '/storage/menu-items/AO5Zlgu7AHvtqmuUhVK7Z7fBR7VQdXGqimJOa61P.jpg', 279.00, 1, 279.00, NULL, '2026-08-17 00:21:25', '2026-08-17 00:21:25'),
(959, 436, 33, 'Mango Tappioca', '/images/menu/mango-tappioca.webp', 99.00, 1, 99.00, '[{\"name\": \"Small\", \"type\": \"modifier\", \"price_type\": \"none\", \"price_adjustment\": 0}]', '2026-08-17 00:22:26', '2026-08-17 00:22:26'),
(960, 436, 32, 'Mais Con-Yelo', '/storage/menu-items/kBIKJMlSsV5dnZh6U6Chj3lPhouB4NyHT86nOeW4.jpg', 89.00, 1, 89.00, '[{\"name\": \"Small\", \"type\": \"modifier\", \"price_type\": \"none\", \"price_adjustment\": 0}]', '2026-08-17 00:22:26', '2026-08-17 00:22:26'),
(961, 436, 34, 'Buko Pandan', '/images/menu/buko-pandan.webp', 99.00, 1, 99.00, '[{\"name\": \"Small\", \"type\": \"modifier\", \"price_type\": \"none\", \"price_adjustment\": 0}]', '2026-08-17 00:22:26', '2026-08-17 00:22:26'),
(962, 437, 27, 'Sabik Sa EUT', '/images/menu/sabik-sa-eut.webp', 1499.00, 16, 23984.00, '[{\"name\": \"Buffalo\", \"type\": \"flavor\", \"price_type\": \"none\", \"price_adjustment\": 0}, {\"name\": \"Spaghetti\", \"type\": \"flavor\", \"price_type\": \"none\", \"price_adjustment\": 0}, {\"name\": \"Halo-Halo\", \"type\": \"flavor\", \"price_type\": \"none\", \"price_adjustment\": 0}, {\"name\": \"Cucumber Lemonade\", \"type\": \"flavor\", \"price_type\": \"none\", \"price_adjustment\": 0}]', '2026-08-17 00:27:39', '2026-08-17 00:27:39'),
(963, 438, 29, 'Special Halo-Halo', '/storage/menu-items/PutysgFdmZ9wrtgXJPQWcEPojxkCrmjkkapSI01H.jpg', 139.00, 1, 139.00, NULL, '2026-08-17 00:33:07', '2026-08-17 00:33:07'),
(964, 438, 28, 'Classic Halo-Halo', '/storage/menu-items/cf5i67UOJKNchHc5uEIr2PDLW2ck5Wg5fuxUyMcp.jpg', 99.00, 1, 99.00, NULL, '2026-08-17 00:33:07', '2026-08-17 00:33:07'),
(965, 438, 33, 'Mango Tappioca', '/images/menu/mango-tappioca.webp', 99.00, 1, 99.00, '[{\"name\": \"Small\", \"type\": \"modifier\", \"price_type\": \"none\", \"price_adjustment\": 0}]', '2026-08-17 00:33:07', '2026-08-17 00:33:07'),
(815, 380, 22, 'U3-3 Pcs. Wings', '/storage/menu-items/v16IltFY6gNJZSXsNMN8ZYwVeCO1bAnp0TuuhPqW.jpg', 179.00, 1, 179.00, '[{\"name\": \"Cucumber Lemonade\", \"type\": \"modifier\", \"price_type\": \"none\", \"price_adjustment\": 0}]', '2026-08-16 13:17:07', '2026-08-16 13:17:07'),
(816, 380, 21, 'U2-Chicken Inasal', '/storage/menu-items/7waTQzG35yDtmuEpGG4Teq85DO5xjECZdy79fMXm.jpg', 199.00, 1, 199.00, '[{\"name\": \"Black Gulaman\", \"type\": \"modifier\", \"price_type\": \"none\", \"price_adjustment\": 0}]', '2026-08-16 13:17:07', '2026-08-16 13:17:07'),
(817, 380, 20, 'U1-Pork Inasal', '/storage/menu-items/HZIFTis0sUss1t5rxSSW5RLuMgcUG5UXvyuM91nl.jpg', 229.00, 1, 229.00, '[{\"name\": \"Red Ice Tea\", \"type\": \"modifier\", \"price_type\": \"none\", \"price_adjustment\": 0}]', '2026-08-16 13:17:07', '2026-08-16 13:17:07'),
(818, 380, 99, 'P9-Loming Bitin Sa E.U.T.', '/images/menu/lomi-small.webp', 89.00, 1, 89.00, NULL, '2026-08-16 13:17:07', '2026-08-16 13:17:07'),
(819, 381, 29, 'Special Halo-Halo', '/storage/menu-items/PutysgFdmZ9wrtgXJPQWcEPojxkCrmjkkapSI01H.jpg', 139.00, 2, 278.00, NULL, '2026-08-16 13:17:45', '2026-08-16 13:17:45'),
(820, 381, 234, 'RM5 Sizzling Bangus', 'images/menu/rice.jpg', 139.00, 1, 139.00, NULL, '2026-08-16 13:17:45', '2026-08-16 13:17:45'),
(821, 382, 28, 'Classic Halo-Halo', '/storage/menu-items/cf5i67UOJKNchHc5uEIr2PDLW2ck5Wg5fuxUyMcp.jpg', 99.00, 5, 495.00, NULL, '2026-08-16 13:20:09', '2026-08-16 13:21:20'),
(822, 383, 129, 'Special Fries', '/storage/menu-items/he7m6OpSnh8a5l4Rqj7d3flHOkWYCZwY9yvHArwt.jpg', 159.00, 1, 159.00, NULL, '2026-08-16 13:32:19', '2026-08-16 13:32:19'),
(823, 383, 171, 'Fried Chicken Rice Bowl', '/images/menu/fried-chicken-rice-bowl.webp', 109.00, 1, 109.00, '[{\"name\": \"Buffalo\", \"type\": \"flavor\", \"price_type\": \"none\", \"price_adjustment\": 0}]', '2026-08-16 13:32:19', '2026-08-16 13:32:19'),
(824, 383, 79, 'Lychee Lemonade', '/images/menu/lychee-lemonade.webp', 49.00, 1, 49.00, '[{\"name\": \"Single\", \"type\": \"modifier\", \"price_type\": \"none\", \"price_adjustment\": 0}]', '2026-08-16 13:32:19', '2026-08-16 13:32:19'),
(825, 384, 33, 'Mango Tappioca', '/images/menu/mango-tappioca.webp', 99.00, 1, 99.00, '[{\"name\": \"Small\", \"type\": \"modifier\", \"price_type\": \"none\", \"price_adjustment\": 0}]', '2026-08-16 13:40:03', '2026-08-16 13:40:03'),
(826, 385, 317, 'CHEESECAKE MILK TEA', '/storage/menu-items/Ps5xfJh6sxn28tLg7iTdHL16jxuxGFP26KIXFtkY.webp', 49.00, 1, 49.00, '[{\"name\": \"22 Onz\", \"type\": \"modifier\", \"price_type\": \"add\", \"price_adjustment\": 10}]', '2026-08-16 13:46:54', '2026-08-16 13:46:54'),
(827, 386, 93, 'P3-Canton Guisado', '/storage/menu-items/WuboUsNk2LRN9ezZ6UxwS1zUizFTuJ9F7clZ8wwZ.jpg', 129.00, 9, 1161.00, '[{\"name\": \"Regular\", \"type\": \"modifier\", \"price_type\": \"none\", \"price_adjustment\": 0}]', '2026-08-16 13:54:34', '2026-08-16 13:54:34'),
(828, 386, 20, 'U1-Pork Inasal', '/storage/menu-items/HZIFTis0sUss1t5rxSSW5RLuMgcUG5UXvyuM91nl.jpg', 229.00, 1, 229.00, '[{\"name\": \"Cucumber Lemonade\", \"type\": \"modifier\", \"price_type\": \"none\", \"price_adjustment\": 0}]', '2026-08-16 13:54:34', '2026-08-16 13:54:34'),
(829, 387, 235, 'RM6 2 Pcs Wings', 'images/menu/rice.jpg', 139.00, 2, 278.00, NULL, '2026-08-16 14:30:58', '2026-08-16 14:30:58'),
(830, 387, 301, 'ICED MATCHA LATTE', '/storage/menu-items/Mwat52KnQlU1Ntj0G4hpjlGfER8NvSbEGYjhTHOa.jpg', 79.00, 3, 237.00, NULL, '2026-08-16 14:30:58', '2026-08-16 14:30:58'),
(831, 387, 127, 'Couple Fries', '/storage/menu-items/ZHEswpzA2sMPTqUyXYH3WjkT8EjGJAZHPTDbnLXF.jpg', 139.00, 1, 139.00, '[{\"name\": \"Barbeque\", \"type\": \"flavor\", \"price_type\": \"none\", \"price_adjustment\": 0}]', '2026-08-16 14:30:58', '2026-08-16 14:30:58'),
(832, 388, 85, 'B8 Bilao', '/storage/menu-items/CKkq1xkgNmhyHPjoHi9wPOqCoaSn182znWAmEpPG.jpg', 259.00, 1, 259.00, '[{\"name\": \"Canton\", \"type\": \"flavor\", \"price_type\": \"add\", \"price_adjustment\": 50}]', '2026-08-16 14:58:03', '2026-08-16 14:58:03'),
(833, 388, 99, 'P9-Loming Bitin Sa E.U.T.', '/images/menu/lomi-small.webp', 89.00, 1, 89.00, NULL, '2026-08-16 14:58:03', '2026-08-16 14:58:03'),
(834, 389, 29, 'Special Halo-Halo', '/storage/menu-items/PutysgFdmZ9wrtgXJPQWcEPojxkCrmjkkapSI01H.jpg', 139.00, 1, 139.00, NULL, '2026-08-16 15:05:52', '2026-08-16 15:05:52'),
(835, 389, 31, 'Leche Flan', '/storage/menu-items/HQ6WXJryo0kSqi3UoZUTdQDEMLGL1jUFgxmQvuEK.jpg', 90.00, 1, 90.00, '[{\"name\": \"Large\", \"type\": \"modifier\", \"price_type\": \"add\", \"price_adjustment\": 55}]', '2026-08-16 15:05:52', '2026-08-16 15:05:52'),
(836, 389, 197, 'Classic Beef Burger', '/storage/menu-items/TgW3y9i7Butt5il5VOeWkPIDPPlUVhszbySwo23y.jpg', 79.00, 1, 79.00, NULL, '2026-08-16 15:05:52', '2026-08-16 15:05:52'),
(837, 389, 126, 'Classic Fries', '/storage/menu-items/NY9CJsnS6aP64qN4jWN7gtcpUbCYrw0FamUkYOfB.jpg', 60.00, 1, 60.00, '[{\"name\": \"Cheese\", \"type\": \"flavor\", \"price_type\": \"none\", \"price_adjustment\": 0}]', '2026-08-16 15:05:52', '2026-08-16 15:05:52'),
(838, 390, 313, 'MATCHA MILK TEA', '/storage/menu-items/iQeh7uMGA5fdJyrGOWD2lpxsuOXdMvpy8D9IHhXl.jpg', 49.00, 1, 49.00, '[{\"name\": \"22 Onz\", \"type\": \"modifier\", \"price_type\": \"add\", \"price_adjustment\": 10}]', '2026-08-16 15:18:29', '2026-08-16 15:18:29'),
(839, 390, 330, 'OKINAWA MILK TEA', '/storage/menu-items/DlWzvw0ZkQyhLbp4Mcgqqw0QRDzJDbLqRrWFuNVt.jpg', 39.00, 1, 39.00, '[{\"name\": \"16 Onz\", \"type\": \"modifier\", \"price_type\": \"none\", \"price_adjustment\": 0}]', '2026-08-16 15:18:29', '2026-08-16 15:18:29'),
(840, 390, 138, 'Chicken Shawarma', '/images/menu/chicken-shawarma.webp', 109.00, 2, 218.00, NULL, '2026-08-16 15:18:29', '2026-08-16 15:18:29'),
(841, 391, 28, 'Classic Halo-Halo', '/storage/menu-items/cf5i67UOJKNchHc5uEIr2PDLW2ck5Wg5fuxUyMcp.jpg', 99.00, 1, 99.00, NULL, '2026-08-16 15:20:32', '2026-08-16 15:20:32'),
(842, 392, 21, 'U2-Chicken Inasal', '/storage/menu-items/7waTQzG35yDtmuEpGG4Teq85DO5xjECZdy79fMXm.jpg', 199.00, 6, 1194.00, '[{\"name\": \"Red Ice Tea\", \"type\": \"modifier\", \"price_type\": \"none\", \"price_adjustment\": 0}]', '2026-08-16 15:26:22', '2026-08-16 15:26:22'),
(843, 392, 288, 'ICED SALTED CARAMEL MACCHIATO', '/storage/menu-items/bgVtLeQ8PbQgtstB6AhweZ0Gn8TJPjs9METMFmff.webp', 79.00, 1, 79.00, NULL, '2026-08-16 15:26:22', '2026-08-16 15:26:22'),
(844, 393, 230, 'RM1 Sizzling Pork Sisig', '/storage/menu-items/AbndEcJvgxpL7Xwl0l0M1dM1BAd1Voe4oSm4BuOz.jpg', 179.00, 1, 179.00, NULL, '2026-08-16 15:41:58', '2026-08-16 15:41:58'),
(845, 394, 21, 'U2-Chicken Inasal', '/storage/menu-items/7waTQzG35yDtmuEpGG4Teq85DO5xjECZdy79fMXm.jpg', 199.00, 1, 199.00, '[{\"name\": \"Red Ice Tea\", \"type\": \"modifier\", \"price_type\": \"none\", \"price_adjustment\": 0}]', '2026-08-16 15:42:36', '2026-08-16 15:42:36'),
(846, 395, 21, 'U2-Chicken Inasal', '/storage/menu-items/7waTQzG35yDtmuEpGG4Teq85DO5xjECZdy79fMXm.jpg', 199.00, 1, 199.00, '[{\"name\": \"Cucumber Lemonade\", \"type\": \"modifier\", \"price_type\": \"none\", \"price_adjustment\": 0}]', '2026-08-16 15:57:41', '2026-08-16 15:57:41'),
(847, 395, 21, 'U2-Chicken Inasal', '/storage/menu-items/7waTQzG35yDtmuEpGG4Teq85DO5xjECZdy79fMXm.jpg', 199.00, 1, 199.00, '[{\"name\": \"Black Gulaman\", \"type\": \"modifier\", \"price_type\": \"none\", \"price_adjustment\": 0}]', '2026-08-16 15:57:41', '2026-08-16 15:57:41'),
(848, 395, 81, 'Lemon Ade', '/images/menu/lemon-ade.webp', 39.00, 1, 39.00, '[{\"name\": \"Single\", \"type\": \"modifier\", \"price_type\": \"none\", \"price_adjustment\": 0}]', '2026-08-16 15:57:41', '2026-08-16 15:57:41'),
(849, 396, 174, 'SEX-12: Spam + Sisig', 'images/menu/rice.jpg', 199.00, 1, 199.00, '[{\"name\": \"Cucumber Lemonade\", \"type\": \"modifier\", \"price_type\": \"none\", \"price_adjustment\": 0}]', '2026-08-16 16:06:16', '2026-08-16 16:06:16'),
(850, 396, 99, 'P9-Loming Bitin Sa E.U.T.', '/images/menu/lomi-small.webp', 89.00, 1, 89.00, NULL, '2026-08-16 16:06:16', '2026-08-16 16:06:16'),
(851, 396, 263, 'FRIED RICE', '/storage/menu-items/oQzD1PihwCXxsvdorAL6dpsR5mlxmGWPtQo9qAU6.webp', 30.00, 1, 30.00, NULL, '2026-08-16 16:06:16', '2026-08-16 16:06:16'),
(852, 396, 278, 'Coke Mismo', '/storage/menu-items/LWawlQ0nngmKhCSxJSemmWTzqKjsYUIefqbH34TK.jpg', 25.00, 1, 25.00, NULL, '2026-08-16 16:06:16', '2026-08-16 16:06:16'),
(853, 397, 218, 'S6 SEX-Chicken Tocino', 'images/menu/rice.jpg', 129.00, 1, 129.00, NULL, '2026-08-16 16:14:37', '2026-08-16 16:14:37'),
(854, 398, 158, 'Pork Sisig', '/images/menu/pork-sisig.webp', 179.00, 1, 179.00, '[{\"name\": \"May Kalaguyo\", \"type\": \"modifier\", \"price_type\": \"none\", \"price_adjustment\": 0}]', '2026-08-16 16:24:45', '2026-08-16 16:24:45'),
(855, 399, 95, 'P5-Bihon-Canton Guisado', '/storage/menu-items/smdZMqs9T79GN3j4DMJIuJi53gQ0ALojBvmfSepB.jpg', 139.00, 2, 278.00, '[{\"name\": \"Regular\", \"type\": \"modifier\", \"price_type\": \"none\", \"price_adjustment\": 0}]', '2026-08-16 16:43:25', '2026-08-16 16:43:25'),
(856, 400, 103, 'P13-Spaghetti', '/images/menu/spaghetti.webp', 129.00, 1, 129.00, '[{\"name\": \"Regular\", \"type\": \"modifier\", \"price_type\": \"none\", \"price_adjustment\": 0}]', '2026-08-16 17:04:34', '2026-08-16 17:04:34'),
(857, 400, 197, 'Classic Beef Burger', '/storage/menu-items/TgW3y9i7Butt5il5VOeWkPIDPPlUVhszbySwo23y.jpg', 79.00, 1, 79.00, NULL, '2026-08-16 17:04:34', '2026-08-16 17:04:34'),
(858, 400, 160, 'W1 ??? 3 Pcs Wings', '/storage/menu-items/DixrAZGZ51KeOUQHlUw0oU7faaWboDXqfgSLcJNQ.jpg', 169.00, 1, 169.00, '[{\"name\": \"Buffalo\", \"type\": \"flavor\", \"price_type\": \"none\", \"price_adjustment\": 0}]', '2026-08-16 17:04:34', '2026-08-16 17:04:34'),
(859, 400, 198, 'Classic Mozzarella Burger', '/storage/menu-items/PAtWw2PBIODT1naimTuZ8lRVpBWKVbv9HYWJOsPn.jpg', 99.00, 3, 297.00, NULL, '2026-08-16 17:04:34', '2026-08-16 17:04:34'),
(860, 400, 63, 'F1-Manggo Shake', '/images/menu/mango-shake.webp', 99.00, 1, 99.00, NULL, '2026-08-16 17:04:34', '2026-08-16 17:04:34'),
(861, 401, 219, 'S7 SEX-Pork Tocino', 'images/menu/rice.jpg', 139.00, 1, 139.00, NULL, '2026-08-16 17:14:40', '2026-08-16 17:14:40'),
(862, 401, 171, 'Fried Chicken Rice Bowl', '/images/menu/fried-chicken-rice-bowl.webp', 109.00, 1, 109.00, '[{\"name\": \"Honey Butter\", \"type\": \"flavor\", \"price_type\": \"none\", \"price_adjustment\": 0}]', '2026-08-16 17:14:40', '2026-08-16 17:14:40'),
(863, 401, 92, 'P2-Bihon Guisado', '/storage/menu-items/98dnwXL6WF4anLXwZREitMpwTr106XNv2AbYMnyh.jpg', 119.00, 1, 119.00, '[{\"name\": \"Regular\", \"type\": \"modifier\", \"price_type\": \"none\", \"price_adjustment\": 0}]', '2026-08-16 17:14:40', '2026-08-16 17:14:40'),
(864, 401, 198, 'Classic Mozzarella Burger', '/storage/menu-items/PAtWw2PBIODT1naimTuZ8lRVpBWKVbv9HYWJOsPn.jpg', 99.00, 1, 99.00, NULL, '2026-08-16 17:14:40', '2026-08-16 17:14:40'),
(865, 401, 55, 'FS3-Oreo Chocolate Milk Shake', '/storage/menu-items/KaFXrPnwXr6Xu4cKS30KYNOPwZMdNXLYvyIhATj6.jpg', 129.00, 1, 129.00, NULL, '2026-08-16 17:14:40', '2026-08-16 17:14:40'),
(866, 402, 99, 'P9-Loming Bitin Sa E.U.T.', '/images/menu/lomi-small.webp', 89.00, 1, 89.00, NULL, '2026-08-16 17:17:10', '2026-08-16 17:17:10'),
(867, 403, 198, 'Classic Mozzarella Burger', '/storage/menu-items/PAtWw2PBIODT1naimTuZ8lRVpBWKVbv9HYWJOsPn.jpg', 99.00, 1, 99.00, NULL, '2026-08-16 17:30:33', '2026-08-16 17:30:33'),
(868, 404, 55, 'FS3-Oreo Chocolate Milk Shake', '/storage/menu-items/KaFXrPnwXr6Xu4cKS30KYNOPwZMdNXLYvyIhATj6.jpg', 129.00, 1, 129.00, NULL, '2026-08-16 17:37:02', '2026-08-16 17:37:02'),
(869, 405, 128, 'Family Fries', '/storage/menu-items/1YPiZ4kk2guzC5MHoLgmYwHeVOawMEMvdroOgIcF.jpg', 189.00, 1, 189.00, '[{\"name\": \"Cheese\", \"type\": \"flavor\", \"price_type\": \"none\", \"price_adjustment\": 0}]', '2026-08-16 17:45:42', '2026-08-16 17:45:42'),
(870, 405, 23, 'U4-5 Pcs. Wings', '/storage/menu-items/AO5Zlgu7AHvtqmuUhVK7Z7fBR7VQdXGqimJOa61P.jpg', 279.00, 1, 279.00, '[{\"name\": \"Black Gulaman\", \"type\": \"modifier\", \"price_type\": \"none\", \"price_adjustment\": 0}]', '2026-08-16 17:45:42', '2026-08-16 17:45:42'),
(871, 405, 21, 'U2-Chicken Inasal', '/storage/menu-items/7waTQzG35yDtmuEpGG4Teq85DO5xjECZdy79fMXm.jpg', 259.00, 2, 518.00, '[{\"name\": \"Red Ice Tea\", \"type\": \"modifier\", \"price_type\": \"none\", \"price_adjustment\": 0}, {\"name\": \"HALO HALO\", \"type\": \"addon\", \"price_type\": \"add\", \"price_adjustment\": 60}]', '2026-08-16 17:45:42', '2026-08-16 17:45:42'),
(872, 405, 219, 'S7 SEX-Pork Tocino', 'images/menu/rice.jpg', 139.00, 1, 139.00, NULL, '2026-08-16 17:45:42', '2026-08-16 17:45:42'),
(873, 405, 31, 'Leche Flan', '/storage/menu-items/HQ6WXJryo0kSqi3UoZUTdQDEMLGL1jUFgxmQvuEK.jpg', 90.00, 1, 90.00, '[{\"name\": \"Large\", \"type\": \"modifier\", \"price_type\": \"add\", \"price_adjustment\": 55}]', '2026-08-16 17:45:42', '2026-08-16 17:45:42'),
(874, 405, 63, 'F1-Manggo Shake', '/images/menu/mango-shake.webp', 99.00, 1, 99.00, NULL, '2026-08-16 17:45:42', '2026-08-16 17:45:42'),
(875, 406, 230, 'RM1 Sizzling Pork Sisig', '/storage/menu-items/AbndEcJvgxpL7Xwl0l0M1dM1BAd1Voe4oSm4BuOz.jpg', 179.00, 1, 179.00, NULL, '2026-08-16 17:51:55', '2026-08-16 17:51:55'),
(876, 406, 22, 'U3-3 Pcs. Wings', '/storage/menu-items/v16IltFY6gNJZSXsNMN8ZYwVeCO1bAnp0TuuhPqW.jpg', 179.00, 2, 358.00, '[{\"name\": \"Cucumber Lemonade\", \"type\": \"modifier\", \"price_type\": \"none\", \"price_adjustment\": 0}]', '2026-08-16 17:51:55', '2026-08-16 17:51:55'),
(877, 406, 21, 'U2-Chicken Inasal', '/storage/menu-items/7waTQzG35yDtmuEpGG4Teq85DO5xjECZdy79fMXm.jpg', 199.00, 1, 199.00, '[{\"name\": \"Cucumber Lemonade\", \"type\": \"modifier\", \"price_type\": \"none\", \"price_adjustment\": 0}]', '2026-08-16 17:51:55', '2026-08-16 17:51:55'),
(878, 406, 22, 'U3-3 Pcs. Wings', '/storage/menu-items/v16IltFY6gNJZSXsNMN8ZYwVeCO1bAnp0TuuhPqW.jpg', 179.00, 1, 179.00, '[{\"name\": \"Black Gulaman\", \"type\": \"modifier\", \"price_type\": \"none\", \"price_adjustment\": 0}]', '2026-08-16 17:51:55', '2026-08-16 17:51:55'),
(879, 407, 31, 'Leche Flan', '/storage/menu-items/HQ6WXJryo0kSqi3UoZUTdQDEMLGL1jUFgxmQvuEK.jpg', 90.00, 1, 90.00, '[{\"name\": \"Large\", \"type\": \"modifier\", \"price_type\": \"add\", \"price_adjustment\": 55}]', '2026-08-16 18:04:53', '2026-08-16 18:04:53'),
(942, 430, 21, 'U2-Chicken Inasal', '/storage/menu-items/7waTQzG35yDtmuEpGG4Teq85DO5xjECZdy79fMXm.jpg', 199.00, 4, 796.00, NULL, '2026-08-16 23:17:01', '2026-08-16 23:17:01'),
(883, 409, 66, 'F4-Melon Shake', '/images/menu/melon-shake.webp', 99.00, 1, 99.00, NULL, '2026-08-16 18:13:51', '2026-08-16 18:13:51'),
(884, 409, 206, 'Double Mozzarella Burger', 'images/menu/burger.jpg', 179.00, 1, 179.00, NULL, '2026-08-16 18:13:51', '2026-08-16 18:13:51'),
(885, 409, 212, 'EUT Signature Burger', '/storage/menu-items/mGvuLQngW0vh2b9WHl7svcTkoh2NlQKW7M4Z7QH9.jpg', 239.00, 1, 239.00, NULL, '2026-08-16 18:13:51', '2026-08-16 18:13:51'),
(886, 410, 93, 'P3-Canton Guisado', '/storage/menu-items/WuboUsNk2LRN9ezZ6UxwS1zUizFTuJ9F7clZ8wwZ.jpg', 129.00, 2, 258.00, '[{\"name\": \"Regular\", \"type\": \"modifier\", \"price_type\": \"none\", \"price_adjustment\": 0}]', '2026-08-16 18:17:12', '2026-08-16 18:17:12'),
(887, 410, 178, 'SEX-16: Sisig + Tapa + FC', 'images/menu/rice.jpg', 219.00, 1, 219.00, '[{\"name\": \"Cucumber Lemonade\", \"type\": \"modifier\", \"price_type\": \"none\", \"price_adjustment\": 0}]', '2026-08-16 18:17:12', '2026-08-16 18:17:12'),
(888, 410, 128, 'Family Fries', '/storage/menu-items/1YPiZ4kk2guzC5MHoLgmYwHeVOawMEMvdroOgIcF.jpg', 189.00, 1, 189.00, '[{\"name\": \"Cheese\", \"type\": \"flavor\", \"price_type\": \"none\", \"price_adjustment\": 0}]', '2026-08-16 18:17:12', '2026-08-16 18:17:12'),
(889, 410, 207, 'Triplets Mozzarella Burger', 'images/menu/burger.jpg', 199.00, 2, 398.00, NULL, '2026-08-16 18:17:12', '2026-08-16 18:17:12'),
(890, 410, 43, 'Matcha Cream Milk', '/images/menu/matcha-cream-milk.webp', 59.00, 1, 59.00, NULL, '2026-08-16 18:17:12', '2026-08-16 18:17:12'),
(891, 410, 330, 'OKINAWA MILK TEA', '/storage/menu-items/DlWzvw0ZkQyhLbp4Mcgqqw0QRDzJDbLqRrWFuNVt.jpg', 49.00, 1, 49.00, '[{\"name\": \"22 Onz\", \"type\": \"modifier\", \"price_type\": \"add\", \"price_adjustment\": 10}]', '2026-08-16 18:17:12', '2026-08-16 18:17:12'),
(892, 410, 106, 'P16-Carbonara', '/images/menu/carbonara.webp', 199.00, 1, 199.00, '[{\"name\": \"Special\", \"type\": \"modifier\", \"price_type\": \"add\", \"price_adjustment\": 30}]', '2026-08-16 18:17:12', '2026-08-16 18:17:12'),
(893, 410, 288, 'ICED SALTED CARAMEL MACCHIATO', '/storage/menu-items/bgVtLeQ8PbQgtstB6AhweZ0Gn8TJPjs9METMFmff.webp', 79.00, 1, 79.00, NULL, '2026-08-16 18:17:12', '2026-08-16 18:17:12'),
(894, 410, 74, 'Ice Tea', '/images/menu/ice-tea.webp', 59.00, 1, 59.00, '[{\"name\": \"Single\", \"type\": \"modifier\", \"price_type\": \"none\", \"price_adjustment\": 0}]', '2026-08-16 18:17:12', '2026-08-16 18:17:12'),
(895, 411, 186, 'SEX-24: Sisig + Fillet + Hungarian', '/images/menu/sex-combo-plate.webp', 239.00, 1, 239.00, '[{\"name\": \"Black Gulaman\", \"type\": \"modifier\", \"price_type\": \"none\", \"price_adjustment\": 0}]', '2026-08-16 18:21:55', '2026-08-16 18:21:55'),
(896, 411, 97, 'P7-Sotanghon Guisado', '/storage/menu-items/t2uCeXXLksWPyRXuJ2iBWceD2yNKP4QqJLi9PVVb.jpg', 209.00, 1, 209.00, '[{\"name\": \"Special\", \"type\": \"modifier\", \"price_type\": \"add\", \"price_adjustment\": 90}]', '2026-08-16 18:21:55', '2026-08-16 18:21:55'),
(897, 411, 57, 'FS5-Nutella Chocolate Milk Shake', '/storage/menu-items/PlIF5FOSNmkiMnYGbmugewtrygQVUGIPF1JGhghG.jpg', 139.00, 1, 139.00, NULL, '2026-08-16 18:21:55', '2026-08-16 18:21:55'),
(898, 411, 21, 'U2-Chicken Inasal', '/storage/menu-items/7waTQzG35yDtmuEpGG4Teq85DO5xjECZdy79fMXm.jpg', 199.00, 1, 199.00, '[{\"name\": \"Black Gulaman\", \"type\": \"modifier\", \"price_type\": \"none\", \"price_adjustment\": 0}]', '2026-08-16 18:21:55', '2026-08-16 18:21:55'),
(899, 411, 65, 'F3-Banana Shake', '/images/menu/banana-shake.webp', 99.00, 1, 99.00, NULL, '2026-08-16 18:21:55', '2026-08-16 18:21:55'),
(900, 411, 127, 'Couple Fries', '/storage/menu-items/ZHEswpzA2sMPTqUyXYH3WjkT8EjGJAZHPTDbnLXF.jpg', 139.00, 1, 139.00, '[{\"name\": \"Sour Cream\", \"type\": \"flavor\", \"price_type\": \"none\", \"price_adjustment\": 0}]', '2026-08-16 18:21:55', '2026-08-16 18:21:55'),
(901, 412, 206, 'Double Mozzarella Burger', 'images/menu/burger.jpg', 179.00, 1, 179.00, NULL, '2026-08-16 18:32:49', '2026-08-16 18:32:49'),
(902, 413, 93, 'P3-Canton Guisado', '/storage/menu-items/WuboUsNk2LRN9ezZ6UxwS1zUizFTuJ9F7clZ8wwZ.jpg', 209.00, 1, 209.00, '[{\"name\": \"Special\", \"type\": \"modifier\", \"price_type\": \"add\", \"price_adjustment\": 80}]', '2026-08-16 19:02:51', '2026-08-16 19:02:51'),
(903, 413, 236, 'RM7 Fried Pork Liempo', 'images/menu/rice.jpg', 149.00, 1, 149.00, NULL, '2026-08-16 19:02:51', '2026-08-16 19:02:51'),
(904, 413, 243, 'RM14 Beef Shawarma Rice', 'images/menu/rice.jpg', 139.00, 1, 139.00, NULL, '2026-08-16 19:02:51', '2026-08-16 19:02:51'),
(905, 413, 111, 'Clubhouse Sandwich', '/storage/menu-items/UgfEcH2sXFCM0r2WPo3NA2wtTokQgz3YrrHzhSaF.jpg', 169.00, 1, 169.00, NULL, '2026-08-16 19:02:51', '2026-08-16 19:02:51'),
(906, 413, 72, 'Cucumber Lemonade', '/images/menu/cucumber-lemonade.webp', 49.00, 1, 49.00, '[{\"name\": \"Single\", \"type\": \"modifier\", \"price_type\": \"none\", \"price_adjustment\": 0}]', '2026-08-16 19:02:51', '2026-08-16 19:02:51'),
(907, 414, 230, 'RM1 Sizzling Pork Sisig', '/storage/menu-items/AbndEcJvgxpL7Xwl0l0M1dM1BAd1Voe4oSm4BuOz.jpg', 179.00, 1, 179.00, NULL, '2026-08-16 19:03:59', '2026-08-16 19:03:59'),
(908, 414, 170, 'Rice Bowl', '/images/menu/rice-bowl.webp', 89.00, 1, 89.00, '[{\"name\": \"Spam\", \"type\": \"modifier\", \"price_type\": \"none\", \"price_adjustment\": 0}]', '2026-08-16 19:03:59', '2026-08-16 19:03:59'),
(909, 414, 94, 'P4-Miki-Bihon Guisado', '/storage/menu-items/zNidW2ueZYeKrZOevbF4FVH1HBKm8gOqhAjuA9nv.jpg', 139.00, 1, 139.00, '[{\"name\": \"Regular\", \"type\": \"modifier\", \"price_type\": \"none\", \"price_adjustment\": 0}]', '2026-08-16 19:03:59', '2026-08-16 19:03:59'),
(910, 414, 330, 'OKINAWA MILK TEA', '/storage/menu-items/DlWzvw0ZkQyhLbp4Mcgqqw0QRDzJDbLqRrWFuNVt.jpg', 39.00, 1, 39.00, '[{\"name\": \"16 Onz\", \"type\": \"modifier\", \"price_type\": \"none\", \"price_adjustment\": 0}]', '2026-08-16 19:03:59', '2026-08-16 19:03:59'),
(911, 415, 335, 'TAKE OUT FEE', '/images/hero-burger.webp', 10.00, 2, 20.00, '[{\"name\": \"BOX\", \"type\": \"modifier\", \"price_type\": \"add\", \"price_adjustment\": 5}]', '2026-08-16 19:22:08', '2026-08-16 19:22:08'),
(912, 416, 335, 'TAKE OUT FEE', '/images/hero-burger.webp', 10.00, 2, 20.00, '[{\"name\": \"BOX\", \"type\": \"modifier\", \"price_type\": \"add\", \"price_adjustment\": 5}]', '2026-08-16 19:32:13', '2026-08-16 19:32:39'),
(913, 417, 99, 'P9-Loming Bitin Sa E.U.T.', '/images/menu/lomi-small.webp', 89.00, 1, 89.00, NULL, '2026-08-16 19:33:09', '2026-08-16 19:33:09'),
(914, 418, 225, 'S13 SEX-Footlong', 'images/menu/rice.jpg', 98.00, 1, 98.00, NULL, '2026-08-16 19:35:37', '2026-08-16 19:35:37'),
(915, 418, 237, 'RM8 Pork BBQ', '/storage/menu-items/gDyUJs9H3IJYfchx7N9vOcUfKXPSoIw5YbAbrnDx.jpg', 139.00, 1, 139.00, NULL, '2026-08-16 19:35:37', '2026-08-16 19:35:37'),
(916, 419, 100, 'P10-Loming Sabik Sa E.U.T.', '/images/menu/lomi-medium.webp', 209.00, 1, 209.00, NULL, '2026-08-16 19:37:54', '2026-08-16 19:37:54'),
(917, 419, 238, 'RM9 Chicken Kare-Kare', '/storage/menu-items/3wfsWPhPhF2AFpZacuLLzjMpDH6CBIvtq3rHDlZc.jpg', 199.00, 1, 199.00, NULL, '2026-08-16 19:37:54', '2026-08-16 19:37:54'),
(919, 420, 81, 'Lemon Ade', '/images/menu/lemon-ade.webp', 39.00, 1, 39.00, '[{\"name\": \"Single\", \"type\": \"modifier\", \"price_type\": \"none\", \"price_adjustment\": 0}]', '2026-08-16 19:40:18', '2026-08-16 19:40:18'),
(920, 421, 31, 'Leche Flan', '/storage/menu-items/HQ6WXJryo0kSqi3UoZUTdQDEMLGL1jUFgxmQvuEK.jpg', 35.00, 1, 35.00, '[{\"name\": \"Small\", \"type\": \"modifier\", \"price_type\": \"none\", \"price_adjustment\": 0}]', '2026-08-16 20:39:03', '2026-08-16 20:39:03'),
(921, 421, 31, 'Leche Flan', '/storage/menu-items/HQ6WXJryo0kSqi3UoZUTdQDEMLGL1jUFgxmQvuEK.jpg', 90.00, 1, 90.00, '[{\"name\": \"Large\", \"type\": \"modifier\", \"price_type\": \"add\", \"price_adjustment\": 55}]', '2026-08-16 20:39:03', '2026-08-16 20:39:03'),
(922, 422, 21, 'U2-Chicken Inasal', '/storage/menu-items/7waTQzG35yDtmuEpGG4Teq85DO5xjECZdy79fMXm.jpg', 259.00, 1, 259.00, '[{\"name\": \"Pineapple Juice\", \"type\": \"modifier\", \"price_type\": \"none\", \"price_adjustment\": 0}, {\"name\": \"HALO HALO\", \"type\": \"addon\", \"price_type\": \"add\", \"price_adjustment\": 60}]', '2026-08-16 20:40:00', '2026-08-16 20:40:00'),
(923, 422, 21, 'U2-Chicken Inasal', '/storage/menu-items/7waTQzG35yDtmuEpGG4Teq85DO5xjECZdy79fMXm.jpg', 199.00, 1, 199.00, '[{\"name\": \"Black Gulaman\", \"type\": \"modifier\", \"price_type\": \"none\", \"price_adjustment\": 0}]', '2026-08-16 20:40:00', '2026-08-16 20:40:00'),
(924, 423, 21, 'U2-Chicken Inasal', '/storage/menu-items/7waTQzG35yDtmuEpGG4Teq85DO5xjECZdy79fMXm.jpg', 199.00, 2, 398.00, NULL, '2026-08-16 20:51:17', '2026-08-16 20:51:17'),
(925, 424, 28, 'Classic Halo-Halo', '/storage/menu-items/cf5i67UOJKNchHc5uEIr2PDLW2ck5Wg5fuxUyMcp.jpg', 99.00, 3, 297.00, NULL, '2026-08-16 20:56:51', '2026-08-16 20:56:51'),
(926, 424, 23, 'U4-5 Pcs. Wings', '/storage/menu-items/AO5Zlgu7AHvtqmuUhVK7Z7fBR7VQdXGqimJOa61P.jpg', 279.00, 1, 279.00, '[{\"name\": \"Blue Lemonade\", \"type\": \"modifier\", \"price_type\": \"none\", \"price_adjustment\": 0}]', '2026-08-16 20:56:51', '2026-08-16 20:56:51'),
(927, 424, 23, 'U4-5 Pcs. Wings', '/storage/menu-items/AO5Zlgu7AHvtqmuUhVK7Z7fBR7VQdXGqimJOa61P.jpg', 279.00, 1, 279.00, '[{\"name\": \"Pineapple Juice\", \"type\": \"modifier\", \"price_type\": \"none\", \"price_adjustment\": 0}]', '2026-08-16 20:56:51', '2026-08-16 20:56:51'),
(928, 424, 31, 'Leche Flan', '/storage/menu-items/HQ6WXJryo0kSqi3UoZUTdQDEMLGL1jUFgxmQvuEK.jpg', 35.00, 1, 35.00, '[{\"name\": \"Small\", \"type\": \"modifier\", \"price_type\": \"none\", \"price_adjustment\": 0}]', '2026-08-16 20:56:51', '2026-08-16 20:56:51'),
(929, 425, 21, 'U2-Chicken Inasal', '/storage/menu-items/7waTQzG35yDtmuEpGG4Teq85DO5xjECZdy79fMXm.jpg', 199.00, 1, 199.00, '[{\"name\": \"Cucumber Lemonade\", \"type\": \"modifier\", \"price_type\": \"none\", \"price_adjustment\": 0}]', '2026-08-16 21:04:26', '2026-08-16 21:04:26'),
(930, 425, 21, 'U2-Chicken Inasal', '/storage/menu-items/7waTQzG35yDtmuEpGG4Teq85DO5xjECZdy79fMXm.jpg', 199.00, 1, 199.00, '[{\"name\": \"Blue Lemonade\", \"type\": \"modifier\", \"price_type\": \"none\", \"price_adjustment\": 0}]', '2026-08-16 21:04:26', '2026-08-16 21:04:26'),
(931, 425, 29, 'Special Halo-Halo', '/storage/menu-items/PutysgFdmZ9wrtgXJPQWcEPojxkCrmjkkapSI01H.jpg', 139.00, 1, 139.00, NULL, '2026-08-16 21:04:26', '2026-08-16 21:04:26'),
(932, 426, 20, 'U1-Pork Inasal', '/storage/menu-items/HZIFTis0sUss1t5rxSSW5RLuMgcUG5UXvyuM91nl.jpg', 229.00, 1, 229.00, NULL, '2026-08-16 21:06:02', '2026-08-16 21:06:02'),
(933, 427, 29, 'Special Halo-Halo', '/storage/menu-items/PutysgFdmZ9wrtgXJPQWcEPojxkCrmjkkapSI01H.jpg', 139.00, 2, 278.00, NULL, '2026-08-16 22:18:42', '2026-08-16 22:18:42'),
(934, 427, 32, 'Mais Con-Yelo', '/storage/menu-items/kBIKJMlSsV5dnZh6U6Chj3lPhouB4NyHT86nOeW4.jpg', 89.00, 1, 89.00, '[{\"name\": \"Small\", \"type\": \"modifier\", \"price_type\": \"none\", \"price_adjustment\": 0}]', '2026-08-16 22:18:42', '2026-08-16 22:18:42'),
(935, 427, 21, 'U2-Chicken Inasal', '/storage/menu-items/7waTQzG35yDtmuEpGG4Teq85DO5xjECZdy79fMXm.jpg', 199.00, 1, 199.00, NULL, '2026-08-16 22:18:42', '2026-08-16 22:18:42'),
(936, 428, 20, 'U1-Pork Inasal', '/storage/menu-items/HZIFTis0sUss1t5rxSSW5RLuMgcUG5UXvyuM91nl.jpg', 229.00, 1, 229.00, NULL, '2026-08-16 23:06:40', '2026-08-16 23:06:40'),
(937, 428, 21, 'U2-Chicken Inasal', '/storage/menu-items/7waTQzG35yDtmuEpGG4Teq85DO5xjECZdy79fMXm.jpg', 199.00, 1, 199.00, NULL, '2026-08-16 23:06:40', '2026-08-16 23:06:40'),
(938, 428, 22, 'U3-3 Pcs. Wings', '/storage/menu-items/v16IltFY6gNJZSXsNMN8ZYwVeCO1bAnp0TuuhPqW.jpg', 179.00, 1, 179.00, NULL, '2026-08-16 23:06:40', '2026-08-16 23:06:40'),
(939, 429, 21, 'U2-Chicken Inasal', '/storage/menu-items/7waTQzG35yDtmuEpGG4Teq85DO5xjECZdy79fMXm.jpg', 199.00, 1, 199.00, '[{\"name\": \"Blue Lemonade\", \"type\": \"modifier\", \"price_type\": \"none\", \"price_adjustment\": 0}]', '2026-08-16 23:09:29', '2026-08-16 23:09:29'),
(940, 429, 20, 'U1-Pork Inasal', '/storage/menu-items/HZIFTis0sUss1t5rxSSW5RLuMgcUG5UXvyuM91nl.jpg', 229.00, 1, 229.00, NULL, '2026-08-16 23:09:29', '2026-08-16 23:09:29'),
(941, 429, 28, 'Classic Halo-Halo', '/storage/menu-items/cf5i67UOJKNchHc5uEIr2PDLW2ck5Wg5fuxUyMcp.jpg', 99.00, 1, 99.00, NULL, '2026-08-16 23:09:29', '2026-08-16 23:09:29'),
(497, 262, 171, 'Fried Chicken Rice Bowl', '/images/menu/fried-chicken-rice-bowl.webp', 109.00, 1, 109.00, '[{\"name\": \"Honey Butter\", \"type\": \"flavor\", \"price_type\": \"none\", \"price_adjustment\": 0}]', '2026-08-14 17:27:44', '2026-08-14 17:27:44'),
(498, 263, 331, 'P17-CHICKEN MAMI', '/storage/menu-items/xMNNvuAIU42bCReWLfzPOUvODwtMt9v0nrDKGKOC.jpg', 129.00, 1, 129.00, '[{\"name\": \"REGULAR\", \"type\": \"modifier\", \"price_type\": \"none\", \"price_adjustment\": 0}]', '2026-08-14 17:36:28', '2026-08-14 17:36:28'),
(499, 263, 333, 'P19-BEEF MAMI', '/storage/menu-items/wIS39nKvv3Y0wXXmMpt6wsyvJTo0sIXlmpF5HdUH.jpg', 149.00, 1, 149.00, '[{\"name\": \"REGULAR\", \"type\": \"modifier\", \"price_type\": \"none\", \"price_adjustment\": 0}]', '2026-08-14 17:36:28', '2026-08-14 17:36:28'),
(500, 263, 160, 'W1 ??? 3 Pcs Wings', '/storage/menu-items/DixrAZGZ51KeOUQHlUw0oU7faaWboDXqfgSLcJNQ.jpg', 169.00, 1, 169.00, '[{\"name\": \"Buffalo\", \"type\": \"flavor\", \"price_type\": \"none\", \"price_adjustment\": 0}]', '2026-08-14 17:36:28', '2026-08-14 17:36:28'),
(951, 432, 25, 'Sigad Sa EUT', '/images/menu/sigad-sa-eut.webp', 2999.00, 1, 2999.00, '[{\"name\": \"Plain Rice\", \"type\": \"flavor\", \"price_type\": \"none\", \"price_adjustment\": 0}, {\"name\": \"Pork\", \"type\": \"flavor\", \"price_type\": \"none\", \"price_adjustment\": 0}, {\"name\": \"Chopsuey\", \"type\": \"flavor\", \"price_type\": \"none\", \"price_adjustment\": 0}, {\"name\": \"Buko Pandan\", \"type\": \"flavor\", \"price_type\": \"none\", \"price_adjustment\": 0}, {\"name\": \"Cucumber Lemonade\", \"type\": \"flavor\", \"price_type\": \"none\", \"price_adjustment\": 0}]', '2026-08-16 23:33:46', '2026-08-16 23:33:46'),
(948, 431, 22, 'U3-3 Pcs. Wings', '/storage/menu-items/v16IltFY6gNJZSXsNMN8ZYwVeCO1bAnp0TuuhPqW.jpg', 179.00, 1, 179.00, NULL, '2026-08-16 23:23:08', '2026-08-16 23:23:08'),
(949, 431, 26, 'Sawa Sa EUT', '/images/menu/sawa-sa-eut.webp', 3999.00, 1, 3999.00, '[{\"name\": \"Plain Rice\", \"type\": \"flavor\", \"price_type\": \"none\", \"price_adjustment\": 0}, {\"name\": \"Pork\", \"type\": \"flavor\", \"price_type\": \"none\", \"price_adjustment\": 0}, {\"name\": \"Beef\", \"type\": \"flavor\", \"price_type\": \"none\", \"price_adjustment\": 0}, {\"name\": \"Sizzling Cheesy\", \"type\": \"flavor\", \"price_type\": \"none\", \"price_adjustment\": 0}, {\"name\": \"Pakbet\", \"type\": \"flavor\", \"price_type\": \"none\", \"price_adjustment\": 0}, {\"name\": \"Buffalo\", \"type\": \"flavor\", \"price_type\": \"none\", \"price_adjustment\": 0}, {\"name\": \"Halo-Halo\", \"type\": \"flavor\", \"price_type\": \"none\", \"price_adjustment\": 0}, {\"name\": \"Cucumber Lemonade\", \"type\": \"flavor\", \"price_type\": \"none\", \"price_adjustment\": 0}]', '2026-08-16 23:23:08', '2026-08-16 23:23:08'),
(505, 266, 186, 'SEX-24: Sisig + Fillet + Hungarian', '/images/menu/sex-combo-plate.webp', 239.00, 1, 239.00, '[{\"name\": \"Black Gulaman\", \"type\": \"modifier\", \"price_type\": \"none\", \"price_adjustment\": 0}]', '2026-08-14 17:58:27', '2026-08-14 17:58:27'),
(506, 266, 141, 'Beef Burrito', '/images/menu/beef-burrito.webp', 129.00, 1, 129.00, NULL, '2026-08-14 17:58:27', '2026-08-14 17:58:27'),
(507, 266, 114, 'Tuna and Egg Sandwich', 'images/menu/sandwich.jpg', 149.00, 1, 149.00, NULL, '2026-08-14 17:58:27', '2026-08-14 17:58:27'),
(508, 266, 97, 'P7-Sotanghon Guisado', '/storage/menu-items/t2uCeXXLksWPyRXuJ2iBWceD2yNKP4QqJLi9PVVb.jpg', 119.00, 1, 119.00, '[{\"name\": \"Regular\", \"type\": \"modifier\", \"price_type\": \"none\", \"price_adjustment\": 0}]', '2026-08-14 17:58:27', '2026-08-14 17:58:27'),
(509, 266, 98, 'P8-Palabok', '/images/menu/palabok.webp', 109.00, 1, 109.00, '[{\"name\": \"Regular\", \"type\": \"modifier\", \"price_type\": \"none\", \"price_adjustment\": 0}]', '2026-08-14 17:58:27', '2026-08-14 17:58:27'),
(510, 266, 198, 'Classic Mozzarella Burger', '/storage/menu-items/PAtWw2PBIODT1naimTuZ8lRVpBWKVbv9HYWJOsPn.jpg', 99.00, 1, 99.00, NULL, '2026-08-14 17:58:27', '2026-08-14 17:58:27'),
(511, 266, 76, 'Black Gulaman', '/images/menu/black-gulaman.webp', 49.00, 1, 49.00, '[{\"name\": \"Single\", \"type\": \"modifier\", \"price_type\": \"none\", \"price_adjustment\": 0}]', '2026-08-14 17:58:27', '2026-08-14 17:58:27'),
(512, 266, 72, 'Cucumber Lemonade', '/images/menu/cucumber-lemonade.webp', 49.00, 1, 49.00, '[{\"name\": \"Single\", \"type\": \"modifier\", \"price_type\": \"none\", \"price_adjustment\": 0}]', '2026-08-14 17:58:27', '2026-08-14 17:58:27'),
(950, 431, 24, 'Sagana Sa EUT', '/images/menu/sagana-sa-eut.webp', 6499.00, 1, 6499.00, '[{\"name\": \"Plain Rice\", \"type\": \"flavor\", \"price_type\": \"none\", \"price_adjustment\": 0}, {\"name\": \"Pork\", \"type\": \"flavor\", \"price_type\": \"none\", \"price_adjustment\": 0}, {\"name\": \"Beef\", \"type\": \"flavor\", \"price_type\": \"none\", \"price_adjustment\": 0}, {\"name\": \"Sizzling Cheesy\", \"type\": \"flavor\", \"price_type\": \"none\", \"price_adjustment\": 0}, {\"name\": \"Binagoongan\", \"type\": \"flavor\", \"price_type\": \"none\", \"price_adjustment\": 0}, {\"name\": \"Buffalo\", \"type\": \"flavor\", \"price_type\": \"none\", \"price_adjustment\": 0}, {\"name\": \"Halo-Halo\", \"type\": \"flavor\", \"price_type\": \"none\", \"price_adjustment\": 0}, {\"name\": \"Cucumber Lemonade\", \"type\": \"flavor\", \"price_type\": \"none\", \"price_adjustment\": 0}]', '2026-08-16 23:25:44', '2026-08-16 23:25:44'),
(947, 431, 23, 'U4-5 Pcs. Wings', '/storage/menu-items/AO5Zlgu7AHvtqmuUhVK7Z7fBR7VQdXGqimJOa61P.jpg', 279.00, 1, 279.00, NULL, '2026-08-16 23:23:08', '2026-08-16 23:23:08'),
(945, 430, 34, 'Buko Pandan', '/images/menu/buko-pandan.webp', 99.00, 1, 99.00, '[{\"name\": \"Small\", \"type\": \"modifier\", \"price_type\": \"none\", \"price_adjustment\": 0}]', '2026-08-16 23:17:01', '2026-08-16 23:17:01'),
(946, 430, 42, 'Strawberry Cream Milk', '/images/menu/strawberry-cream-milk.webp', 59.00, 1, 59.00, NULL, '2026-08-16 23:17:01', '2026-08-16 23:17:01'),
(943, 430, 20, 'U1-Pork Inasal', '/storage/menu-items/HZIFTis0sUss1t5rxSSW5RLuMgcUG5UXvyuM91nl.jpg', 229.00, 1, 229.00, NULL, '2026-08-16 23:17:01', '2026-08-16 23:17:01'),
(944, 430, 21, 'U2-Chicken Inasal', '/storage/menu-items/7waTQzG35yDtmuEpGG4Teq85DO5xjECZdy79fMXm.jpg', 199.00, 1, 199.00, '[{\"name\": \"Melon\", \"type\": \"modifier\", \"price_type\": \"none\", \"price_adjustment\": 0}]', '2026-08-16 23:17:01', '2026-08-16 23:17:01'),
(527, 271, 229, 'S17 SEX-Spam', 'images/menu/rice.jpg', 109.00, 1, 109.00, NULL, '2026-08-14 18:50:49', '2026-08-14 18:50:49'),
(528, 271, 99, 'P9-Loming Bitin Sa E.U.T.', '/images/menu/lomi-small.webp', 89.00, 1, 89.00, NULL, '2026-08-14 18:50:49', '2026-08-14 18:50:49'),
(529, 271, 232, 'RM3 Sizzling Burger Patty', 'images/menu/rice.jpg', 99.00, 1, 99.00, NULL, '2026-08-14 18:50:49', '2026-08-14 18:50:49'),
(530, 271, 234, 'RM5 Sizzling Bangus', 'images/menu/rice.jpg', 139.00, 1, 139.00, NULL, '2026-08-14 18:50:49', '2026-08-14 18:50:49'),
(531, 272, 232, 'RM3 Sizzling Burger Patty', 'images/menu/rice.jpg', 99.00, 1, 99.00, NULL, '2026-08-14 19:02:14', '2026-08-14 19:02:14'),
(532, 273, 230, 'RM1 Sizzling Pork Sisig', '/storage/menu-items/AbndEcJvgxpL7Xwl0l0M1dM1BAd1Voe4oSm4BuOz.jpg', 179.00, 1, 179.00, NULL, '2026-08-14 19:09:12', '2026-08-14 19:09:12'),
(533, 273, 28, 'Classic Halo-Halo', '/storage/menu-items/cf5i67UOJKNchHc5uEIr2PDLW2ck5Wg5fuxUyMcp.jpg', 99.00, 2, 198.00, NULL, '2026-08-14 19:09:12', '2026-08-14 19:09:12'),
(534, 274, 99, 'P9-Loming Bitin Sa E.U.T.', '/images/menu/lomi-small.webp', 89.00, 1, 89.00, NULL, '2026-08-14 19:16:06', '2026-08-14 19:16:06'),
(535, 275, 233, 'RM4 1 Pc Fried Chicken Leg', '/storage/menu-items/0PP4mGsp83gjmGjlv7kWp5hUdYPLMuGtji9eC7B5.jpg', 119.00, 2, 238.00, NULL, '2026-08-14 19:16:14', '2026-08-14 19:16:14'),
(536, 275, 126, 'Classic Fries', '/storage/menu-items/NY9CJsnS6aP64qN4jWN7gtcpUbCYrw0FamUkYOfB.jpg', 60.00, 1, 60.00, '[{\"name\": \"Cheese\", \"type\": \"flavor\", \"price_type\": \"none\", \"price_adjustment\": 0}]', '2026-08-14 19:16:14', '2026-08-14 19:16:14'),
(537, 276, 72, 'Cucumber Lemonade', '/images/menu/cucumber-lemonade.webp', 49.00, 1, 49.00, '[{\"name\": \"Single\", \"type\": \"modifier\", \"price_type\": \"none\", \"price_adjustment\": 0}]', '2026-08-14 19:17:21', '2026-08-14 19:17:21'),
(538, 277, 192, 'SEX-6: Bangus + Lumpia + Tapa', 'images/menu/rice.jpg', 209.00, 1, 209.00, '[{\"name\": \"Cucumber Lemonade\", \"type\": \"modifier\", \"price_type\": \"none\", \"price_adjustment\": 0}]', '2026-08-14 19:18:12', '2026-08-14 19:18:12'),
(539, 277, 21, 'U2-Chicken Inasal', '/storage/menu-items/7waTQzG35yDtmuEpGG4Teq85DO5xjECZdy79fMXm.jpg', 199.00, 1, 199.00, '[{\"name\": \"Red Ice Tea\", \"type\": \"modifier\", \"price_type\": \"none\", \"price_adjustment\": 0}]', '2026-08-14 19:18:12', '2026-08-14 19:18:12'),
(540, 277, 135, 'Siomai Big', '/images/menu/siomai-big.webp', 69.00, 1, 69.00, '[{\"name\": \"Steamed\", \"type\": \"modifier\", \"price_type\": \"none\", \"price_adjustment\": 0}]', '2026-08-14 19:18:12', '2026-08-14 19:18:12'),
(541, 278, 144, 'Sinigang na Hipon', '/images/menu/sinigang-hipon.webp', 400.00, 1, 400.00, '[{\"name\": \"Mag-Isa\", \"type\": \"modifier\", \"price_type\": \"none\", \"price_adjustment\": 0}]', '2026-08-14 19:27:34', '2026-08-14 19:27:34'),
(542, 278, 264, 'PLAIN RICE', '/storage/menu-items/oXwmA44rFPj6sewcerqwGV2cR2mm8gdxrXQ9xZwS.webp', 25.00, 2, 50.00, NULL, '2026-08-14 19:27:34', '2026-08-14 19:27:34'),
(543, 279, 28, 'Classic Halo-Halo', '/storage/menu-items/cf5i67UOJKNchHc5uEIr2PDLW2ck5Wg5fuxUyMcp.jpg', 99.00, 1, 99.00, NULL, '2026-08-14 19:33:12', '2026-08-14 19:33:12'),
(544, 280, 99, 'P9-Loming Bitin Sa E.U.T.', '/images/menu/lomi-small.webp', 89.00, 2, 178.00, NULL, '2026-08-15 08:46:41', '2026-08-15 08:46:41'),
(545, 281, 20, 'U1-Pork Inasal', '/storage/menu-items/HZIFTis0sUss1t5rxSSW5RLuMgcUG5UXvyuM91nl.jpg', 229.00, 1, 229.00, '[{\"name\": \"Blue Lemonade\", \"type\": \"modifier\", \"price_type\": \"none\", \"price_adjustment\": 0}]', '2026-08-15 09:04:39', '2026-08-15 09:04:39'),
(546, 281, 126, 'Classic Fries', '/storage/menu-items/NY9CJsnS6aP64qN4jWN7gtcpUbCYrw0FamUkYOfB.jpg', 60.00, 1, 60.00, '[{\"name\": \"Cheese\", \"type\": \"flavor\", \"price_type\": \"none\", \"price_adjustment\": 0}]', '2026-08-15 09:04:39', '2026-08-15 09:04:39'),
(547, 281, 171, 'Fried Chicken Rice Bowl', '/images/menu/fried-chicken-rice-bowl.webp', 109.00, 1, 109.00, '[{\"name\": \"Soy Garlic\", \"type\": \"flavor\", \"price_type\": \"none\", \"price_adjustment\": 0}]', '2026-08-15 09:04:39', '2026-08-15 09:04:39'),
(548, 281, 216, 'S4 SEX-Beef Tapa', 'images/menu/rice.jpg', 179.00, 1, 179.00, NULL, '2026-08-15 09:04:39', '2026-08-15 09:04:39'),
(549, 282, 217, 'S5 SEX-Pork Tapa', 'images/menu/rice.jpg', 169.00, 3, 507.00, NULL, '2026-08-15 09:07:15', '2026-08-15 09:07:15'),
(550, 282, 129, 'Special Fries', '/storage/menu-items/he7m6OpSnh8a5l4Rqj7d3flHOkWYCZwY9yvHArwt.jpg', 159.00, 1, 159.00, NULL, '2026-08-15 09:07:15', '2026-08-15 09:07:15'),
(551, 282, 218, 'S6 SEX-Chicken Tocino', 'images/menu/rice.jpg', 129.00, 1, 129.00, NULL, '2026-08-15 09:07:15', '2026-08-15 09:07:15'),
(552, 282, 176, 'SEX-14: Tocino + Tapa + Hungarian', 'images/menu/rice.jpg', 239.00, 1, 239.00, '[{\"name\": \"Black Gulaman\", \"type\": \"modifier\", \"price_type\": \"none\", \"price_adjustment\": 0}]', '2026-08-15 09:07:15', '2026-08-15 09:07:15'),
(553, 282, 181, 'SEX-19: Bangus + Sisig', 'images/menu/rice.jpg', 199.00, 1, 199.00, '[{\"name\": \"Black Gulaman\", \"type\": \"modifier\", \"price_type\": \"none\", \"price_adjustment\": 0}]', '2026-08-15 09:07:15', '2026-08-15 09:07:15'),
(554, 282, 188, 'SEX-2: Tapa + Hotdog + Lumpia', 'images/menu/rice.jpg', 189.00, 1, 189.00, '[{\"name\": \"Black Gulaman\", \"type\": \"modifier\", \"price_type\": \"none\", \"price_adjustment\": 0}]', '2026-08-15 09:07:15', '2026-08-15 09:07:15'),
(555, 282, 189, 'SEX-3: FC + Hotdog + Lumpia', 'images/menu/rice.jpg', 189.00, 1, 189.00, '[{\"name\": \"Black Gulaman\", \"type\": \"modifier\", \"price_type\": \"none\", \"price_adjustment\": 0}]', '2026-08-15 09:07:15', '2026-08-15 09:07:15'),
(556, 282, 223, 'S11 SEX-Pork Longanisa', 'images/menu/rice.jpg', 139.00, 1, 139.00, NULL, '2026-08-15 09:07:15', '2026-08-15 09:07:15'),
(557, 282, 79, 'Lychee Lemonade', '/images/menu/lychee-lemonade.webp', 179.00, 1, 179.00, '[{\"name\": \"Tower\", \"type\": \"modifier\", \"price_type\": \"add\", \"price_adjustment\": 130}]', '2026-08-15 09:07:15', '2026-08-15 09:07:15'),
(558, 283, 21, 'U2-Chicken Inasal', '/storage/menu-items/7waTQzG35yDtmuEpGG4Teq85DO5xjECZdy79fMXm.jpg', 199.00, 1, 199.00, '[{\"name\": \"Blue Lemonade\", \"type\": \"modifier\", \"price_type\": \"none\", \"price_adjustment\": 0}]', '2026-08-15 09:23:29', '2026-08-15 09:23:29'),
(559, 283, 22, 'U3-3 Pcs. Wings', '/storage/menu-items/v16IltFY6gNJZSXsNMN8ZYwVeCO1bAnp0TuuhPqW.jpg', 179.00, 1, 179.00, '[{\"name\": \"Black Gulaman\", \"type\": \"modifier\", \"price_type\": \"none\", \"price_adjustment\": 0}]', '2026-08-15 09:23:29', '2026-08-15 09:23:29'),
(560, 283, 196, 'SEX-10: Tocino + Hotdog + Bacon', 'images/menu/rice.jpg', 189.00, 1, 189.00, '[{\"name\": \"Pineapple Juice\", \"type\": \"modifier\", \"price_type\": \"none\", \"price_adjustment\": 0}]', '2026-08-15 09:23:29', '2026-08-15 09:23:29'),
(561, 283, 31, 'Leche Flan', '/storage/menu-items/HQ6WXJryo0kSqi3UoZUTdQDEMLGL1jUFgxmQvuEK.jpg', 35.00, 3, 105.00, '[{\"name\": \"Small\", \"type\": \"modifier\", \"price_type\": \"none\", \"price_adjustment\": 0}]', '2026-08-15 09:23:29', '2026-08-15 09:23:29'),
(562, 283, 93, 'P3-Canton Guisado', '/storage/menu-items/WuboUsNk2LRN9ezZ6UxwS1zUizFTuJ9F7clZ8wwZ.jpg', 129.00, 1, 129.00, '[{\"name\": \"Regular\", \"type\": \"modifier\", \"price_type\": \"none\", \"price_adjustment\": 0}]', '2026-08-15 09:23:29', '2026-08-15 09:23:29'),
(563, 284, 326, 'MANGO FRUIT TEA', '/storage/menu-items/9rIhX7NXJKI1sIV9GAlp8IjwXuGHCcfNJ0P01Jo0.jpg', 49.00, 1, 49.00, '[{\"name\": \"22 Onz\", \"type\": \"modifier\", \"price_type\": \"add\", \"price_adjustment\": 10}]', '2026-08-15 09:28:17', '2026-08-15 09:28:17'),
(564, 284, 99, 'P9-Loming Bitin Sa E.U.T.', '/images/menu/lomi-small.webp', 89.00, 1, 89.00, NULL, '2026-08-15 09:28:17', '2026-08-15 09:28:17'),
(565, 284, 97, 'P7-Sotanghon Guisado', '/storage/menu-items/t2uCeXXLksWPyRXuJ2iBWceD2yNKP4QqJLi9PVVb.jpg', 119.00, 1, 119.00, '[{\"name\": \"Regular\", \"type\": \"modifier\", \"price_type\": \"none\", \"price_adjustment\": 0}]', '2026-08-15 09:28:17', '2026-08-15 09:28:17'),
(566, 285, 236, 'RM7 Fried Pork Liempo', 'images/menu/rice.jpg', 149.00, 1, 149.00, NULL, '2026-08-15 09:35:15', '2026-08-15 09:35:15'),
(567, 285, 323, 'CARAMEL MILK TEA', '/storage/menu-items/4gl4kJFCRbJ9KwOLHHBC3WoTRb6S1DgzxpH1mg8Z.webp', 39.00, 1, 39.00, '[{\"name\": \"16 Onz\", \"type\": \"modifier\", \"price_type\": \"none\", \"price_adjustment\": 0}]', '2026-08-15 09:35:15', '2026-08-15 09:35:15'),
(568, 285, 298, 'ICED COOKIES & CREAM MACCHIATO', '/storage/menu-items/5V0NcfrQ2LF0OdL6FwXLf95JHG8Ws4gmnZep6cmQ.jpg', 79.00, 1, 79.00, NULL, '2026-08-15 09:35:15', '2026-08-15 09:35:15'),
(569, 285, 134, 'Tuna Bread Roll', '/images/menu/tuna-bread-roll.webp', 89.00, 1, 89.00, NULL, '2026-08-15 09:35:15', '2026-08-15 09:35:15'),
(570, 285, 142, 'Pork Burrito', '/images/menu/pork-burrito.webp', 119.00, 1, 119.00, NULL, '2026-08-15 09:35:15', '2026-08-15 09:35:15'),
(571, 285, 198, 'Classic Mozzarella Burger', '/storage/menu-items/PAtWw2PBIODT1naimTuZ8lRVpBWKVbv9HYWJOsPn.jpg', 99.00, 1, 99.00, NULL, '2026-08-15 09:35:15', '2026-08-15 09:35:15'),
(572, 286, 97, 'P7-Sotanghon Guisado', '/storage/menu-items/t2uCeXXLksWPyRXuJ2iBWceD2yNKP4QqJLi9PVVb.jpg', 119.00, 21, 2499.00, '[{\"name\": \"Regular\", \"type\": \"modifier\", \"price_type\": \"none\", \"price_adjustment\": 0}]', '2026-08-15 09:36:55', '2026-08-15 09:36:55'),
(573, 287, 126, 'Classic Fries', '/storage/menu-items/NY9CJsnS6aP64qN4jWN7gtcpUbCYrw0FamUkYOfB.jpg', 60.00, 1, 60.00, '[{\"name\": \"Cheese\", \"type\": \"flavor\", \"price_type\": \"none\", \"price_adjustment\": 0}]', '2026-08-15 09:46:02', '2026-08-15 09:46:02'),
(574, 288, 263, 'FRIED RICE', '/storage/menu-items/oQzD1PihwCXxsvdorAL6dpsR5mlxmGWPtQo9qAU6.webp', 30.00, 2, 60.00, NULL, '2026-08-15 09:49:11', '2026-08-15 09:49:11'),
(575, 288, 264, 'PLAIN RICE', '/storage/menu-items/oXwmA44rFPj6sewcerqwGV2cR2mm8gdxrXQ9xZwS.webp', 25.00, 3, 75.00, NULL, '2026-08-15 09:50:31', '2026-08-15 09:50:31'),
(576, 289, 264, 'PLAIN RICE', '/storage/menu-items/oXwmA44rFPj6sewcerqwGV2cR2mm8gdxrXQ9xZwS.webp', 25.00, 3, 75.00, NULL, '2026-08-15 09:56:50', '2026-08-15 09:56:50'),
(577, 290, 187, 'SEX-1: Lumpia + Tocino + Hotdog', 'images/menu/rice.jpg', 179.00, 1, 179.00, '[{\"name\": \"Black Gulaman\", \"type\": \"modifier\", \"price_type\": \"none\", \"price_adjustment\": 0}]', '2026-08-15 10:01:04', '2026-08-15 10:01:04'),
(578, 290, 170, 'Rice Bowl', '/images/menu/rice-bowl.webp', 89.00, 1, 89.00, '[{\"name\": \"Balony\", \"type\": \"modifier\", \"price_type\": \"none\", \"price_adjustment\": 0}]', '2026-08-15 10:01:04', '2026-08-15 10:01:04'),
(579, 290, 79, 'Lychee Lemonade', '/images/menu/lychee-lemonade.webp', 49.00, 1, 49.00, '[{\"name\": \"Single\", \"type\": \"modifier\", \"price_type\": \"none\", \"price_adjustment\": 0}]', '2026-08-15 10:01:04', '2026-08-15 10:01:04'),
(580, 291, 335, 'TAKE OUT FEE', '/images/hero-burger.webp', 10.00, 1, 10.00, '[{\"name\": \"BOX\", \"type\": \"modifier\", \"price_type\": \"add\", \"price_adjustment\": 5}]', '2026-08-15 10:05:51', '2026-08-15 10:05:51'),
(581, 292, 175, 'SEX-13: Sisig + Bacon + Hotdog', 'images/menu/rice.jpg', 209.00, 1, 209.00, '[{\"name\": \"Blue Lemonade\", \"type\": \"modifier\", \"price_type\": \"none\", \"price_adjustment\": 0}]', '2026-08-15 11:46:54', '2026-08-15 11:46:54');
INSERT INTO `order_items` (`id`, `order_id`, `menu_item_id`, `item_name`, `image`, `unit_price`, `quantity`, `subtotal`, `modifiers`, `created_at`, `updated_at`) VALUES
(582, 292, 288, 'ICED SALTED CARAMEL MACCHIATO', '/storage/menu-items/bgVtLeQ8PbQgtstB6AhweZ0Gn8TJPjs9METMFmff.webp', 79.00, 1, 79.00, NULL, '2026-08-15 11:46:54', '2026-08-15 11:46:54'),
(583, 292, 236, 'RM7 Fried Pork Liempo', 'images/menu/rice.jpg', 149.00, 1, 149.00, NULL, '2026-08-15 11:46:54', '2026-08-15 11:46:54'),
(584, 292, 126, 'Classic Fries', '/storage/menu-items/NY9CJsnS6aP64qN4jWN7gtcpUbCYrw0FamUkYOfB.jpg', 60.00, 1, 60.00, '[{\"name\": \"Garlic Parmesan\", \"type\": \"flavor\", \"price_type\": \"none\", \"price_adjustment\": 0}]', '2026-08-15 11:46:54', '2026-08-15 11:46:54'),
(585, 292, 136, 'Siomai Small', '/images/menu/siomai-small.webp', 59.00, 1, 59.00, '[{\"name\": \"Fried\", \"type\": \"modifier\", \"price_type\": \"none\", \"price_adjustment\": 0}]', '2026-08-15 11:46:54', '2026-08-15 11:46:54'),
(586, 292, 78, 'Calamansi Lemonade', '/images/menu/calamansi-lemonade.webp', 49.00, 1, 49.00, '[{\"name\": \"Single\", \"type\": \"modifier\", \"price_type\": \"none\", \"price_adjustment\": 0}]', '2026-08-15 11:46:54', '2026-08-15 11:46:54'),
(587, 293, 144, 'Sinigang na Hipon', '/images/menu/sinigang-hipon.webp', 400.00, 1, 400.00, '[{\"name\": \"Mag-Isa\", \"type\": \"modifier\", \"price_type\": \"none\", \"price_adjustment\": 0}]', '2026-08-15 11:50:06', '2026-08-15 11:50:06'),
(588, 293, 148, 'Pork Binagoongan', '/images/menu/pork-binagoongan.webp', 320.00, 1, 320.00, '[{\"name\": \"Mag-Isa\", \"type\": \"modifier\", \"price_type\": \"none\", \"price_adjustment\": 0}]', '2026-08-15 11:50:06', '2026-08-15 11:50:06'),
(589, 293, 151, 'Lumpia Shanghai', '/images/menu/lumpia-shanghai.webp', 159.00, 1, 159.00, '[{\"name\": \"Mag-Isa\", \"type\": \"modifier\", \"price_type\": \"none\", \"price_adjustment\": 0}]', '2026-08-15 11:50:06', '2026-08-15 11:50:06'),
(590, 293, 264, 'PLAIN RICE', '/storage/menu-items/oXwmA44rFPj6sewcerqwGV2cR2mm8gdxrXQ9xZwS.webp', 25.00, 5, 125.00, NULL, '2026-08-15 11:50:06', '2026-08-15 11:50:06'),
(591, 293, 31, 'Leche Flan', '/storage/menu-items/HQ6WXJryo0kSqi3UoZUTdQDEMLGL1jUFgxmQvuEK.jpg', 90.00, 1, 90.00, '[{\"name\": \"Large\", \"type\": \"modifier\", \"price_type\": \"add\", \"price_adjustment\": 55}]', '2026-08-15 11:50:06', '2026-08-15 11:50:06'),
(592, 294, 21, 'U2-Chicken Inasal', '/storage/menu-items/7waTQzG35yDtmuEpGG4Teq85DO5xjECZdy79fMXm.jpg', 199.00, 1, 199.00, '[{\"name\": \"Red Ice Tea\", \"type\": \"modifier\", \"price_type\": \"none\", \"price_adjustment\": 0}]', '2026-08-15 11:50:10', '2026-08-15 11:50:10'),
(593, 294, 21, 'U2-Chicken Inasal', '/storage/menu-items/7waTQzG35yDtmuEpGG4Teq85DO5xjECZdy79fMXm.jpg', 199.00, 1, 199.00, '[{\"name\": \"Blue Lemonade\", \"type\": \"modifier\", \"price_type\": \"none\", \"price_adjustment\": 0}]', '2026-08-15 11:50:10', '2026-08-15 11:50:10'),
(594, 294, 22, 'U3-3 Pcs. Wings', '/storage/menu-items/v16IltFY6gNJZSXsNMN8ZYwVeCO1bAnp0TuuhPqW.jpg', 179.00, 1, 179.00, '[{\"name\": \"Cucumber Lemonade\", \"type\": \"modifier\", \"price_type\": \"none\", \"price_adjustment\": 0}]', '2026-08-15 11:50:10', '2026-08-15 11:50:10'),
(595, 295, 21, 'U2-Chicken Inasal', '/storage/menu-items/7waTQzG35yDtmuEpGG4Teq85DO5xjECZdy79fMXm.jpg', 199.00, 3, 597.00, '[{\"name\": \"Red Ice Tea\", \"type\": \"modifier\", \"price_type\": \"none\", \"price_adjustment\": 0}]', '2026-08-15 12:06:34', '2026-08-15 12:06:34'),
(596, 295, 20, 'U1-Pork Inasal', '/storage/menu-items/HZIFTis0sUss1t5rxSSW5RLuMgcUG5UXvyuM91nl.jpg', 229.00, 1, 229.00, '[{\"name\": \"Pineapple Juice\", \"type\": \"modifier\", \"price_type\": \"none\", \"price_adjustment\": 0}]', '2026-08-15 12:06:34', '2026-08-15 12:06:34'),
(597, 296, 307, 'ICED COOKIES & CREAM LATTE', '/storage/menu-items/TjAl1kOeCK0hTCLWYvhG8VohN42Easnd02PRrwg7.jpg', 79.00, 1, 79.00, NULL, '2026-08-15 12:07:44', '2026-08-15 12:07:44'),
(598, 296, 170, 'Rice Bowl', '/images/menu/rice-bowl.webp', 89.00, 1, 89.00, '[{\"name\": \"Ham\", \"type\": \"modifier\", \"price_type\": \"none\", \"price_adjustment\": 0}]', '2026-08-15 12:07:44', '2026-08-15 12:07:44'),
(599, 296, 99, 'P9-Loming Bitin Sa E.U.T.', '/images/menu/lomi-small.webp', 89.00, 1, 89.00, NULL, '2026-08-15 12:07:44', '2026-08-15 12:07:44'),
(600, 296, 317, 'CHEESECAKE MILK TEA', '/storage/menu-items/Ps5xfJh6sxn28tLg7iTdHL16jxuxGFP26KIXFtkY.webp', 39.00, 1, 39.00, '[{\"name\": \"16 onz\", \"type\": \"modifier\", \"price_type\": \"none\", \"price_adjustment\": 0}]', '2026-08-15 12:07:44', '2026-08-15 12:07:44'),
(601, 297, 171, 'Fried Chicken Rice Bowl', '/images/menu/fried-chicken-rice-bowl.webp', 109.00, 1, 109.00, '[{\"name\": \"Buffalo\", \"type\": \"flavor\", \"price_type\": \"none\", \"price_adjustment\": 0}]', '2026-08-15 12:11:58', '2026-08-15 12:11:58'),
(602, 297, 171, 'Fried Chicken Rice Bowl', '/images/menu/fried-chicken-rice-bowl.webp', 109.00, 1, 109.00, '[{\"name\": \"Honey Butter\", \"type\": \"flavor\", \"price_type\": \"none\", \"price_adjustment\": 0}]', '2026-08-15 12:11:58', '2026-08-15 12:11:58'),
(603, 297, 94, 'P4-Miki-Bihon Guisado', '/storage/menu-items/zNidW2ueZYeKrZOevbF4FVH1HBKm8gOqhAjuA9nv.jpg', 139.00, 1, 139.00, '[{\"name\": \"Regular\", \"type\": \"modifier\", \"price_type\": \"none\", \"price_adjustment\": 0}]', '2026-08-15 12:11:58', '2026-08-15 12:11:58'),
(604, 298, 28, 'Classic Halo-Halo', '/storage/menu-items/cf5i67UOJKNchHc5uEIr2PDLW2ck5Wg5fuxUyMcp.jpg', 99.00, 2, 198.00, NULL, '2026-08-15 12:13:08', '2026-08-15 12:13:08'),
(605, 298, 129, 'Special Fries', '/storage/menu-items/he7m6OpSnh8a5l4Rqj7d3flHOkWYCZwY9yvHArwt.jpg', 159.00, 1, 159.00, NULL, '2026-08-15 12:13:08', '2026-08-15 12:13:08'),
(606, 299, 28, 'Classic Halo-Halo', '/storage/menu-items/cf5i67UOJKNchHc5uEIr2PDLW2ck5Wg5fuxUyMcp.jpg', 99.00, 1, 99.00, NULL, '2026-08-15 12:17:12', '2026-08-15 12:17:12'),
(607, 300, 335, 'TAKE OUT FEE', '/images/hero-burger.webp', 5.00, 1, 5.00, '[{\"name\": \"CUP\", \"type\": \"modifier\", \"price_type\": \"none\", \"price_adjustment\": 0}]', '2026-08-15 12:24:09', '2026-08-15 12:24:09'),
(608, 301, 303, 'ICED VANILLA LATTE', '/storage/menu-items/EDElKKQ10ShNr46I9Dq6rEpsj37C6CPX9AIoGTeN.webp', 79.00, 1, 79.00, NULL, '2026-08-15 12:30:42', '2026-08-15 12:30:42'),
(609, 302, 264, 'PLAIN RICE', '/storage/menu-items/oXwmA44rFPj6sewcerqwGV2cR2mm8gdxrXQ9xZwS.webp', 25.00, 1, 25.00, NULL, '2026-08-15 12:32:32', '2026-08-15 12:32:32'),
(610, 303, 99, 'P9-Loming Bitin Sa E.U.T.', '/images/menu/lomi-small.webp', 89.00, 1, 89.00, NULL, '2026-08-15 12:33:20', '2026-08-15 12:33:20'),
(611, 303, 93, 'P3-Canton Guisado', '/storage/menu-items/WuboUsNk2LRN9ezZ6UxwS1zUizFTuJ9F7clZ8wwZ.jpg', 129.00, 2, 258.00, '[{\"name\": \"Regular\", \"type\": \"modifier\", \"price_type\": \"none\", \"price_adjustment\": 0}]', '2026-08-15 12:33:20', '2026-08-15 12:33:20'),
(612, 303, 278, 'Coke Mismo', '/storage/menu-items/LWawlQ0nngmKhCSxJSemmWTzqKjsYUIefqbH34TK.jpg', 25.00, 1, 25.00, NULL, '2026-08-15 12:33:20', '2026-08-15 12:33:20'),
(613, 304, 336, 'HALO HALO (COMBO)', '/images/hero-burger.webp', 60.00, 4, 240.00, NULL, '2026-08-15 12:44:28', '2026-08-15 12:44:28'),
(614, 305, 171, 'Fried Chicken Rice Bowl', '/images/menu/fried-chicken-rice-bowl.webp', 109.00, 1, 109.00, '[{\"name\": \"Buffalo\", \"type\": \"flavor\", \"price_type\": \"none\", \"price_adjustment\": 0}]', '2026-08-15 13:20:45', '2026-08-15 13:20:45'),
(615, 305, 171, 'Fried Chicken Rice Bowl', '/images/menu/fried-chicken-rice-bowl.webp', 109.00, 1, 109.00, '[{\"name\": \"Sweet Chili\", \"type\": \"flavor\", \"price_type\": \"none\", \"price_adjustment\": 0}]', '2026-08-15 13:20:45', '2026-08-15 13:20:45'),
(616, 305, 172, 'Fried Pork Rice Bowl', '/images/menu/fried-pork-rice-bowl.webp', 129.00, 1, 129.00, '[{\"name\": \"Barbecue\", \"type\": \"flavor\", \"price_type\": \"none\", \"price_adjustment\": 0}]', '2026-08-15 13:20:45', '2026-08-15 13:20:45'),
(617, 305, 78, 'Calamansi Lemonade', '/images/menu/calamansi-lemonade.webp', 49.00, 1, 49.00, '[{\"name\": \"Single\", \"type\": \"modifier\", \"price_type\": \"none\", \"price_adjustment\": 0}]', '2026-08-15 13:20:45', '2026-08-15 13:20:45'),
(618, 306, 198, 'Classic Mozzarella Burger', '/storage/menu-items/PAtWw2PBIODT1naimTuZ8lRVpBWKVbv9HYWJOsPn.jpg', 99.00, 3, 297.00, NULL, '2026-08-15 13:27:01', '2026-08-15 13:27:01'),
(619, 306, 75, 'Blue Lemonade', '/images/menu/blue-lemonade.webp', 49.00, 1, 49.00, '[{\"name\": \"Single\", \"type\": \"modifier\", \"price_type\": \"none\", \"price_adjustment\": 0}]', '2026-08-15 13:27:01', '2026-08-15 13:27:01'),
(620, 306, 126, 'Classic Fries', '/storage/menu-items/NY9CJsnS6aP64qN4jWN7gtcpUbCYrw0FamUkYOfB.jpg', 60.00, 1, 60.00, '[{\"name\": \"Sour Cream\", \"type\": \"flavor\", \"price_type\": \"none\", \"price_adjustment\": 0}]', '2026-08-15 13:27:01', '2026-08-15 13:27:01'),
(621, 307, 230, 'RM1 Sizzling Pork Sisig', '/storage/menu-items/AbndEcJvgxpL7Xwl0l0M1dM1BAd1Voe4oSm4BuOz.jpg', 179.00, 1, 179.00, NULL, '2026-08-15 13:44:21', '2026-08-15 13:44:21'),
(622, 307, 219, 'S7 SEX-Pork Tocino', 'images/menu/rice.jpg', 139.00, 3, 417.00, NULL, '2026-08-15 13:44:21', '2026-08-15 13:44:21'),
(623, 307, 186, 'SEX-24: Sisig + Fillet + Hungarian', '/images/menu/sex-combo-plate.webp', 239.00, 2, 478.00, '[{\"name\": \"Cucumber Lemonade\", \"type\": \"modifier\", \"price_type\": \"none\", \"price_adjustment\": 0}]', '2026-08-15 13:44:21', '2026-08-15 13:44:21'),
(624, 307, 281, 'Coke 1.5L', '/storage/menu-items/9XAm9juO6bCUhpCi3IeGdLNMFwOfVZTtPSDDOHy8.jpg', 80.00, 1, 80.00, NULL, '2026-08-15 13:44:35', '2026-08-15 13:44:35'),
(625, 308, 98, 'P8-Palabok', '/images/menu/palabok.webp', 209.00, 1, 209.00, '[{\"name\": \"Special\", \"type\": \"modifier\", \"price_type\": \"add\", \"price_adjustment\": 100}]', '2026-08-15 14:09:27', '2026-08-15 14:09:27'),
(626, 308, 183, 'SEX-21: Tocino + Tapa + FC', 'images/menu/rice.jpg', 229.00, 1, 229.00, '[{\"name\": \"Red Ice Tea\", \"type\": \"modifier\", \"price_type\": \"none\", \"price_adjustment\": 0}]', '2026-08-15 14:09:27', '2026-08-15 14:09:27'),
(627, 308, 129, 'Special Fries', '/storage/menu-items/he7m6OpSnh8a5l4Rqj7d3flHOkWYCZwY9yvHArwt.jpg', 159.00, 2, 318.00, NULL, '2026-08-15 14:09:27', '2026-08-15 14:09:27'),
(628, 308, 191, 'SEX-5: Tapa + Bacon + Hotdog', 'images/menu/rice.jpg', 199.00, 1, 199.00, '[{\"name\": \"Cucumber Lemonade\", \"type\": \"modifier\", \"price_type\": \"none\", \"price_adjustment\": 0}]', '2026-08-15 14:09:27', '2026-08-15 14:09:27'),
(629, 308, 179, 'SEX-17: Sisig + Fillet + Hotdog', 'images/menu/rice.jpg', 199.00, 1, 199.00, '[{\"name\": \"Blue Lemonade\", \"type\": \"modifier\", \"price_type\": \"none\", \"price_adjustment\": 0}]', '2026-08-15 14:09:27', '2026-08-15 14:09:27'),
(630, 308, 264, 'PLAIN RICE', '/storage/menu-items/oXwmA44rFPj6sewcerqwGV2cR2mm8gdxrXQ9xZwS.webp', 25.00, 3, 75.00, NULL, '2026-08-15 14:09:27', '2026-08-15 14:09:27'),
(631, 308, 283, 'Royal 1.5L', '/storage/menu-items/eiMzIZUPUYMM2Sujf06gzSpN5YJVdB1CO0bgRiFT.jpg', 80.00, 1, 80.00, NULL, '2026-08-15 14:09:27', '2026-08-15 14:09:27'),
(632, 309, 84, 'Four Seasons', '/images/menu/four-seasons.webp', 209.00, 1, 209.00, '[{\"name\": \"Tower\", \"type\": \"modifier\", \"price_type\": \"add\", \"price_adjustment\": 140}]', '2026-08-15 14:12:12', '2026-08-15 14:12:12'),
(633, 309, 21, 'U2-Chicken Inasal', '/storage/menu-items/7waTQzG35yDtmuEpGG4Teq85DO5xjECZdy79fMXm.jpg', 199.00, 1, 199.00, '[{\"name\": \"Black Gulaman\", \"type\": \"modifier\", \"price_type\": \"none\", \"price_adjustment\": 0}]', '2026-08-15 14:12:12', '2026-08-15 14:12:12'),
(634, 309, 158, 'Pork Sisig', '/images/menu/pork-sisig.webp', 179.00, 1, 179.00, '[{\"name\": \"May Kalaguyo\", \"type\": \"modifier\", \"price_type\": \"none\", \"price_adjustment\": 0}]', '2026-08-15 14:12:12', '2026-08-15 14:12:12'),
(635, 309, 170, 'Rice Bowl', '/images/menu/rice-bowl.webp', 89.00, 1, 89.00, '[{\"name\": \"Steam Siomai\", \"type\": \"modifier\", \"price_type\": \"none\", \"price_adjustment\": 0}]', '2026-08-15 14:12:12', '2026-08-15 14:12:12'),
(636, 309, 264, 'PLAIN RICE', '/storage/menu-items/oXwmA44rFPj6sewcerqwGV2cR2mm8gdxrXQ9xZwS.webp', 25.00, 1, 25.00, NULL, '2026-08-15 14:12:12', '2026-08-15 14:12:12'),
(637, 309, 93, 'P3-Canton Guisado', '/storage/menu-items/WuboUsNk2LRN9ezZ6UxwS1zUizFTuJ9F7clZ8wwZ.jpg', 209.00, 1, 209.00, '[{\"name\": \"Special\", \"type\": \"modifier\", \"price_type\": \"add\", \"price_adjustment\": 80}]', '2026-08-15 14:12:12', '2026-08-15 14:12:12'),
(638, 309, 212, 'EUT Signature Burger', '/storage/menu-items/mGvuLQngW0vh2b9WHl7svcTkoh2NlQKW7M4Z7QH9.jpg', 239.00, 1, 239.00, NULL, '2026-08-15 14:12:12', '2026-08-15 14:12:12'),
(639, 309, 178, 'SEX-16: Sisig + Tapa + FC', 'images/menu/rice.jpg', 219.00, 1, 219.00, '[{\"name\": \"Black Gulaman\", \"type\": \"modifier\", \"price_type\": \"none\", \"price_adjustment\": 0}]', '2026-08-15 14:12:12', '2026-08-15 14:12:12'),
(640, 310, 21, 'U2-Chicken Inasal', '/storage/menu-items/7waTQzG35yDtmuEpGG4Teq85DO5xjECZdy79fMXm.jpg', 199.00, 1, 199.00, NULL, '2026-08-15 14:14:26', '2026-08-15 14:14:26'),
(641, 310, 21, 'U2-Chicken Inasal', '/storage/menu-items/7waTQzG35yDtmuEpGG4Teq85DO5xjECZdy79fMXm.jpg', 199.00, 1, 199.00, '[{\"name\": \"Cucumber Lemonade\", \"type\": \"modifier\", \"price_type\": \"none\", \"price_adjustment\": 0}]', '2026-08-15 14:14:27', '2026-08-15 14:14:27'),
(642, 310, 27, 'Sabik Sa EUT', '/images/menu/sabik-sa-eut.webp', 1499.00, 1, 1499.00, '[{\"name\": \"Buffalo\", \"type\": \"flavor\", \"price_type\": \"none\", \"price_adjustment\": 0}, {\"name\": \"Spaghetti\", \"type\": \"flavor\", \"price_type\": \"none\", \"price_adjustment\": 0}, {\"name\": \"Halo-Halo\", \"type\": \"flavor\", \"price_type\": \"none\", \"price_adjustment\": 0}, {\"name\": \"Cucumber Lemonade\", \"type\": \"flavor\", \"price_type\": \"none\", \"price_adjustment\": 0}]', '2026-08-15 14:14:27', '2026-08-15 14:14:27'),
(643, 310, 173, 'SEX-11: Lumpia + Sisig + Balony', '/images/menu/sex-combo.webp', 209.00, 1, 209.00, '[{\"name\": \"Red Ice Tea\", \"type\": \"modifier\", \"price_type\": \"none\", \"price_adjustment\": 0}]', '2026-08-15 14:14:27', '2026-08-15 14:14:27'),
(644, 311, 337, 'PINAKBET', '/images/hero-burger.webp', 260.00, 1, 260.00, '[{\"name\": \"MAG-ISA\", \"type\": \"modifier\", \"price_type\": \"none\", \"price_adjustment\": 0}]', '2026-08-15 14:32:11', '2026-08-15 14:32:11'),
(645, 312, 262, 'EUT SNACKS-69', '/storage/menu-items/xiW5IeP4GP4yoQCjo48JS8hW58RCdDOlJTcqnSGo.jpg', 599.00, 1, 599.00, NULL, '2026-08-15 14:52:27', '2026-08-15 14:52:27'),
(646, 313, 335, 'TAKE OUT FEE', '/images/hero-burger.webp', 5.00, 2, 10.00, '[{\"name\": \"CUP\", \"type\": \"modifier\", \"price_type\": \"none\", \"price_adjustment\": 0}]', '2026-08-15 15:00:53', '2026-08-15 15:00:53'),
(647, 314, 21, 'U2-Chicken Inasal', '/storage/menu-items/7waTQzG35yDtmuEpGG4Teq85DO5xjECZdy79fMXm.jpg', 199.00, 1, 199.00, '[{\"name\": \"Cucumber Lemonade\", \"type\": \"modifier\", \"price_type\": \"none\", \"price_adjustment\": 0}]', '2026-08-15 15:22:13', '2026-08-15 15:22:13'),
(648, 314, 21, 'U2-Chicken Inasal', '/storage/menu-items/7waTQzG35yDtmuEpGG4Teq85DO5xjECZdy79fMXm.jpg', 199.00, 1, 199.00, '[{\"name\": \"Red Ice Tea\", \"type\": \"modifier\", \"price_type\": \"none\", \"price_adjustment\": 0}]', '2026-08-15 15:22:13', '2026-08-15 15:22:13'),
(649, 315, 100, 'P10-Loming Sabik Sa E.U.T.', '/images/menu/lomi-medium.webp', 209.00, 1, 209.00, '[{\"name\": \"Regular\", \"type\": \"modifier\", \"price_type\": \"none\", \"price_adjustment\": 0}]', '2026-08-15 15:36:47', '2026-08-15 15:36:47'),
(650, 315, 21, 'U2-Chicken Inasal', '/storage/menu-items/7waTQzG35yDtmuEpGG4Teq85DO5xjECZdy79fMXm.jpg', 199.00, 1, 199.00, '[{\"name\": \"Cucumber Lemonade\", \"type\": \"modifier\", \"price_type\": \"none\", \"price_adjustment\": 0}]', '2026-08-15 15:36:47', '2026-08-15 15:36:47'),
(651, 315, 29, 'Special Halo-Halo', '/storage/menu-items/PutysgFdmZ9wrtgXJPQWcEPojxkCrmjkkapSI01H.jpg', 139.00, 2, 278.00, NULL, '2026-08-15 15:36:47', '2026-08-15 15:36:47'),
(652, 315, 126, 'Classic Fries', '/storage/menu-items/NY9CJsnS6aP64qN4jWN7gtcpUbCYrw0FamUkYOfB.jpg', 60.00, 1, 60.00, '[{\"name\": \"Sour Cream\", \"type\": \"flavor\", \"price_type\": \"none\", \"price_adjustment\": 0}]', '2026-08-15 15:36:47', '2026-08-15 15:36:47'),
(653, 315, 63, 'F1-Manggo Shake', '/images/menu/mango-shake.webp', 99.00, 1, 99.00, NULL, '2026-08-15 15:36:47', '2026-08-15 15:36:47'),
(654, 315, 200, 'Ham and Bacon Burger', 'images/menu/burger.jpg', 139.00, 1, 139.00, NULL, '2026-08-15 15:36:47', '2026-08-15 15:36:47'),
(655, 316, 127, 'Couple Fries', '/storage/menu-items/ZHEswpzA2sMPTqUyXYH3WjkT8EjGJAZHPTDbnLXF.jpg', 139.00, 1, 139.00, '[{\"name\": \"Barbeque\", \"type\": \"flavor\", \"price_type\": \"none\", \"price_adjustment\": 0}]', '2026-08-15 16:21:16', '2026-08-15 16:21:16'),
(656, 316, 141, 'Beef Burrito', '/images/menu/beef-burrito.webp', 129.00, 1, 129.00, NULL, '2026-08-15 16:21:16', '2026-08-15 16:21:16'),
(657, 316, 199, 'Aloha Beef Burger', 'images/menu/burger.jpg', 134.00, 4, 536.00, NULL, '2026-08-15 16:21:16', '2026-08-15 16:21:16'),
(658, 316, 160, 'W1 ??? 3 Pcs Wings', '/storage/menu-items/DixrAZGZ51KeOUQHlUw0oU7faaWboDXqfgSLcJNQ.jpg', 169.00, 1, 169.00, '[{\"name\": \"Garlic Parmesan Cheese\", \"type\": \"flavor\", \"price_type\": \"none\", \"price_adjustment\": 0}]', '2026-08-15 16:21:16', '2026-08-15 16:21:16'),
(659, 316, 133, 'Bread Roll', '/storage/menu-items/VkL5nMy83QrY1MM297y7yze2y9Idzo2rcjqEGgnd.jpg', 69.00, 1, 69.00, NULL, '2026-08-15 16:21:16', '2026-08-15 16:21:16'),
(660, 316, 55, 'FS3-Oreo Chocolate Milk Shake', '/storage/menu-items/KaFXrPnwXr6Xu4cKS30KYNOPwZMdNXLYvyIhATj6.jpg', 129.00, 2, 258.00, NULL, '2026-08-15 16:21:16', '2026-08-15 16:21:16'),
(661, 316, 61, 'FS9-Matcha Milk Shake', '/storage/menu-items/KtvcBSpXFi9tdT7j7pJEp5zGYExbslWLbyX1Sxg1.jpg', 149.00, 1, 149.00, NULL, '2026-08-15 16:21:16', '2026-08-15 16:21:16'),
(662, 316, 287, 'ICED CARAMEL MACCHIATO', '/storage/menu-items/pBVvdFs6NUOoSzcW8TWxTTY0mEZqDjQ8xDf7YxRh.webp', 79.00, 1, 79.00, NULL, '2026-08-15 16:21:16', '2026-08-15 16:21:16'),
(663, 316, 317, 'CHEESECAKE MILK TEA', '/storage/menu-items/Ps5xfJh6sxn28tLg7iTdHL16jxuxGFP26KIXFtkY.webp', 39.00, 1, 39.00, '[{\"name\": \"16 onz\", \"type\": \"modifier\", \"price_type\": \"none\", \"price_adjustment\": 0}]', '2026-08-15 16:21:16', '2026-08-15 16:21:16'),
(664, 316, 330, 'OKINAWA MILK TEA', '/storage/menu-items/DlWzvw0ZkQyhLbp4Mcgqqw0QRDzJDbLqRrWFuNVt.jpg', 49.00, 1, 49.00, '[{\"name\": \"22 Onz\", \"type\": \"modifier\", \"price_type\": \"add\", \"price_adjustment\": 10}]', '2026-08-15 16:21:16', '2026-08-15 16:21:16'),
(665, 317, 198, 'Classic Mozzarella Burger', '/storage/menu-items/PAtWw2PBIODT1naimTuZ8lRVpBWKVbv9HYWJOsPn.jpg', 99.00, 1, 99.00, NULL, '2026-08-15 16:28:34', '2026-08-15 16:28:34'),
(666, 317, 200, 'Ham and Bacon Burger', 'images/menu/burger.jpg', 139.00, 1, 139.00, NULL, '2026-08-15 16:28:34', '2026-08-15 16:28:34'),
(667, 317, 126, 'Classic Fries', '/storage/menu-items/NY9CJsnS6aP64qN4jWN7gtcpUbCYrw0FamUkYOfB.jpg', 60.00, 1, 60.00, '[{\"name\": \"Cheese\", \"type\": \"flavor\", \"price_type\": \"none\", \"price_adjustment\": 0}]', '2026-08-15 16:28:34', '2026-08-15 16:28:34'),
(668, 317, 126, 'Classic Fries', '/storage/menu-items/NY9CJsnS6aP64qN4jWN7gtcpUbCYrw0FamUkYOfB.jpg', 60.00, 1, 60.00, '[{\"name\": \"Barbeque\", \"type\": \"flavor\", \"price_type\": \"none\", \"price_adjustment\": 0}]', '2026-08-15 16:28:34', '2026-08-15 16:28:34'),
(669, 318, 58, 'FS6-Manggo Graham Milk Shake', '/storage/menu-items/K1fA4eC1hDmgr4Dea4xba4R3JpP6lO5eHznSyTze.jpg', 149.00, 1, 149.00, NULL, '2026-08-15 17:02:03', '2026-08-15 17:02:03'),
(670, 318, 160, 'W1 ??? 3 Pcs Wings', '/storage/menu-items/DixrAZGZ51KeOUQHlUw0oU7faaWboDXqfgSLcJNQ.jpg', 169.00, 1, 169.00, '[{\"name\": \"Teriyaki\", \"type\": \"flavor\", \"price_type\": \"none\", \"price_adjustment\": 0}]', '2026-08-15 17:02:03', '2026-08-15 17:02:03'),
(671, 318, 264, 'PLAIN RICE', '/storage/menu-items/oXwmA44rFPj6sewcerqwGV2cR2mm8gdxrXQ9xZwS.webp', 25.00, 1, 25.00, NULL, '2026-08-15 17:02:03', '2026-08-15 17:02:03'),
(672, 318, 36, 'Vegetable Salad', '/images/menu/vegetable-salad.webp', 139.00, 1, 139.00, '[{\"name\": \"16 Onz\", \"type\": \"modifier\", \"price_type\": \"none\", \"price_adjustment\": 0}]', '2026-08-15 17:02:03', '2026-08-15 17:02:03'),
(673, 318, 72, 'Cucumber Lemonade', '/images/menu/cucumber-lemonade.webp', 49.00, 1, 49.00, '[{\"name\": \"Single\", \"type\": \"modifier\", \"price_type\": \"none\", \"price_adjustment\": 0}]', '2026-08-15 17:02:03', '2026-08-15 17:02:03'),
(674, 319, 137, 'Beef Shawarma', '/images/menu/beef-shawarma.webp', 119.00, 1, 119.00, NULL, '2026-08-15 17:03:54', '2026-08-15 17:03:54'),
(675, 319, 126, 'Classic Fries', '/storage/menu-items/NY9CJsnS6aP64qN4jWN7gtcpUbCYrw0FamUkYOfB.jpg', 60.00, 1, 60.00, '[{\"name\": \"Sour Cream\", \"type\": \"flavor\", \"price_type\": \"none\", \"price_adjustment\": 0}]', '2026-08-15 17:03:54', '2026-08-15 17:03:54'),
(676, 319, 92, 'P2-Bihon Guisado', '/storage/menu-items/98dnwXL6WF4anLXwZREitMpwTr106XNv2AbYMnyh.jpg', 199.00, 1, 199.00, '[{\"name\": \"Special\", \"type\": \"modifier\", \"price_type\": \"add\", \"price_adjustment\": 80}]', '2026-08-15 17:03:54', '2026-08-15 17:03:54'),
(677, 320, 230, 'RM1 Sizzling Pork Sisig', '/storage/menu-items/AbndEcJvgxpL7Xwl0l0M1dM1BAd1Voe4oSm4BuOz.jpg', 179.00, 1, 179.00, NULL, '2026-08-15 18:04:08', '2026-08-15 18:04:08'),
(678, 320, 75, 'Blue Lemonade', '/images/menu/blue-lemonade.webp', 49.00, 1, 49.00, '[{\"name\": \"Single\", \"type\": \"modifier\", \"price_type\": \"none\", \"price_adjustment\": 0}]', '2026-08-15 18:04:08', '2026-08-15 18:04:08'),
(679, 320, 95, 'P5-Bihon-Canton Guisado', '/storage/menu-items/smdZMqs9T79GN3j4DMJIuJi53gQ0ALojBvmfSepB.jpg', 139.00, 1, 139.00, '[{\"name\": \"Regular\", \"type\": \"modifier\", \"price_type\": \"none\", \"price_adjustment\": 0}]', '2026-08-15 18:04:08', '2026-08-15 18:04:08'),
(680, 321, 100, 'P10-Loming Sabik Sa E.U.T.', '/images/menu/lomi-medium.webp', 209.00, 1, 209.00, '[{\"name\": \"Regular\", \"type\": \"modifier\", \"price_type\": \"none\", \"price_adjustment\": 0}]', '2026-08-15 18:09:22', '2026-08-15 18:09:22'),
(681, 321, 106, 'P16-Carbonara', '/images/menu/carbonara.webp', 199.00, 1, 199.00, '[{\"name\": \"Special\", \"type\": \"modifier\", \"price_type\": \"add\", \"price_adjustment\": 30}]', '2026-08-15 18:09:22', '2026-08-15 18:09:22'),
(682, 321, 161, 'W2 ??? 6 Pcs Wings', '/images/menu/wings-6pcs.webp', 399.00, 1, 399.00, '[{\"name\": \"Garlic Parmesan Cheese\", \"type\": \"flavor\", \"price_type\": \"none\", \"price_adjustment\": 0}, {\"name\": \"Sweet Chili\", \"type\": \"flavor\", \"price_type\": \"none\", \"price_adjustment\": 0}]', '2026-08-15 18:09:22', '2026-08-15 18:09:22'),
(683, 321, 278, 'Coke Mismo', '/storage/menu-items/LWawlQ0nngmKhCSxJSemmWTzqKjsYUIefqbH34TK.jpg', 25.00, 2, 50.00, NULL, '2026-08-15 18:09:22', '2026-08-15 18:09:22'),
(684, 322, 225, 'S13 SEX-Footlong', 'images/menu/rice.jpg', 98.00, 1, 98.00, NULL, '2026-08-15 18:11:27', '2026-08-15 18:11:27'),
(685, 323, 237, 'RM8 Pork BBQ', '/storage/menu-items/gDyUJs9H3IJYfchx7N9vOcUfKXPSoIw5YbAbrnDx.jpg', 139.00, 2, 278.00, NULL, '2026-08-15 18:15:58', '2026-08-15 18:15:58'),
(686, 323, 22, 'U3-3 Pcs. Wings', '/storage/menu-items/v16IltFY6gNJZSXsNMN8ZYwVeCO1bAnp0TuuhPqW.jpg', 179.00, 1, 179.00, '[{\"name\": \"Pineapple Juice\", \"type\": \"modifier\", \"price_type\": \"none\", \"price_adjustment\": 0}]', '2026-08-15 18:15:58', '2026-08-15 18:15:58'),
(687, 323, 21, 'U2-Chicken Inasal', '/storage/menu-items/7waTQzG35yDtmuEpGG4Teq85DO5xjECZdy79fMXm.jpg', 229.00, 1, 229.00, '[{\"name\": \"Pineapple Juice\", \"type\": \"modifier\", \"price_type\": \"none\", \"price_adjustment\": 0}, {\"name\": \"Drinks: Halo Halo\", \"type\": \"addon\", \"price_type\": \"add\", \"price_adjustment\": 30}]', '2026-08-15 18:15:58', '2026-08-15 18:15:58'),
(688, 324, 230, 'RM1 Sizzling Pork Sisig', '/storage/menu-items/AbndEcJvgxpL7Xwl0l0M1dM1BAd1Voe4oSm4BuOz.jpg', 179.00, 1, 179.00, NULL, '2026-08-15 18:26:27', '2026-08-15 18:26:27'),
(689, 324, 241, 'RM12 Bangus Bicol Express', 'images/menu/rice.jpg', 169.00, 1, 169.00, NULL, '2026-08-15 18:26:27', '2026-08-15 18:26:27'),
(690, 324, 72, 'Cucumber Lemonade', '/images/menu/cucumber-lemonade.webp', 49.00, 1, 49.00, '[{\"name\": \"Single\", \"type\": \"modifier\", \"price_type\": \"none\", \"price_adjustment\": 0}]', '2026-08-15 18:26:27', '2026-08-15 18:26:27'),
(691, 325, 21, 'U2-Chicken Inasal', '/storage/menu-items/7waTQzG35yDtmuEpGG4Teq85DO5xjECZdy79fMXm.jpg', 259.00, 1, 259.00, '[{\"name\": \"Blue Lemonade\", \"type\": \"modifier\", \"price_type\": \"none\", \"price_adjustment\": 0}, {\"name\": \"HALO HALO\", \"type\": \"addon\", \"price_type\": \"add\", \"price_adjustment\": 60}]', '2026-08-15 18:39:18', '2026-08-15 18:39:18'),
(692, 326, 29, 'Special Halo-Halo', '/storage/menu-items/PutysgFdmZ9wrtgXJPQWcEPojxkCrmjkkapSI01H.jpg', 139.00, 1, 139.00, NULL, '2026-08-15 18:43:20', '2026-08-15 18:43:20'),
(693, 327, 103, 'P13-Spaghetti', '/images/menu/spaghetti.webp', 129.00, 1, 129.00, '[{\"name\": \"Regular\", \"type\": \"modifier\", \"price_type\": \"none\", \"price_adjustment\": 0}]', '2026-08-15 18:49:39', '2026-08-15 18:49:39'),
(694, 327, 233, 'RM4 1 Pc Fried Chicken Leg', '/storage/menu-items/0PP4mGsp83gjmGjlv7kWp5hUdYPLMuGtji9eC7B5.jpg', 119.00, 2, 238.00, NULL, '2026-08-15 18:49:39', '2026-08-15 18:49:39'),
(695, 327, 170, 'Rice Bowl', '/images/menu/rice-bowl.webp', 89.00, 1, 89.00, '[{\"name\": \"Steam Siomai\", \"type\": \"modifier\", \"price_type\": \"none\", \"price_adjustment\": 0}]', '2026-08-15 18:49:39', '2026-08-15 18:49:39'),
(696, 327, 76, 'Black Gulaman', '/images/menu/black-gulaman.webp', 49.00, 1, 49.00, '[{\"name\": \"Single\", \"type\": \"modifier\", \"price_type\": \"none\", \"price_adjustment\": 0}]', '2026-08-15 18:49:39', '2026-08-15 18:49:39'),
(697, 328, 335, 'TAKE OUT FEE', '/images/hero-burger.webp', 5.00, 1, 5.00, '[{\"name\": \"CUP\", \"type\": \"modifier\", \"price_type\": \"none\", \"price_adjustment\": 0}]', '2026-08-15 18:50:58', '2026-08-15 18:50:58'),
(698, 329, 21, 'U2-Chicken Inasal', '/storage/menu-items/7waTQzG35yDtmuEpGG4Teq85DO5xjECZdy79fMXm.jpg', 199.00, 8, 1592.00, '[{\"name\": \"Black Gulaman\", \"type\": \"modifier\", \"price_type\": \"none\", \"price_adjustment\": 0}]', '2026-08-15 18:51:51', '2026-08-15 18:51:51'),
(699, 329, 236, 'RM7 Fried Pork Liempo', 'images/menu/rice.jpg', 149.00, 1, 149.00, NULL, '2026-08-15 18:51:51', '2026-08-15 18:51:51'),
(700, 329, 21, 'U2-Chicken Inasal', '/storage/menu-items/7waTQzG35yDtmuEpGG4Teq85DO5xjECZdy79fMXm.jpg', 199.00, 8, 1592.00, '[{\"name\": \"Cucumber Lemonade\", \"type\": \"modifier\", \"price_type\": \"none\", \"price_adjustment\": 0}]', '2026-08-15 18:51:51', '2026-08-15 18:51:51'),
(701, 329, 336, 'HALO HALO (COMBO)', '/images/hero-burger.webp', 60.00, 3, 180.00, NULL, '2026-08-15 18:51:51', '2026-08-15 18:51:51'),
(702, 329, 94, 'P4-Miki-Bihon Guisado', '/storage/menu-items/zNidW2ueZYeKrZOevbF4FVH1HBKm8gOqhAjuA9nv.jpg', 219.00, 3, 657.00, '[{\"name\": \"Special\", \"type\": \"modifier\", \"price_type\": \"add\", \"price_adjustment\": 80}]', '2026-08-15 18:51:51', '2026-08-15 18:51:51'),
(703, 329, 302, 'ICED SALTED CARAMEL LATTE', '/storage/menu-items/DlUisY2o6GShHjPLM7qLLP61SpJjUQWA8dRfb8E2.webp', 79.00, 1, 79.00, NULL, '2026-08-15 18:51:51', '2026-08-15 18:51:51'),
(704, 330, 22, 'U3-3 Pcs. Wings', '/storage/menu-items/v16IltFY6gNJZSXsNMN8ZYwVeCO1bAnp0TuuhPqW.jpg', 179.00, 2, 358.00, '[{\"name\": \"Blue Lemonade\", \"type\": \"modifier\", \"price_type\": \"none\", \"price_adjustment\": 0}]', '2026-08-15 19:01:05', '2026-08-15 19:01:05'),
(705, 331, 158, 'Pork Sisig', '/images/menu/pork-sisig.webp', 179.00, 1, 179.00, '[{\"name\": \"May Kalaguyo\", \"type\": \"modifier\", \"price_type\": \"none\", \"price_adjustment\": 0}]', '2026-08-15 19:05:06', '2026-08-15 19:05:06'),
(706, 331, 160, 'W1 ??? 3 Pcs Wings', '/storage/menu-items/DixrAZGZ51KeOUQHlUw0oU7faaWboDXqfgSLcJNQ.jpg', 169.00, 1, 169.00, '[{\"name\": \"Sweet Chili\", \"type\": \"flavor\", \"price_type\": \"none\", \"price_adjustment\": 0}]', '2026-08-15 19:05:06', '2026-08-15 19:05:06'),
(707, 332, 171, 'Fried Chicken Rice Bowl', '/images/menu/fried-chicken-rice-bowl.webp', 109.00, 2, 218.00, '[{\"name\": \"Chili Sauce\", \"type\": \"flavor\", \"price_type\": \"none\", \"price_adjustment\": 0}]', '2026-08-15 19:09:05', '2026-08-15 19:09:05'),
(708, 332, 138, 'Chicken Shawarma', '/images/menu/chicken-shawarma.webp', 109.00, 1, 109.00, NULL, '2026-08-15 19:09:05', '2026-08-15 19:09:05'),
(709, 332, 172, 'Fried Pork Rice Bowl', '/images/menu/fried-pork-rice-bowl.webp', 129.00, 2, 258.00, '[{\"name\": \"Barbecue\", \"type\": \"flavor\", \"price_type\": \"none\", \"price_adjustment\": 0}]', '2026-08-15 19:09:05', '2026-08-15 19:09:05'),
(710, 332, 228, 'S16 SEX-Ham and Bacon', 'images/menu/rice.jpg', 129.00, 1, 129.00, NULL, '2026-08-15 19:09:05', '2026-08-15 19:09:05'),
(711, 332, 171, 'Fried Chicken Rice Bowl', '/images/menu/fried-chicken-rice-bowl.webp', 109.00, 1, 109.00, '[{\"name\": \"Buffalo\", \"type\": \"flavor\", \"price_type\": \"none\", \"price_adjustment\": 0}]', '2026-08-15 19:09:05', '2026-08-15 19:09:05'),
(712, 332, 236, 'RM7 Fried Pork Liempo', 'images/menu/rice.jpg', 149.00, 1, 149.00, NULL, '2026-08-15 19:09:05', '2026-08-15 19:09:05'),
(713, 332, 80, 'Orange Lemonade', '/images/menu/orange-lemonade.webp', 189.00, 1, 189.00, '[{\"name\": \"Tower\", \"type\": \"modifier\", \"price_type\": \"add\", \"price_adjustment\": 130}]', '2026-08-15 19:09:05', '2026-08-15 19:09:05'),
(714, 333, 230, 'RM1 Sizzling Pork Sisig', '/storage/menu-items/AbndEcJvgxpL7Xwl0l0M1dM1BAd1Voe4oSm4BuOz.jpg', 179.00, 1, 179.00, NULL, '2026-08-15 19:09:42', '2026-08-15 19:09:42'),
(715, 333, 240, 'RM11 Pork Kare-Kare', '/storage/menu-items/k8mIUa9yErL2w9Hg6Ek5ZTmT6NgzasDt59ZTRh4Y.jpg', 199.00, 1, 199.00, NULL, '2026-08-15 19:09:42', '2026-08-15 19:09:42'),
(716, 333, 126, 'Classic Fries', '/storage/menu-items/NY9CJsnS6aP64qN4jWN7gtcpUbCYrw0FamUkYOfB.jpg', 60.00, 2, 120.00, '[{\"name\": \"Cheese\", \"type\": \"flavor\", \"price_type\": \"none\", \"price_adjustment\": 0}]', '2026-08-15 19:09:42', '2026-08-15 19:09:42'),
(717, 333, 190, 'SEX-4: Fried Pork + Lumpia + Tocino', 'images/menu/rice.jpg', 209.00, 2, 418.00, '[{\"name\": \"Pineapple Juice\", \"type\": \"modifier\", \"price_type\": \"none\", \"price_adjustment\": 0}]', '2026-08-15 19:09:42', '2026-08-15 19:09:42'),
(718, 333, 83, 'Pineapple Juice', '/images/menu/pineapple-juice.webp', 59.00, 4, 236.00, '[{\"name\": \"Single\", \"type\": \"modifier\", \"price_type\": \"none\", \"price_adjustment\": 0}]', '2026-08-15 19:09:42', '2026-08-15 19:09:42'),
(719, 333, 78, 'Calamansi Lemonade', '/images/menu/calamansi-lemonade.webp', 49.00, 1, 49.00, '[{\"name\": \"Single\", \"type\": \"modifier\", \"price_type\": \"none\", \"price_adjustment\": 0}]', '2026-08-15 19:09:42', '2026-08-15 19:09:42'),
(720, 333, 136, 'Siomai Small', '/images/menu/siomai-small.webp', 59.00, 1, 59.00, '[{\"name\": \"Steamed\", \"type\": \"modifier\", \"price_type\": \"none\", \"price_adjustment\": 0}]', '2026-08-15 19:09:42', '2026-08-15 19:09:42'),
(721, 333, 98, 'P8-Palabok', '/images/menu/palabok.webp', 109.00, 1, 109.00, '[{\"name\": \"Regular\", \"type\": \"modifier\", \"price_type\": \"none\", \"price_adjustment\": 0}]', '2026-08-15 19:09:42', '2026-08-15 19:09:42'),
(722, 333, 264, 'PLAIN RICE', '/storage/menu-items/oXwmA44rFPj6sewcerqwGV2cR2mm8gdxrXQ9xZwS.webp', 25.00, 2, 50.00, NULL, '2026-08-15 19:09:42', '2026-08-15 19:09:42'),
(723, 334, 336, 'HALO HALO (COMBO)', '/images/hero-burger.webp', 60.00, 1, 60.00, NULL, '2026-08-15 19:10:00', '2026-08-15 19:10:00'),
(725, 336, 160, 'W1 ??? 3 Pcs Wings', '/storage/menu-items/DixrAZGZ51KeOUQHlUw0oU7faaWboDXqfgSLcJNQ.jpg', 169.00, 1, 169.00, '[{\"name\": \"Buffalo\", \"type\": \"flavor\", \"price_type\": \"none\", \"price_adjustment\": 0}]', '2026-08-15 19:15:32', '2026-08-15 19:15:32'),
(726, 337, 263, 'FRIED RICE', '/storage/menu-items/oQzD1PihwCXxsvdorAL6dpsR5mlxmGWPtQo9qAU6.webp', 30.00, 4, 120.00, NULL, '2026-08-15 19:21:16', '2026-08-15 19:21:16'),
(727, 338, 242, 'RM13 Chicken Shawarma Rice', 'images/menu/rice.jpg', 119.00, 2, 238.00, NULL, '2026-08-15 19:33:26', '2026-08-15 19:33:26'),
(728, 338, 218, 'S6 SEX-Chicken Tocino', 'images/menu/rice.jpg', 129.00, 1, 129.00, NULL, '2026-08-15 19:33:26', '2026-08-15 19:33:26'),
(729, 338, 170, 'Rice Bowl', '/images/menu/rice-bowl.webp', 89.00, 1, 89.00, '[{\"name\": \"Lumpia Shanghai\", \"type\": \"modifier\", \"price_type\": \"none\", \"price_adjustment\": 0}]', '2026-08-15 19:33:26', '2026-08-15 19:33:26'),
(730, 338, 330, 'OKINAWA MILK TEA', '/storage/menu-items/DlWzvw0ZkQyhLbp4Mcgqqw0QRDzJDbLqRrWFuNVt.jpg', 39.00, 1, 39.00, '[{\"name\": \"16 Onz\", \"type\": \"modifier\", \"price_type\": \"none\", \"price_adjustment\": 0}]', '2026-08-15 19:33:26', '2026-08-15 19:33:26'),
(731, 339, 230, 'RM1 Sizzling Pork Sisig', '/storage/menu-items/AbndEcJvgxpL7Xwl0l0M1dM1BAd1Voe4oSm4BuOz.jpg', 179.00, 1, 179.00, NULL, '2026-08-15 19:46:20', '2026-08-15 19:46:20'),
(732, 340, 264, 'PLAIN RICE', '/storage/menu-items/oXwmA44rFPj6sewcerqwGV2cR2mm8gdxrXQ9xZwS.webp', 25.00, 2, 50.00, NULL, '2026-08-15 19:47:13', '2026-08-15 19:47:13'),
(733, 341, 36, 'Vegetable Salad', '/images/menu/vegetable-salad.webp', 139.00, 1, 139.00, NULL, '2026-08-15 19:48:18', '2026-08-15 19:48:18'),
(734, 341, 21, 'U2-Chicken Inasal', '/storage/menu-items/7waTQzG35yDtmuEpGG4Teq85DO5xjECZdy79fMXm.jpg', 199.00, 5, 995.00, NULL, '2026-08-15 19:48:18', '2026-08-15 19:48:18'),
(735, 341, 94, 'P4-Miki-Bihon Guisado', '/storage/menu-items/zNidW2ueZYeKrZOevbF4FVH1HBKm8gOqhAjuA9nv.jpg', 139.00, 1, 139.00, '[{\"name\": \"Regular\", \"type\": \"modifier\", \"price_type\": \"none\", \"price_adjustment\": 0}]', '2026-08-15 19:48:18', '2026-08-15 19:48:18'),
(741, 345, 24, 'Sagana Sa EUT', '/images/menu/sagana-sa-eut.webp', 6499.00, 1, 6499.00, '[{\"name\": \"Plain Rice\", \"type\": \"flavor\", \"price_type\": \"none\", \"price_adjustment\": 0}, {\"name\": \"Pork\", \"type\": \"flavor\", \"price_type\": \"none\", \"price_adjustment\": 0}, {\"name\": \"Beef\", \"type\": \"flavor\", \"price_type\": \"none\", \"price_adjustment\": 0}, {\"name\": \"Sizzling Cheesy\", \"type\": \"flavor\", \"price_type\": \"none\", \"price_adjustment\": 0}, {\"name\": \"Binagoongan\", \"type\": \"flavor\", \"price_type\": \"none\", \"price_adjustment\": 0}, {\"name\": \"Buffalo\", \"type\": \"flavor\", \"price_type\": \"none\", \"price_adjustment\": 0}, {\"name\": \"Halo-Halo\", \"type\": \"flavor\", \"price_type\": \"none\", \"price_adjustment\": 0}, {\"name\": \"Cucumber Lemonade\", \"type\": \"flavor\", \"price_type\": \"none\", \"price_adjustment\": 0}]', '2026-08-16 09:27:51', '2026-08-16 09:27:51'),
(742, 345, 22, 'U3-3 Pcs. Wings', '/storage/menu-items/v16IltFY6gNJZSXsNMN8ZYwVeCO1bAnp0TuuhPqW.jpg', 179.00, 1, 179.00, NULL, '2026-08-16 09:27:51', '2026-08-16 09:27:51'),
(743, 345, 20, 'U1-Pork Inasal', '/storage/menu-items/HZIFTis0sUss1t5rxSSW5RLuMgcUG5UXvyuM91nl.jpg', 229.00, 1, 229.00, NULL, '2026-08-16 09:27:51', '2026-08-16 09:27:51'),
(747, 348, 20, 'U1-Pork Inasal', '/storage/menu-items/HZIFTis0sUss1t5rxSSW5RLuMgcUG5UXvyuM91nl.jpg', 229.00, 4, 916.00, NULL, '2026-08-16 09:34:04', '2026-08-16 09:34:04'),
(751, 351, 91, 'P1-Miki Guisado', '/storage/menu-items/y0RSoRc9lTmIAREUF6mTeckngnWVGEVL827Q906N.jpg', 119.00, 1, 119.00, '[{\"name\": \"Regular\", \"type\": \"modifier\", \"price_type\": \"none\", \"price_adjustment\": 0}]', '2026-08-16 09:51:20', '2026-08-16 09:51:20'),
(746, 348, 21, 'U2-Chicken Inasal', '/storage/menu-items/7waTQzG35yDtmuEpGG4Teq85DO5xjECZdy79fMXm.jpg', 199.00, 1, 199.00, NULL, '2026-08-16 09:34:04', '2026-08-16 09:34:04'),
(750, 351, 99, 'P9-Loming Bitin Sa E.U.T.', '/images/menu/lomi-small.webp', 89.00, 1, 89.00, NULL, '2026-08-16 09:51:20', '2026-08-16 09:51:20'),
(754, 354, 20, 'U1-Pork Inasal', '/storage/menu-items/HZIFTis0sUss1t5rxSSW5RLuMgcUG5UXvyuM91nl.jpg', 229.00, 7, 1603.00, NULL, '2026-08-16 09:55:11', '2026-08-16 09:55:11'),
(756, 356, 190, 'SEX-4: Fried Pork + Lumpia + Tocino', 'images/menu/rice.jpg', 209.00, 2, 418.00, '[{\"name\": \"Black Gulaman\", \"type\": \"modifier\", \"price_type\": \"none\", \"price_adjustment\": 0}]', '2026-08-16 10:04:57', '2026-08-16 10:04:57'),
(757, 356, 182, 'SEX-20: Sisig + Bacon + Hotdog', 'images/menu/rice.jpg', 229.00, 1, 229.00, '[{\"name\": \"Black Gulaman\", \"type\": \"modifier\", \"price_type\": \"none\", \"price_adjustment\": 0}]', '2026-08-16 10:04:57', '2026-08-16 10:04:57'),
(758, 357, 99, 'P9-Loming Bitin Sa E.U.T.', '/images/menu/lomi-small.webp', 89.00, 1, 89.00, NULL, '2026-08-16 10:11:47', '2026-08-16 10:11:47'),
(759, 358, 127, 'Couple Fries', '/storage/menu-items/ZHEswpzA2sMPTqUyXYH3WjkT8EjGJAZHPTDbnLXF.jpg', 139.00, 1, 139.00, '[{\"name\": \"Cheese\", \"type\": \"flavor\", \"price_type\": \"none\", \"price_adjustment\": 0}]', '2026-08-16 10:15:16', '2026-08-16 10:15:16'),
(760, 358, 130, 'Classic Nachos', '/images/menu/classic-nachos.webp', 69.00, 1, 69.00, NULL, '2026-08-16 10:15:16', '2026-08-16 10:15:16'),
(761, 358, 289, 'ICED CHOCOLATE  MACCHIATO', '/storage/menu-items/HbgnAWItZ2fsvZxsCVbNHcPr5wjJSPxconNq0GAe.jpg', 79.00, 1, 79.00, NULL, '2026-08-16 10:15:16', '2026-08-16 10:15:16'),
(762, 358, 76, 'Black Gulaman', '/images/menu/black-gulaman.webp', 49.00, 2, 98.00, '[{\"name\": \"Single\", \"type\": \"modifier\", \"price_type\": \"none\", \"price_adjustment\": 0}]', '2026-08-16 10:15:16', '2026-08-16 10:15:16'),
(763, 359, 22, 'U3-3 Pcs. Wings', '/storage/menu-items/v16IltFY6gNJZSXsNMN8ZYwVeCO1bAnp0TuuhPqW.jpg', 179.00, 1, 179.00, NULL, '2026-08-16 10:16:53', '2026-08-16 10:16:53'),
(764, 359, 160, 'W1 ??? 3 Pcs Wings', '/storage/menu-items/DixrAZGZ51KeOUQHlUw0oU7faaWboDXqfgSLcJNQ.jpg', 169.00, 1, 169.00, '[{\"name\": \"Garlic Parmesan Cheese\", \"type\": \"flavor\", \"price_type\": \"none\", \"price_adjustment\": 0}]', '2026-08-16 10:16:53', '2026-08-16 10:16:53'),
(765, 359, 36, 'Vegetable Salad', '/images/menu/vegetable-salad.webp', 139.00, 1, 139.00, NULL, '2026-08-16 10:16:53', '2026-08-16 10:16:53'),
(766, 359, 21, 'U2-Chicken Inasal', '/storage/menu-items/7waTQzG35yDtmuEpGG4Teq85DO5xjECZdy79fMXm.jpg', 199.00, 1, 199.00, '[{\"name\": \"Cucumber Lemonade\", \"type\": \"modifier\", \"price_type\": \"none\", \"price_adjustment\": 0}]', '2026-08-16 10:16:53', '2026-08-16 10:16:53'),
(767, 360, 126, 'Classic Fries', '/storage/menu-items/NY9CJsnS6aP64qN4jWN7gtcpUbCYrw0FamUkYOfB.jpg', 60.00, 1, 60.00, '[{\"name\": \"Sour Cream\", \"type\": \"flavor\", \"price_type\": \"none\", \"price_adjustment\": 0}]', '2026-08-16 10:18:47', '2026-08-16 10:18:47'),
(768, 360, 200, 'Ham and Bacon Burger', 'images/menu/burger.jpg', 139.00, 1, 139.00, NULL, '2026-08-16 10:18:47', '2026-08-16 10:18:47'),
(769, 360, 75, 'Blue Lemonade', '/images/menu/blue-lemonade.webp', 49.00, 1, 49.00, '[{\"name\": \"Single\", \"type\": \"modifier\", \"price_type\": \"none\", \"price_adjustment\": 0}]', '2026-08-16 10:18:47', '2026-08-16 10:18:47'),
(770, 360, 63, 'F1-Manggo Shake', '/images/menu/mango-shake.webp', 99.00, 1, 99.00, NULL, '2026-08-16 10:18:47', '2026-08-16 10:18:47'),
(771, 360, 171, 'Fried Chicken Rice Bowl', '/images/menu/fried-chicken-rice-bowl.webp', 109.00, 1, 109.00, '[{\"name\": \"Sweet Chili\", \"type\": \"flavor\", \"price_type\": \"none\", \"price_adjustment\": 0}]', '2026-08-16 10:18:47', '2026-08-16 10:18:47'),
(772, 361, 99, 'P9-Loming Bitin Sa E.U.T.', '/images/menu/lomi-small.webp', 89.00, 2, 178.00, NULL, '2026-08-16 10:21:25', '2026-08-16 10:21:25'),
(773, 362, 99, 'P9-Loming Bitin Sa E.U.T.', '/images/menu/lomi-small.webp', 89.00, 2, 178.00, NULL, '2026-08-16 10:23:28', '2026-08-16 10:23:28'),
(774, 362, 313, 'MATCHA MILK TEA', '/storage/menu-items/iQeh7uMGA5fdJyrGOWD2lpxsuOXdMvpy8D9IHhXl.jpg', 39.00, 1, 39.00, '[{\"name\": \"16 Onz\", \"type\": \"modifier\", \"price_type\": \"none\", \"price_adjustment\": 0}]', '2026-08-16 10:23:28', '2026-08-16 10:23:28'),
(775, 362, 325, 'TARO FRUIT TEA', '/storage/menu-items/nqGjHhBKf7nVAD27rXL0GxSiSO1KiTd178Y0nBzi.webp', 39.00, 1, 39.00, '[{\"name\": \"16 Onz\", \"type\": \"modifier\", \"price_type\": \"none\", \"price_adjustment\": 0}]', '2026-08-16 10:23:28', '2026-08-16 10:23:28'),
(776, 363, 314, 'DARK CHOCOLATE MILK TEA', '/storage/menu-items/ssoC9n1zGRBiwvtytU2DXFMCzBmvqw3vJqrmn3yt.jpg', 39.00, 1, 39.00, '[{\"name\": \"16 Onz\", \"type\": \"modifier\", \"price_type\": \"none\", \"price_adjustment\": 0}]', '2026-08-16 10:24:26', '2026-08-16 10:24:26'),
(777, 363, 126, 'Classic Fries', '/storage/menu-items/NY9CJsnS6aP64qN4jWN7gtcpUbCYrw0FamUkYOfB.jpg', 60.00, 1, 60.00, '[{\"name\": \"Cheese\", \"type\": \"flavor\", \"price_type\": \"none\", \"price_adjustment\": 0}]', '2026-08-16 10:24:26', '2026-08-16 10:24:26'),
(778, 363, 93, 'P3-Canton Guisado', '/storage/menu-items/WuboUsNk2LRN9ezZ6UxwS1zUizFTuJ9F7clZ8wwZ.jpg', 129.00, 1, 129.00, '[{\"name\": \"Regular\", \"type\": \"modifier\", \"price_type\": \"none\", \"price_adjustment\": 0}]', '2026-08-16 10:24:26', '2026-08-16 10:24:26'),
(779, 363, 228, 'S16 SEX-Ham and Bacon', 'images/menu/rice.jpg', 129.00, 1, 129.00, NULL, '2026-08-16 10:24:26', '2026-08-16 10:24:26'),
(780, 363, 198, 'Classic Mozzarella Burger', '/storage/menu-items/PAtWw2PBIODT1naimTuZ8lRVpBWKVbv9HYWJOsPn.jpg', 99.00, 1, 99.00, NULL, '2026-08-16 10:24:26', '2026-08-16 10:24:26'),
(781, 364, 93, 'P3-Canton Guisado', '/storage/menu-items/WuboUsNk2LRN9ezZ6UxwS1zUizFTuJ9F7clZ8wwZ.jpg', 129.00, 9, 1161.00, '[{\"name\": \"Regular\", \"type\": \"modifier\", \"price_type\": \"none\", \"price_adjustment\": 0}]', '2026-08-16 10:31:37', '2026-08-16 10:31:37'),
(782, 365, 99, 'P9-Loming Bitin Sa E.U.T.', '/images/menu/lomi-small.webp', 89.00, 2, 178.00, NULL, '2026-08-16 10:34:51', '2026-08-16 10:34:51'),
(783, 366, 338, 'MELON FRUIT TEA', '/images/hero-burger.webp', 39.00, 2, 78.00, '[{\"name\": \"16 Onz\", \"type\": \"modifier\", \"price_type\": \"none\", \"price_adjustment\": 0}]', '2026-08-16 10:35:49', '2026-08-16 10:35:49'),
(784, 367, 21, 'U2-Chicken Inasal', '/storage/menu-items/7waTQzG35yDtmuEpGG4Teq85DO5xjECZdy79fMXm.jpg', 199.00, 2, 398.00, '[{\"name\": \"Cucumber Lemonade\", \"type\": \"modifier\", \"price_type\": \"none\", \"price_adjustment\": 0}]', '2026-08-16 10:47:04', '2026-08-16 10:47:04'),
(785, 367, 220, 'S8 SEX-Lumpia', 'images/menu/rice.jpg', 109.00, 1, 109.00, NULL, '2026-08-16 10:47:04', '2026-08-16 10:47:04'),
(786, 368, 126, 'Classic Fries', '/storage/menu-items/NY9CJsnS6aP64qN4jWN7gtcpUbCYrw0FamUkYOfB.jpg', 60.00, 1, 60.00, '[{\"name\": \"Barbeque\", \"type\": \"flavor\", \"price_type\": \"none\", \"price_adjustment\": 0}]', '2026-08-16 10:47:38', '2026-08-16 10:47:38'),
(787, 369, 126, 'Classic Fries', '/storage/menu-items/NY9CJsnS6aP64qN4jWN7gtcpUbCYrw0FamUkYOfB.jpg', 60.00, 1, 60.00, '[{\"name\": \"Cheese\", \"type\": \"flavor\", \"price_type\": \"none\", \"price_adjustment\": 0}]', '2026-08-16 10:51:28', '2026-08-16 10:51:28'),
(788, 369, 126, 'Classic Fries', '/storage/menu-items/NY9CJsnS6aP64qN4jWN7gtcpUbCYrw0FamUkYOfB.jpg', 60.00, 1, 60.00, '[{\"name\": \"Sour Cream\", \"type\": \"flavor\", \"price_type\": \"none\", \"price_adjustment\": 0}]', '2026-08-16 10:51:28', '2026-08-16 10:51:28'),
(789, 370, 236, 'RM7 Fried Pork Liempo', 'images/menu/rice.jpg', 149.00, 1, 149.00, NULL, '2026-08-16 11:32:34', '2026-08-16 11:32:34'),
(790, 370, 234, 'RM5 Sizzling Bangus', 'images/menu/rice.jpg', 139.00, 1, 139.00, NULL, '2026-08-16 11:32:34', '2026-08-16 11:32:34'),
(791, 370, 91, 'P1-Miki Guisado', '/storage/menu-items/y0RSoRc9lTmIAREUF6mTeckngnWVGEVL827Q906N.jpg', 119.00, 1, 119.00, '[{\"name\": \"Regular\", \"type\": \"modifier\", \"price_type\": \"none\", \"price_adjustment\": 0}]', '2026-08-16 11:32:34', '2026-08-16 11:32:34'),
(792, 370, 21, 'U2-Chicken Inasal', '/storage/menu-items/7waTQzG35yDtmuEpGG4Teq85DO5xjECZdy79fMXm.jpg', 199.00, 1, 199.00, '[{\"name\": \"Cucumber Lemonade\", \"type\": \"modifier\", \"price_type\": \"none\", \"price_adjustment\": 0}]', '2026-08-16 11:32:34', '2026-08-16 11:32:34'),
(793, 370, 230, 'RM1 Sizzling Pork Sisig', '/storage/menu-items/AbndEcJvgxpL7Xwl0l0M1dM1BAd1Voe4oSm4BuOz.jpg', 179.00, 1, 179.00, NULL, '2026-08-16 11:32:34', '2026-08-16 11:32:34'),
(794, 371, 29, 'Special Halo-Halo', '/storage/menu-items/PutysgFdmZ9wrtgXJPQWcEPojxkCrmjkkapSI01H.jpg', 139.00, 1, 139.00, NULL, '2026-08-16 11:41:48', '2026-08-16 11:41:48'),
(795, 371, 28, 'Classic Halo-Halo', '/storage/menu-items/cf5i67UOJKNchHc5uEIr2PDLW2ck5Wg5fuxUyMcp.jpg', 99.00, 1, 99.00, NULL, '2026-08-16 11:41:48', '2026-08-16 11:41:48'),
(796, 371, 33, 'Mango Tappioca', '/images/menu/mango-tappioca.webp', 99.00, 1, 99.00, '[{\"name\": \"Small\", \"type\": \"modifier\", \"price_type\": \"none\", \"price_adjustment\": 0}]', '2026-08-16 11:41:48', '2026-08-16 11:41:48'),
(797, 372, 230, 'RM1 Sizzling Pork Sisig', '/storage/menu-items/AbndEcJvgxpL7Xwl0l0M1dM1BAd1Voe4oSm4BuOz.jpg', 179.00, 2, 358.00, NULL, '2026-08-16 11:49:41', '2026-08-16 11:49:41'),
(798, 372, 161, 'W2 ??? 6 Pcs Wings', '/images/menu/wings-6pcs.webp', 399.00, 1, 399.00, '[{\"name\": \"Honey Butter\", \"type\": \"flavor\", \"price_type\": \"none\", \"price_adjustment\": 0}, {\"name\": \"Garlic Parmesan Cheese\", \"type\": \"flavor\", \"price_type\": \"none\", \"price_adjustment\": 0}]', '2026-08-16 11:49:41', '2026-08-16 11:49:41'),
(799, 372, 82, 'Yakult Lemonade', '/images/menu/yakult-lemonade.webp', 69.00, 2, 138.00, '[{\"name\": \"Single\", \"type\": \"modifier\", \"price_type\": \"none\", \"price_adjustment\": 0}]', '2026-08-16 11:49:41', '2026-08-16 11:49:41'),
(800, 373, 143, 'Sinigang na Baboy', '/images/menu/sinigang-baboy.webp', 350.00, 1, 350.00, '[{\"name\": \"Mag-Isa\", \"type\": \"modifier\", \"price_type\": \"none\", \"price_adjustment\": 0}]', '2026-08-16 11:52:35', '2026-08-16 11:52:35'),
(801, 373, 264, 'PLAIN RICE', '/storage/menu-items/oXwmA44rFPj6sewcerqwGV2cR2mm8gdxrXQ9xZwS.webp', 25.00, 3, 75.00, NULL, '2026-08-16 11:52:35', '2026-08-16 11:52:35'),
(802, 374, 21, 'U2-Chicken Inasal', '/storage/menu-items/7waTQzG35yDtmuEpGG4Teq85DO5xjECZdy79fMXm.jpg', 199.00, 2, 398.00, NULL, '2026-08-16 12:19:32', '2026-08-16 12:19:32'),
(803, 375, 225, 'S13 SEX-Footlong', 'images/menu/rice.jpg', 98.00, 1, 98.00, NULL, '2026-08-16 12:22:46', '2026-08-16 12:22:46'),
(804, 375, 221, 'S9 SEX-Bangus', 'images/menu/rice.jpg', 139.00, 1, 139.00, NULL, '2026-08-16 12:22:46', '2026-08-16 12:22:46'),
(805, 375, 320, 'COOKIES & CREAM MILK TEA', '/storage/menu-items/27hwYTPihe8Qa7AuT3CPTcMtEuxakB6p9vL96Tmk.jpg', 39.00, 1, 39.00, '[{\"name\": \"16 Onz\", \"type\": \"modifier\", \"price_type\": \"none\", \"price_adjustment\": 0}]', '2026-08-16 12:22:46', '2026-08-16 12:22:46'),
(806, 376, 215, 'S3 SEX-Chicken Leg', 'images/menu/rice.jpg', 149.00, 2, 298.00, NULL, '2026-08-16 12:29:28', '2026-08-16 12:29:28'),
(807, 377, 175, 'SEX-13: Sisig + Bacon + Hotdog', 'images/menu/rice.jpg', 209.00, 1, 209.00, '[{\"name\": \"Black Gulaman\", \"type\": \"modifier\", \"price_type\": \"none\", \"price_adjustment\": 0}]', '2026-08-16 12:32:53', '2026-08-16 12:32:53'),
(808, 377, 198, 'Classic Mozzarella Burger', '/storage/menu-items/PAtWw2PBIODT1naimTuZ8lRVpBWKVbv9HYWJOsPn.jpg', 99.00, 1, 99.00, NULL, '2026-08-16 12:32:53', '2026-08-16 12:32:53'),
(809, 377, 174, 'SEX-12: Spam + Sisig', 'images/menu/rice.jpg', 199.00, 1, 199.00, '[{\"name\": \"Red Ice Tea\", \"type\": \"modifier\", \"price_type\": \"none\", \"price_adjustment\": 0}]', '2026-08-16 12:32:53', '2026-08-16 12:32:53'),
(810, 378, 20, 'U1-Pork Inasal', '/storage/menu-items/HZIFTis0sUss1t5rxSSW5RLuMgcUG5UXvyuM91nl.jpg', 229.00, 4, 916.00, '[{\"name\": \"Cucumber Lemonade\", \"type\": \"modifier\", \"price_type\": \"none\", \"price_adjustment\": 0}]', '2026-08-16 12:37:39', '2026-08-16 12:37:39'),
(811, 378, 21, 'U2-Chicken Inasal', '/storage/menu-items/7waTQzG35yDtmuEpGG4Teq85DO5xjECZdy79fMXm.jpg', 199.00, 3, 597.00, '[{\"name\": \"Cucumber Lemonade\", \"type\": \"modifier\", \"price_type\": \"none\", \"price_adjustment\": 0}]', '2026-08-16 12:37:39', '2026-08-16 12:37:39'),
(812, 378, 23, 'U4-5 Pcs. Wings', '/storage/menu-items/AO5Zlgu7AHvtqmuUhVK7Z7fBR7VQdXGqimJOa61P.jpg', 279.00, 1, 279.00, '[{\"name\": \"Black Gulaman\", \"type\": \"modifier\", \"price_type\": \"none\", \"price_adjustment\": 0}]', '2026-08-16 12:37:39', '2026-08-16 12:37:39'),
(813, 379, 21, 'U2-Chicken Inasal', '/storage/menu-items/7waTQzG35yDtmuEpGG4Teq85DO5xjECZdy79fMXm.jpg', 199.00, 2, 398.00, '[{\"name\": \"Black Gulaman\", \"type\": \"modifier\", \"price_type\": \"none\", \"price_adjustment\": 0}]', '2026-08-16 12:39:43', '2026-08-16 12:39:43'),
(814, 379, 171, 'Fried Chicken Rice Bowl', '/images/menu/fried-chicken-rice-bowl.webp', 109.00, 1, 109.00, '[{\"name\": \"Honey Butter\", \"type\": \"flavor\", \"price_type\": \"none\", \"price_adjustment\": 0}]', '2026-08-16 12:39:43', '2026-08-16 12:39:43'),
(973, 440, 27, 'Sabik Sa EUT', '/images/menu/sabik-sa-eut.webp', 1499.00, 1, 1499.00, '[{\"name\": \"Buffalo\", \"type\": \"flavor\", \"price_type\": \"none\", \"price_adjustment\": 0}, {\"name\": \"Spaghetti\", \"type\": \"flavor\", \"price_type\": \"none\", \"price_adjustment\": 0}, {\"name\": \"Halo-Halo\", \"type\": \"flavor\", \"price_type\": \"none\", \"price_adjustment\": 0}, {\"name\": \"Cucumber Lemonade\", \"type\": \"flavor\", \"price_type\": \"none\", \"price_adjustment\": 0}]', '2026-08-17 00:38:57', '2026-08-17 00:38:57');
INSERT INTO `order_items` (`id`, `order_id`, `menu_item_id`, `item_name`, `image`, `unit_price`, `quantity`, `subtotal`, `modifiers`, `created_at`, `updated_at`) VALUES
(974, 441, 26, 'Sawa Sa EUT', '/images/menu/sawa-sa-eut.webp', 3999.00, 1, 3999.00, '[{\"name\": \"Plain Rice\", \"type\": \"flavor\", \"price_type\": \"none\", \"price_adjustment\": 0}, {\"name\": \"Pork\", \"type\": \"flavor\", \"price_type\": \"none\", \"price_adjustment\": 0}, {\"name\": \"Beef\", \"type\": \"flavor\", \"price_type\": \"none\", \"price_adjustment\": 0}, {\"name\": \"Sizzling Cheesy\", \"type\": \"flavor\", \"price_type\": \"none\", \"price_adjustment\": 0}, {\"name\": \"Pakbet\", \"type\": \"flavor\", \"price_type\": \"none\", \"price_adjustment\": 0}, {\"name\": \"Buffalo\", \"type\": \"flavor\", \"price_type\": \"none\", \"price_adjustment\": 0}, {\"name\": \"Halo-Halo\", \"type\": \"flavor\", \"price_type\": \"none\", \"price_adjustment\": 0}, {\"name\": \"Cucumber Lemonade\", \"type\": \"flavor\", \"price_type\": \"none\", \"price_adjustment\": 0}]', '2026-08-17 00:55:55', '2026-08-17 00:55:55'),
(975, 441, 29, 'Special Halo-Halo', '/storage/menu-items/PutysgFdmZ9wrtgXJPQWcEPojxkCrmjkkapSI01H.jpg', 139.00, 1, 139.00, NULL, '2026-08-17 00:55:55', '2026-08-17 00:55:55'),
(976, 442, 23, 'U4-5 Pcs. Wings', '/storage/menu-items/AO5Zlgu7AHvtqmuUhVK7Z7fBR7VQdXGqimJOa61P.jpg', 279.00, 1, 279.00, NULL, '2026-08-17 01:19:43', '2026-08-17 01:19:43'),
(977, 442, 24, 'Sagana Sa EUT', '/images/menu/sagana-sa-eut.webp', 6499.00, 1, 6499.00, '[{\"name\": \"Plain Rice\", \"type\": \"flavor\", \"price_type\": \"none\", \"price_adjustment\": 0}, {\"name\": \"Pork\", \"type\": \"flavor\", \"price_type\": \"none\", \"price_adjustment\": 0}, {\"name\": \"Beef\", \"type\": \"flavor\", \"price_type\": \"none\", \"price_adjustment\": 0}, {\"name\": \"Sizzling Cheesy\", \"type\": \"flavor\", \"price_type\": \"none\", \"price_adjustment\": 0}, {\"name\": \"Binagoongan\", \"type\": \"flavor\", \"price_type\": \"none\", \"price_adjustment\": 0}, {\"name\": \"Buffalo\", \"type\": \"flavor\", \"price_type\": \"none\", \"price_adjustment\": 0}, {\"name\": \"Halo-Halo\", \"type\": \"flavor\", \"price_type\": \"none\", \"price_adjustment\": 0}, {\"name\": \"Cucumber Lemonade\", \"type\": \"flavor\", \"price_type\": \"none\", \"price_adjustment\": 0}]', '2026-08-17 01:19:43', '2026-08-17 01:19:43'),
(978, 443, 22, 'U3-3 Pcs. Wings', '/storage/menu-items/v16IltFY6gNJZSXsNMN8ZYwVeCO1bAnp0TuuhPqW.jpg', 179.00, 1, 179.00, NULL, '2026-08-17 01:21:18', '2026-08-17 01:21:18'),
(979, 444, 20, 'U1-Pork Inasal', '/storage/menu-items/HZIFTis0sUss1t5rxSSW5RLuMgcUG5UXvyuM91nl.jpg', 229.00, 1, 229.00, NULL, '2026-08-17 01:25:28', '2026-08-17 01:25:28'),
(980, 444, 21, 'U2-Chicken Inasal', '/storage/menu-items/7waTQzG35yDtmuEpGG4Teq85DO5xjECZdy79fMXm.jpg', 199.00, 1, 199.00, NULL, '2026-08-17 01:25:28', '2026-08-17 01:25:28'),
(981, 445, 20, 'U1-Pork Inasal', '/storage/menu-items/HZIFTis0sUss1t5rxSSW5RLuMgcUG5UXvyuM91nl.jpg', 229.00, 1, 229.00, NULL, '2026-08-17 01:26:33', '2026-08-17 01:26:33'),
(982, 446, 21, 'U2-Chicken Inasal', '/storage/menu-items/7waTQzG35yDtmuEpGG4Teq85DO5xjECZdy79fMXm.jpg', 199.00, 1, 199.00, NULL, '2026-08-17 01:30:16', '2026-08-17 01:30:16'),
(983, 446, 22, 'U3-3 Pcs. Wings', '/storage/menu-items/v16IltFY6gNJZSXsNMN8ZYwVeCO1bAnp0TuuhPqW.jpg', 179.00, 1, 179.00, NULL, '2026-08-17 01:30:16', '2026-08-17 01:30:16'),
(984, 447, 20, 'U1-Pork Inasal', '/storage/menu-items/HZIFTis0sUss1t5rxSSW5RLuMgcUG5UXvyuM91nl.jpg', 229.00, 1, 229.00, NULL, '2026-08-17 01:31:10', '2026-08-17 01:31:10'),
(985, 448, 20, 'U1-Pork Inasal', '/storage/menu-items/HZIFTis0sUss1t5rxSSW5RLuMgcUG5UXvyuM91nl.jpg', 229.00, 1, 229.00, NULL, '2026-08-17 01:36:32', '2026-08-17 01:36:32'),
(986, 448, 22, 'U3-3 Pcs. Wings', '/storage/menu-items/v16IltFY6gNJZSXsNMN8ZYwVeCO1bAnp0TuuhPqW.jpg', 179.00, 1, 179.00, NULL, '2026-08-17 01:36:32', '2026-08-17 01:36:32'),
(987, 449, 20, 'U1-Pork Inasal', '/storage/menu-items/HZIFTis0sUss1t5rxSSW5RLuMgcUG5UXvyuM91nl.jpg', 229.00, 1, 229.00, NULL, '2026-08-17 01:37:08', '2026-08-17 01:37:08'),
(988, 450, 23, 'U4-5 Pcs. Wings', '/storage/menu-items/AO5Zlgu7AHvtqmuUhVK7Z7fBR7VQdXGqimJOa61P.jpg', 279.00, 1, 279.00, NULL, '2026-08-17 01:39:20', '2026-08-17 01:39:20'),
(989, 451, 20, 'U1-Pork Inasal', '/storage/menu-items/HZIFTis0sUss1t5rxSSW5RLuMgcUG5UXvyuM91nl.jpg', 229.00, 1, 229.00, NULL, '2026-08-17 02:00:39', '2026-08-17 02:00:39'),
(990, 451, 21, 'U2-Chicken Inasal', '/storage/menu-items/7waTQzG35yDtmuEpGG4Teq85DO5xjECZdy79fMXm.jpg', 199.00, 1, 199.00, NULL, '2026-08-17 02:00:39', '2026-08-17 02:00:39'),
(991, 452, 20, 'U1-Pork Inasal', '/storage/menu-items/HZIFTis0sUss1t5rxSSW5RLuMgcUG5UXvyuM91nl.jpg', 229.00, 1, 229.00, NULL, '2026-08-17 02:01:08', '2026-08-17 02:01:08'),
(992, 453, 304, 'ICED BUTTERSCOTCH LATTE', '/storage/menu-items/mCfllgU4pzaS1yxTC2iDEY8Ezv8n6wWSI3pjCKc1.webp', 79.00, 1, 79.00, NULL, '2026-08-17 02:12:17', '2026-08-17 02:12:17'),
(993, 454, 20, 'U1-Pork Inasal', '/storage/menu-items/HZIFTis0sUss1t5rxSSW5RLuMgcUG5UXvyuM91nl.jpg', 229.00, 1, 229.00, NULL, '2026-08-17 02:30:31', '2026-08-17 02:30:31'),
(994, 455, 25, 'Sigad Sa EUT', '/images/menu/sigad-sa-eut.webp', 2999.00, 1, 2999.00, '[{\"name\": \"Plain Rice\", \"type\": \"flavor\", \"price_type\": \"none\", \"price_adjustment\": 0}, {\"name\": \"Pork\", \"type\": \"flavor\", \"price_type\": \"none\", \"price_adjustment\": 0}, {\"name\": \"Chopsuey\", \"type\": \"flavor\", \"price_type\": \"none\", \"price_adjustment\": 0}, {\"name\": \"Buko Pandan\", \"type\": \"flavor\", \"price_type\": \"none\", \"price_adjustment\": 0}, {\"name\": \"Cucumber Lemonade\", \"type\": \"flavor\", \"price_type\": \"none\", \"price_adjustment\": 0}]', '2026-08-17 02:31:47', '2026-08-17 02:31:47'),
(995, 455, 30, 'Halo-Halong E.U.T.', '/images/menu/halo-halong-eut.webp', 199.00, 1, 199.00, NULL, '2026-08-17 02:31:47', '2026-08-17 02:31:47'),
(996, 456, 25, 'Sigad Sa EUT', '/images/menu/sigad-sa-eut.webp', 2999.00, 1, 2999.00, '[{\"name\": \"Plain Rice\", \"type\": \"flavor\", \"price_type\": \"none\", \"price_adjustment\": 0}, {\"name\": \"Pork\", \"type\": \"flavor\", \"price_type\": \"none\", \"price_adjustment\": 0}, {\"name\": \"Chopsuey\", \"type\": \"flavor\", \"price_type\": \"none\", \"price_adjustment\": 0}, {\"name\": \"Leche Flan\", \"type\": \"flavor\", \"price_type\": \"none\", \"price_adjustment\": 0}, {\"name\": \"Cucumber Lemonade\", \"type\": \"flavor\", \"price_type\": \"none\", \"price_adjustment\": 0}]', '2026-08-17 02:32:34', '2026-08-17 02:32:34'),
(997, 456, 25, 'Sigad Sa EUT', '/images/menu/sigad-sa-eut.webp', 2999.00, 1, 2999.00, '[{\"name\": \"Plain Rice\", \"type\": \"flavor\", \"price_type\": \"none\", \"price_adjustment\": 0}, {\"name\": \"Pork\", \"type\": \"flavor\", \"price_type\": \"none\", \"price_adjustment\": 0}, {\"name\": \"Chopsuey\", \"type\": \"flavor\", \"price_type\": \"none\", \"price_adjustment\": 0}, {\"name\": \"Buko Pandan\", \"type\": \"flavor\", \"price_type\": \"none\", \"price_adjustment\": 0}, {\"name\": \"Cucumber Lemonade\", \"type\": \"flavor\", \"price_type\": \"none\", \"price_adjustment\": 0}]', '2026-08-17 02:32:34', '2026-08-17 02:32:34'),
(998, 457, 22, 'U3-3 Pcs. Wings', '/storage/menu-items/v16IltFY6gNJZSXsNMN8ZYwVeCO1bAnp0TuuhPqW.jpg', 179.00, 1, 179.00, NULL, '2026-08-17 02:41:01', '2026-08-17 02:41:01'),
(999, 458, 21, 'U2-Chicken Inasal', '/storage/menu-items/7waTQzG35yDtmuEpGG4Teq85DO5xjECZdy79fMXm.jpg', 199.00, 1, 199.00, NULL, '2026-08-17 02:42:31', '2026-08-17 02:42:31'),
(1000, 458, 27, 'Sabik Sa EUT', '/images/menu/sabik-sa-eut.webp', 1499.00, 1, 1499.00, '[{\"name\": \"Buffalo\", \"type\": \"flavor\", \"price_type\": \"none\", \"price_adjustment\": 0}, {\"name\": \"Spaghetti\", \"type\": \"flavor\", \"price_type\": \"none\", \"price_adjustment\": 0}, {\"name\": \"Halo-Halo\", \"type\": \"flavor\", \"price_type\": \"none\", \"price_adjustment\": 0}, {\"name\": \"Cucumber Lemonade\", \"type\": \"flavor\", \"price_type\": \"none\", \"price_adjustment\": 0}]', '2026-08-17 02:42:31', '2026-08-17 02:42:31'),
(1001, 459, 21, 'U2-Chicken Inasal', '/storage/menu-items/7waTQzG35yDtmuEpGG4Teq85DO5xjECZdy79fMXm.jpg', 199.00, 1, 199.00, NULL, '2026-08-17 02:42:46', '2026-08-17 02:42:46'),
(1002, 459, 27, 'Sabik Sa EUT', '/images/menu/sabik-sa-eut.webp', 1499.00, 1, 1499.00, '[{\"name\": \"Buffalo\", \"type\": \"flavor\", \"price_type\": \"none\", \"price_adjustment\": 0}, {\"name\": \"Spaghetti\", \"type\": \"flavor\", \"price_type\": \"none\", \"price_adjustment\": 0}, {\"name\": \"Halo-Halo\", \"type\": \"flavor\", \"price_type\": \"none\", \"price_adjustment\": 0}, {\"name\": \"Cucumber Lemonade\", \"type\": \"flavor\", \"price_type\": \"none\", \"price_adjustment\": 0}]', '2026-08-17 02:42:46', '2026-08-17 02:42:46'),
(1003, 459, 31, 'Leche Flan', '/storage/menu-items/HQ6WXJryo0kSqi3UoZUTdQDEMLGL1jUFgxmQvuEK.jpg', 35.00, 1, 35.00, '[{\"name\": \"Small\", \"type\": \"modifier\", \"price_type\": \"none\", \"price_adjustment\": 0}]', '2026-08-17 02:42:46', '2026-08-17 02:42:46'),
(1004, 460, 21, 'U2-Chicken Inasal', '/storage/menu-items/7waTQzG35yDtmuEpGG4Teq85DO5xjECZdy79fMXm.jpg', 199.00, 1, 199.00, NULL, '2026-08-17 02:43:15', '2026-08-17 02:43:15'),
(1005, 461, 20, 'U1-Pork Inasal', '/storage/menu-items/HZIFTis0sUss1t5rxSSW5RLuMgcUG5UXvyuM91nl.jpg', 229.00, 3, 687.00, NULL, '2026-08-17 02:43:54', '2026-08-17 02:43:54'),
(1006, 461, 21, 'U2-Chicken Inasal', '/storage/menu-items/7waTQzG35yDtmuEpGG4Teq85DO5xjECZdy79fMXm.jpg', 199.00, 1, 199.00, NULL, '2026-08-17 02:44:14', '2026-08-17 02:44:14'),
(1007, 462, 21, 'U2-Chicken Inasal', '/storage/menu-items/7waTQzG35yDtmuEpGG4Teq85DO5xjECZdy79fMXm.jpg', 199.00, 2, 398.00, NULL, '2026-08-17 02:45:17', '2026-08-17 02:45:17'),
(1008, 461, 21, 'U2-Chicken Inasal', '/storage/menu-items/7waTQzG35yDtmuEpGG4Teq85DO5xjECZdy79fMXm.jpg', 199.00, 1, 199.00, NULL, '2026-08-17 02:45:23', '2026-08-17 02:45:23'),
(1017, 468, 24, 'Sagana Sa EUT', '/images/menu/sagana-sa-eut.webp', 6499.00, 1, 6499.00, '[{\"name\": \"Plain Rice\", \"type\": \"flavor\", \"price_type\": \"none\", \"price_adjustment\": 0}, {\"name\": \"Pork\", \"type\": \"flavor\", \"price_type\": \"none\", \"price_adjustment\": 0}, {\"name\": \"Beef\", \"type\": \"flavor\", \"price_type\": \"none\", \"price_adjustment\": 0}, {\"name\": \"Sizzling Cheesy\", \"type\": \"flavor\", \"price_type\": \"none\", \"price_adjustment\": 0}, {\"name\": \"Binagoongan\", \"type\": \"flavor\", \"price_type\": \"none\", \"price_adjustment\": 0}, {\"name\": \"Buffalo\", \"type\": \"flavor\", \"price_type\": \"none\", \"price_adjustment\": 0}, {\"name\": \"Halo-Halo\", \"type\": \"flavor\", \"price_type\": \"none\", \"price_adjustment\": 0}, {\"name\": \"Cucumber Lemonade\", \"type\": \"flavor\", \"price_type\": \"none\", \"price_adjustment\": 0}]', '2026-08-17 05:47:58', '2026-08-17 05:47:58'),
(1016, 467, 30, 'Halo-Halong E.U.T.', '/images/menu/halo-halong-eut.webp', 199.00, 1, 199.00, NULL, '2026-08-17 05:47:43', '2026-08-17 05:47:43'),
(1011, 464, 29, 'Special Halo-Halo', '/storage/menu-items/PutysgFdmZ9wrtgXJPQWcEPojxkCrmjkkapSI01H.jpg', 139.00, 1, 139.00, NULL, '2026-08-17 02:51:55', '2026-08-17 02:51:55'),
(1015, 467, 21, 'U2-Chicken Inasal', '/storage/menu-items/7waTQzG35yDtmuEpGG4Teq85DO5xjECZdy79fMXm.jpg', 199.00, 1, 199.00, NULL, '2026-08-17 05:47:07', '2026-08-17 05:47:07'),
(1018, 469, 29, 'Special Halo-Halo', '/storage/menu-items/PutysgFdmZ9wrtgXJPQWcEPojxkCrmjkkapSI01H.jpg', 139.00, 1, 139.00, NULL, '2026-08-17 05:49:28', '2026-08-17 05:49:28'),
(1019, 470, 34, 'Buko Pandan', '/images/menu/buko-pandan.webp', 99.00, 1, 99.00, '[{\"name\": \"Small\", \"type\": \"modifier\", \"price_type\": \"none\", \"price_adjustment\": 0}]', '2026-08-17 05:49:44', '2026-08-17 05:49:44'),
(1020, 471, 26, 'Sawa Sa EUT', '/images/menu/sawa-sa-eut.webp', 3999.00, 1, 3999.00, '[{\"name\": \"Plain Rice\", \"type\": \"flavor\", \"price_type\": \"none\", \"price_adjustment\": 0}, {\"name\": \"Pork\", \"type\": \"flavor\", \"price_type\": \"none\", \"price_adjustment\": 0}, {\"name\": \"Beef\", \"type\": \"flavor\", \"price_type\": \"none\", \"price_adjustment\": 0}, {\"name\": \"Sizzling Cheesy\", \"type\": \"flavor\", \"price_type\": \"none\", \"price_adjustment\": 0}, {\"name\": \"Pakbet\", \"type\": \"flavor\", \"price_type\": \"none\", \"price_adjustment\": 0}, {\"name\": \"Buffalo\", \"type\": \"flavor\", \"price_type\": \"none\", \"price_adjustment\": 0}, {\"name\": \"Halo-Halo\", \"type\": \"flavor\", \"price_type\": \"none\", \"price_adjustment\": 0}, {\"name\": \"Cucumber Lemonade\", \"type\": \"flavor\", \"price_type\": \"none\", \"price_adjustment\": 0}]', '2026-08-17 05:50:26', '2026-08-17 05:50:26');

-- --------------------------------------------------------

--
-- Table structure for table `permissions`
--

CREATE TABLE `permissions` (
  `id` bigint UNSIGNED NOT NULL,
  `name` varchar(255) COLLATE utf8mb4_unicode_ci NOT NULL,
  `slug` varchar(255) COLLATE utf8mb4_unicode_ci NOT NULL,
  `description` varchar(255) COLLATE utf8mb4_unicode_ci DEFAULT NULL,
  `group` varchar(255) COLLATE utf8mb4_unicode_ci NOT NULL DEFAULT 'general',
  `is_active` tinyint(1) NOT NULL DEFAULT '1',
  `created_at` timestamp NULL DEFAULT NULL,
  `updated_at` timestamp NULL DEFAULT NULL
) ENGINE=InnoDB DEFAULT CHARSET=utf8mb4 COLLATE=utf8mb4_unicode_ci;

--
-- Dumping data for table `permissions`
--

INSERT INTO `permissions` (`id`, `name`, `slug`, `description`, `group`, `is_active`, `created_at`, `updated_at`) VALUES
(1, 'View Dashboard', 'view_dashboard', 'Access the admin dashboard', 'dashboard', 1, '2026-08-13 18:32:11', '2026-08-13 18:32:11'),
(2, 'View Users', 'view_users', 'View list of users', 'users', 1, '2026-08-13 18:32:11', '2026-08-13 18:32:11'),
(3, 'View Orders', 'view_orders', 'View all orders', 'orders', 1, '2026-08-13 18:32:11', '2026-08-13 18:32:11'),
(4, 'View Settings', 'view_settings', 'View system settings', 'settings', 1, '2026-08-13 18:32:11', '2026-08-13 18:32:11'),
(5, 'View Analytics', 'view_analytics', 'View revenue and sales analytics', 'dashboard', 1, '2026-08-14 12:32:38', '2026-08-14 12:32:38'),
(6, 'Create Users', 'create_users', 'Create new users', 'users', 1, '2026-08-14 12:32:38', '2026-08-14 12:32:38'),
(7, 'Edit Users', 'edit_users', 'Edit existing users', 'users', 1, '2026-08-14 12:32:38', '2026-08-14 12:32:38'),
(8, 'Delete Users', 'delete_users', 'Delete users', 'users', 1, '2026-08-14 12:32:38', '2026-08-14 12:32:38'),
(9, 'Change User Roles', 'change_user_roles', 'Change user roles', 'users', 1, '2026-08-14 12:32:38', '2026-08-14 12:32:38'),
(10, 'View Categories', 'view_categories', 'View menu categories', 'categories', 1, '2026-08-14 12:32:38', '2026-08-14 12:32:38'),
(11, 'Create Categories', 'create_categories', 'Create new categories', 'categories', 1, '2026-08-14 12:32:38', '2026-08-14 12:32:38'),
(12, 'Edit Categories', 'edit_categories', 'Edit existing categories', 'categories', 1, '2026-08-14 12:32:38', '2026-08-14 12:32:38'),
(13, 'Delete Categories', 'delete_categories', 'Delete categories', 'categories', 1, '2026-08-14 12:32:38', '2026-08-14 12:32:38'),
(14, 'View Menu Items', 'view_menu_items', 'View menu items', 'menu', 1, '2026-08-14 12:32:38', '2026-08-14 12:32:38'),
(15, 'Create Menu Items', 'create_menu_items', 'Create new menu items', 'menu', 1, '2026-08-14 12:32:38', '2026-08-14 12:32:38'),
(16, 'Edit Menu Items', 'edit_menu_items', 'Edit existing menu items', 'menu', 1, '2026-08-14 12:32:38', '2026-08-14 12:32:38'),
(17, 'Delete Menu Items', 'delete_menu_items', 'Delete menu items', 'menu', 1, '2026-08-14 12:32:38', '2026-08-14 12:32:38'),
(18, 'Manage Modifiers', 'manage_modifiers', 'Manage modifiers and add-ons', 'menu', 1, '2026-08-14 12:32:38', '2026-08-14 12:32:38'),
(19, 'Accept Orders', 'accept_orders', 'Accept pending orders', 'orders', 1, '2026-08-14 12:32:38', '2026-08-14 12:32:38'),
(20, 'Update Order Status', 'update_order_status', 'Update order status', 'orders', 1, '2026-08-14 12:32:38', '2026-08-14 12:32:38'),
(21, 'Assign Riders', 'assign_riders', 'Assign riders to delivery orders', 'orders', 1, '2026-08-14 12:32:38', '2026-08-14 12:32:38'),
(22, 'Cancel Orders', 'cancel_orders', 'Cancel orders', 'orders', 1, '2026-08-14 12:32:38', '2026-08-14 12:32:38'),
(23, 'Delete Orders', 'delete_orders', 'Permanently delete orders', 'orders', 1, '2026-08-14 12:32:38', '2026-08-14 12:32:38'),
(24, 'Complete Table Orders', 'complete_table_orders', 'Mark dine-in table orders as complete', 'orders', 1, '2026-08-14 12:32:38', '2026-08-14 12:32:38'),
(25, 'View Order Details', 'view_order_details', 'View full order details and customer info', 'orders', 1, '2026-08-14 12:32:38', '2026-08-14 12:32:38'),
(26, 'View Kitchen Orders', 'view_kitchen_orders', 'Access kitchen dashboard', 'kitchen', 1, '2026-08-14 12:32:38', '2026-08-14 12:32:38'),
(27, 'Start Cooking', 'start_cooking', 'Mark orders as being prepared', 'kitchen', 1, '2026-08-14 12:32:38', '2026-08-14 12:32:38'),
(28, 'Mark Order Ready', 'mark_order_ready', 'Mark orders as ready for pickup', 'kitchen', 1, '2026-08-14 12:32:38', '2026-08-14 12:32:38'),
(29, 'Cancel Order Items', 'cancel_order_items', 'Cancel individual items in an order', 'kitchen', 1, '2026-08-14 12:32:38', '2026-08-14 12:32:38'),
(30, 'Print Receipts', 'print_receipts', 'Print order receipts and kitchen tickets', 'kitchen', 1, '2026-08-14 12:32:38', '2026-08-14 12:32:38'),
(31, 'View Riders', 'view_riders', 'View list of riders', 'riders', 1, '2026-08-14 12:32:38', '2026-08-14 12:32:38'),
(32, 'Create Riders', 'create_riders', 'Add new riders', 'riders', 1, '2026-08-14 12:32:38', '2026-08-14 12:32:38'),
(33, 'Edit Riders', 'edit_riders', 'Edit rider information', 'riders', 1, '2026-08-14 12:32:38', '2026-08-14 12:32:38'),
(34, 'Delete Riders', 'delete_riders', 'Remove riders', 'riders', 1, '2026-08-14 12:32:38', '2026-08-14 12:32:38'),
(35, 'View Rider Locations', 'view_rider_locations', 'View real-time rider locations on map', 'riders', 1, '2026-08-14 12:32:38', '2026-08-14 12:32:38'),
(36, 'View Deliveries', 'view_deliveries', 'View assigned deliveries', 'delivery', 1, '2026-08-14 12:32:38', '2026-08-14 12:32:38'),
(37, 'Update Delivery Status', 'update_delivery_status', 'Update delivery status', 'delivery', 1, '2026-08-14 12:32:38', '2026-08-14 12:32:38'),
(38, 'Mark Delivered', 'mark_delivered', 'Mark orders as delivered', 'delivery', 1, '2026-08-14 12:32:38', '2026-08-14 12:32:38'),
(39, 'Update Location', 'update_location', 'Update rider location', 'delivery', 1, '2026-08-14 12:32:38', '2026-08-14 12:32:38'),
(40, 'Edit Settings', 'edit_settings', 'Modify system settings', 'settings', 1, '2026-08-14 12:32:38', '2026-08-14 12:32:38'),
(41, 'Toggle Shop Status', 'toggle_shop_status', 'Open/close shop for orders', 'settings', 1, '2026-08-14 12:32:38', '2026-08-14 12:32:38'),
(42, 'Manage Delivery Fees', 'manage_delivery_fees', 'Configure delivery fees', 'settings', 1, '2026-08-14 12:32:38', '2026-08-14 12:32:38'),
(43, 'View QR Codes', 'view_qr_codes', 'View table QR codes', 'qr_codes', 1, '2026-08-14 12:32:38', '2026-08-14 12:32:38'),
(44, 'Generate QR Codes', 'generate_qr_codes', 'Generate and print QR codes', 'qr_codes', 1, '2026-08-14 12:32:38', '2026-08-14 12:32:38'),
(45, 'View Audit Logs', 'view_audit_logs', 'View system audit logs', 'audit', 1, '2026-08-14 12:32:38', '2026-08-14 12:32:38'),
(46, 'View Permissions', 'view_permissions', 'View permissions list', 'permissions', 1, '2026-08-14 12:32:38', '2026-08-14 12:32:38'),
(47, 'Manage Permissions', 'manage_permissions', 'Create, edit, and delete permissions', 'permissions', 1, '2026-08-14 12:32:38', '2026-08-14 12:32:38'),
(48, 'Manage Role Permissions', 'manage_role_permissions', 'Assign permissions to roles', 'permissions', 1, '2026-08-14 12:32:38', '2026-08-14 12:32:38'),
(49, 'Manage User Permissions', 'manage_user_permissions', 'Override individual user permissions', 'permissions', 1, '2026-08-14 12:32:38', '2026-08-14 12:32:38');

-- --------------------------------------------------------

--
-- Table structure for table `riders`
--

CREATE TABLE `riders` (
  `id` bigint UNSIGNED NOT NULL,
  `user_id` bigint UNSIGNED NOT NULL,
  `phone` varchar(191) CHARACTER SET utf8mb4 COLLATE utf8mb4_unicode_ci DEFAULT NULL,
  `vehicle_type` enum('motorcycle','bicycle') CHARACTER SET utf8mb4 COLLATE utf8mb4_unicode_ci NOT NULL DEFAULT 'motorcycle',
  `plate_number` varchar(191) CHARACTER SET utf8mb4 COLLATE utf8mb4_unicode_ci DEFAULT NULL,
  `is_available` tinyint(1) NOT NULL DEFAULT '0',
  `current_lat` decimal(10,7) DEFAULT NULL,
  `current_lng` decimal(10,7) DEFAULT NULL,
  `rating` decimal(3,2) NOT NULL DEFAULT '5.00',
  `total_deliveries` int UNSIGNED NOT NULL DEFAULT '0',
  `created_at` timestamp NULL DEFAULT NULL,
  `updated_at` timestamp NULL DEFAULT NULL
) ENGINE=MyISAM DEFAULT CHARSET=utf8mb4 COLLATE=utf8mb4_unicode_ci;

--
-- Dumping data for table `riders`
--

INSERT INTO `riders` (`id`, `user_id`, `phone`, `vehicle_type`, `plate_number`, `is_available`, `current_lat`, `current_lng`, `rating`, `total_deliveries`, `created_at`, `updated_at`) VALUES
(1, 4, '09171234567', 'motorcycle', 'ABC-1234', 0, 13.2756805, 121.2739965, 4.90, 142, '2026-07-18 06:50:16', '2026-07-18 06:54:32'),
(4, 29, '09072039573', 'motorcycle', '205VBQ', 1, 13.2664905, 121.3109542, 5.00, 4, '2026-07-30 12:12:30', '2026-08-14 17:57:56'),
(6, 100, '09649042325', 'motorcycle', '912PXR', 0, NULL, NULL, 5.00, 0, '2026-08-11 14:12:51', '2026-08-11 14:12:51'),
(7, 102, '09611096355', 'motorcycle', '374VRM', 1, 13.3217745, 121.3019829, 5.00, 6, '2026-08-11 15:40:47', '2026-08-15 16:14:07'),
(11, 127, '09275406732', 'motorcycle', '374VRM', 1, 13.3217756, 121.3019911, 5.00, 2, '2026-08-16 11:48:26', '2026-08-16 15:00:01'),
(9, 108, '09649042325', 'motorcycle', '912PXR', 1, 13.3189207, 121.3107269, 5.00, 1, '2026-08-13 11:00:07', '2026-08-16 20:49:40');

-- --------------------------------------------------------

--
-- Table structure for table `role_permissions`
--

CREATE TABLE `role_permissions` (
  `id` bigint UNSIGNED NOT NULL,
  `role` varchar(255) COLLATE utf8mb4_unicode_ci NOT NULL,
  `permission_id` bigint UNSIGNED NOT NULL,
  `created_at` timestamp NULL DEFAULT NULL,
  `updated_at` timestamp NULL DEFAULT NULL
) ENGINE=InnoDB DEFAULT CHARSET=utf8mb4 COLLATE=utf8mb4_unicode_ci;

--
-- Dumping data for table `role_permissions`
--

INSERT INTO `role_permissions` (`id`, `role`, `permission_id`, `created_at`, `updated_at`) VALUES
(1, 'admin', 1, '2026-08-13 18:32:11', '2026-08-13 18:32:11'),
(2, 'admin', 3, '2026-08-13 18:32:11', '2026-08-13 18:32:11'),
(3, 'admin', 4, '2026-08-13 18:32:11', '2026-08-13 18:32:11'),
(4, 'admin', 2, '2026-08-13 18:32:11', '2026-08-13 18:32:11'),
(8, 'admin', 5, '2026-08-14 12:32:38', '2026-08-14 12:32:38'),
(9, 'admin', 6, '2026-08-14 12:32:38', '2026-08-14 12:32:38'),
(10, 'admin', 7, '2026-08-14 12:32:38', '2026-08-14 12:32:38'),
(11, 'admin', 8, '2026-08-14 12:32:38', '2026-08-14 12:32:38'),
(12, 'admin', 9, '2026-08-14 12:32:38', '2026-08-14 12:32:38'),
(13, 'admin', 10, '2026-08-14 12:32:38', '2026-08-14 12:32:38'),
(14, 'admin', 11, '2026-08-14 12:32:38', '2026-08-14 12:32:38'),
(15, 'admin', 12, '2026-08-14 12:32:38', '2026-08-14 12:32:38'),
(16, 'admin', 13, '2026-08-14 12:32:38', '2026-08-14 12:32:38'),
(17, 'admin', 14, '2026-08-14 12:32:38', '2026-08-14 12:32:38'),
(18, 'admin', 15, '2026-08-14 12:32:38', '2026-08-14 12:32:38'),
(19, 'admin', 16, '2026-08-14 12:32:38', '2026-08-14 12:32:38'),
(20, 'admin', 17, '2026-08-14 12:32:38', '2026-08-14 12:32:38'),
(21, 'admin', 18, '2026-08-14 12:32:38', '2026-08-14 12:32:38'),
(22, 'admin', 19, '2026-08-14 12:32:38', '2026-08-14 12:32:38'),
(23, 'admin', 20, '2026-08-14 12:32:38', '2026-08-14 12:32:38'),
(24, 'admin', 21, '2026-08-14 12:32:38', '2026-08-14 12:32:38'),
(25, 'admin', 22, '2026-08-14 12:32:38', '2026-08-14 12:32:38'),
(26, 'admin', 23, '2026-08-14 12:32:38', '2026-08-14 12:32:38'),
(27, 'admin', 24, '2026-08-14 12:32:38', '2026-08-14 12:32:38'),
(28, 'admin', 25, '2026-08-14 12:32:38', '2026-08-14 12:32:38'),
(29, 'admin', 26, '2026-08-14 12:32:38', '2026-08-14 12:32:38'),
(30, 'admin', 27, '2026-08-14 12:32:38', '2026-08-14 12:32:38'),
(31, 'admin', 28, '2026-08-14 12:32:38', '2026-08-14 12:32:38'),
(32, 'admin', 29, '2026-08-14 12:32:38', '2026-08-14 12:32:38'),
(33, 'admin', 30, '2026-08-14 12:32:39', '2026-08-14 12:32:39'),
(34, 'admin', 31, '2026-08-14 12:32:39', '2026-08-14 12:32:39'),
(35, 'admin', 32, '2026-08-14 12:32:39', '2026-08-14 12:32:39'),
(36, 'admin', 33, '2026-08-14 12:32:39', '2026-08-14 12:32:39'),
(37, 'admin', 34, '2026-08-14 12:32:39', '2026-08-14 12:32:39'),
(38, 'admin', 35, '2026-08-14 12:32:39', '2026-08-14 12:32:39'),
(39, 'admin', 40, '2026-08-14 12:32:39', '2026-08-14 12:32:39'),
(40, 'admin', 41, '2026-08-14 12:32:39', '2026-08-14 12:32:39'),
(41, 'admin', 42, '2026-08-14 12:32:39', '2026-08-14 12:32:39'),
(42, 'admin', 43, '2026-08-14 12:32:39', '2026-08-14 12:32:39'),
(43, 'admin', 44, '2026-08-14 12:32:39', '2026-08-14 12:32:39'),
(44, 'admin', 45, '2026-08-14 12:32:39', '2026-08-14 12:32:39'),
(45, 'admin', 46, '2026-08-14 12:32:39', '2026-08-14 12:32:39'),
(46, 'admin', 47, '2026-08-14 12:32:39', '2026-08-14 12:32:39'),
(47, 'admin', 48, '2026-08-14 12:32:39', '2026-08-14 12:32:39'),
(48, 'admin', 49, '2026-08-14 12:32:39', '2026-08-14 12:32:39'),
(49, 'chef', 26, '2026-08-14 12:32:39', '2026-08-14 12:32:39'),
(50, 'chef', 27, '2026-08-14 12:32:39', '2026-08-14 12:32:39'),
(51, 'chef', 28, '2026-08-14 12:32:39', '2026-08-14 12:32:39'),
(52, 'chef', 29, '2026-08-14 12:32:39', '2026-08-14 12:32:39'),
(53, 'chef', 30, '2026-08-14 12:32:39', '2026-08-14 12:32:39'),
(54, 'chef', 21, '2026-08-14 12:32:39', '2026-08-14 12:32:39'),
(55, 'chef', 31, '2026-08-14 12:32:39', '2026-08-14 12:32:39'),
(56, 'rider', 36, '2026-08-14 12:32:39', '2026-08-14 12:32:39'),
(57, 'rider', 37, '2026-08-14 12:32:39', '2026-08-14 12:32:39'),
(58, 'rider', 38, '2026-08-14 12:32:39', '2026-08-14 12:32:39'),
(59, 'rider', 39, '2026-08-14 12:32:39', '2026-08-14 12:32:39'),
(60, 'chef', 19, '2026-08-14 12:35:41', '2026-08-14 12:35:41');

-- --------------------------------------------------------

--
-- Table structure for table `sessions`
--

CREATE TABLE `sessions` (
  `id` varchar(255) NOT NULL,
  `user_id` bigint UNSIGNED DEFAULT NULL,
  `ip_address` varchar(45) DEFAULT NULL,
  `user_agent` text,
  `payload` longtext NOT NULL,
  `last_activity` int NOT NULL
) ENGINE=InnoDB DEFAULT CHARSET=utf8mb4 COLLATE=utf8mb4_0900_ai_ci;

--
-- Dumping data for table `sessions`
--

INSERT INTO `sessions` (`id`, `user_id`, `ip_address`, `user_agent`, `payload`, `last_activity`) VALUES
('0UsFErmqEfD6fzvXhb4Vf1r7rJoFC75oZjRogRa4', NULL, '104.248.2.34', 'Mozilla/5.0 (Macintosh; Intel Mac OS X 10_15_7) AppleWebKit/537.36 (KHTML, like Gecko) Chrome/120.0.0.0 Safari/537.36', 'eyJfdG9rZW4iOiJlRlNjdnljYzR4alBab3NCdlQzMGVlNVd3NmI2a2NzTXB2OFBzZzN0IiwiX3ByZXZpb3VzIjp7InVybCI6Imh0dHBzOlwvXC81Mi42Mi4xMTMuMTA0Iiwicm91dGUiOiJob21lIn0sIl9mbGFzaCI6eyJvbGQiOltdLCJuZXciOltdfX0=', 1786911524),
('25COnHifqWnXJRR7EdwYkY27t0tZqkbcnu0IiTgc', NULL, '192.162.199.247', 'Mozilla/5.0 (compatible; ArgusScanner/0.1; +http://example/abuse)', 'eyJfdG9rZW4iOiJ0d0M4VUhaV2lnQ3UwSWd3cXdxdmlFUTBzbGJWN3c0UjBpVGNlZlhJIiwiX3ByZXZpb3VzIjp7InVybCI6Imh0dHBzOlwvXC81Mi42Mi4xMTMuMTA0Iiwicm91dGUiOiJob21lIn0sIl9mbGFzaCI6eyJvbGQiOltdLCJuZXciOltdfX0=', 1786915627),
('7KwsVpUcoANdRvj1wj9kCLkh49yDhB5V6hWQeB94', NULL, '192.162.199.250', 'Mozilla/5.0 (compatible; ArgusScanner/0.1; +http://example/abuse)', 'eyJfdG9rZW4iOiJoRWk1V0lNcTdDQTMwOHBWbVJpRXhRUENRWmZTRXdRcWhoOHhqMDEwIiwiX3ByZXZpb3VzIjp7InVybCI6Imh0dHBzOlwvXC81Mi42Mi4xMTMuMTA0Iiwicm91dGUiOiJob21lIn0sIl9mbGFzaCI6eyJvbGQiOltdLCJuZXciOltdfX0=', 1786913446),
('8cQwwPEAPHykYG5iyZDcDqhC8g4j5PynvlUqrxFH', 10, '143.44.156.175', 'Mozilla/5.0 (Windows NT 10.0; Win64; x64) AppleWebKit/537.36 (KHTML, like Gecko) Chrome/151.0.0.0 Safari/537.36', 'eyJfdG9rZW4iOiI3anY3UDRMMERrd1RwNlhoQlJVQlJZbWxWZ3FyQ25Nc3RidEZ6eFNqIiwibG9naW5fd2ViXzU5YmEzNmFkZGMyYjJmOTQwMTU4MGYwMTRjN2Y1OGVhNGUzMDk4OWQiOjEwLCJfcHJldmlvdXMiOnsidXJsIjoiaHR0cHM6XC9cL2V1dC1kZWxpdmVyeS5kdWNrZG5zLm9yZ1wvYWRtaW5cL29yZGVyc1wvcG9sbCIsInJvdXRlIjoiYWRtaW4ub3JkZXJzLnBvbGwifSwiX2ZsYXNoIjp7Im9sZCI6W10sIm5ldyI6W119fQ==', 1786917683),
('aiOTrygcekP6xVmYDzpamj8IK0aYKxM07x8MyUmE', NULL, '192.162.199.247', 'Mozilla/5.0 (compatible; ArgusScanner/0.1; +http://example/abuse)', 'eyJfdG9rZW4iOiJRTmNxY1dJYXVteVE0MmhWd1hTaWpycFN6dWJtbVdydXpoVnlNa0o2IiwiX3ByZXZpb3VzIjp7InVybCI6Imh0dHBzOlwvXC81Mi42Mi4xMTMuMTA0Iiwicm91dGUiOiJob21lIn0sIl9mbGFzaCI6eyJvbGQiOltdLCJuZXciOltdfX0=', 1786915365),
('Bb3vkBb3pFOWYkvg1nN1ES7vBr3Lb2CAEakpSza4', NULL, '192.162.199.247', 'Mozilla/5.0 (compatible; ArgusScanner/0.1; +http://example/abuse)', 'eyJfdG9rZW4iOiJsdjNCZTRLOHBBdllzdnRScmtYMUhrcjA0ekx5cnJQMnZqbXUwbTJ4IiwiX3ByZXZpb3VzIjp7InVybCI6Imh0dHA6XC9cLzUyLjYyLjExMy4xMDQiLCJyb3V0ZSI6ImhvbWUifSwiX2ZsYXNoIjp7Im9sZCI6W10sIm5ldyI6W119fQ==', 1786911200),
('cCz7CXen14NNoFRaTkzp9OZ4agd9zGDTqopcy7Xx', NULL, '192.162.199.250', 'Mozilla/5.0 (compatible; ArgusScanner/0.1; +http://example/abuse)', 'eyJfdG9rZW4iOiJpT2xaOEZzWTR4U21iNlpsWWZoU1dPc3JMdGFvUFBhdDRzVkp4T0hWIiwiX3ByZXZpb3VzIjp7InVybCI6Imh0dHBzOlwvXC81Mi42Mi4xMTMuMTA0Iiwicm91dGUiOiJob21lIn0sIl9mbGFzaCI6eyJvbGQiOltdLCJuZXciOltdfX0=', 1786915698),
('cEPYuporUCpPHIA14oi36ooxMYLY84G7dltR5eBd', NULL, '192.162.199.250', 'Mozilla/5.0 (compatible; ArgusScanner/0.1; +http://example/abuse)', 'eyJfdG9rZW4iOiIwVnhnRFM3UFYxdTlSRUZlWEFia0NIZWpIZVlpR0N0bnlWSXhITzZyIiwiX3ByZXZpb3VzIjp7InVybCI6Imh0dHA6XC9cLzUyLjYyLjExMy4xMDQiLCJyb3V0ZSI6ImhvbWUifSwiX2ZsYXNoIjp7Im9sZCI6W10sIm5ldyI6W119fQ==', 1786913444),
('d01o9gavfQ19EINqrA8iWx9B65RdPU62sSFw6wdi', NULL, '143.44.156.175', 'Mozilla/5.0 (Linux; Android 10; K) AppleWebKit/537.36 (KHTML, like Gecko) Chrome/151.0.0.0 Mobile Safari/537.36', 'eyJfdG9rZW4iOiJZNVZBZVZ2bEY4U29Ub0xndEtzeng1VDh6WFA5UzVSYU5CWnFRcWhHIiwiX3ByZXZpb3VzIjp7InVybCI6Imh0dHBzOlwvXC9ldXQtZGVsaXZlcnkuZHVja2Rucy5vcmciLCJyb3V0ZSI6ImhvbWUifSwiX2ZsYXNoIjp7Im9sZCI6W10sIm5ldyI6W119LCJ1cmwiOnsiaW50ZW5kZWQiOiJodHRwczpcL1wvZXV0LWRlbGl2ZXJ5LmR1Y2tkbnMub3JnXC9zaG9wXC90cmFja2luZyJ9fQ==', 1786917742),
('epm2TieQO3xM7seMRqMBfcRrFu3uyXWAu0gZ9dVL', NULL, '62.60.226.23', 'Mozilla/5.0 (compatible; ArgusScanner/0.1; +http://example/abuse)', 'eyJfdG9rZW4iOiIxZzVVd2J2NXlmWTRVUkZPZ0YxQm9PV3NUZXBiYW4zbzZiNU5nNExYIiwiX3ByZXZpb3VzIjp7InVybCI6Imh0dHBzOlwvXC81Mi42Mi4xMTMuMTA0Iiwicm91dGUiOiJob21lIn0sIl9mbGFzaCI6eyJvbGQiOltdLCJuZXciOltdfX0=', 1786917577),
('er4cfZlWCVwmDlIjTglqegC5cVXSlMwTnLR9xiQZ', NULL, '104.248.2.34', 'Mozilla/5.0 (Macintosh; Intel Mac OS X 10_15_7) AppleWebKit/537.36 (KHTML, like Gecko) Chrome/120.0.0.0 Safari/537.36', 'eyJfdG9rZW4iOiJ3T3Y1OVNFR1JOclBlWkl5TmhtUk1uSVVMeXQ0SnJrRkNKMkNtZHNrIiwiX3ByZXZpb3VzIjp7InVybCI6Imh0dHA6XC9cLzUyLjYyLjExMy4xMDQiLCJyb3V0ZSI6ImhvbWUifSwiX2ZsYXNoIjp7Im9sZCI6W10sIm5ldyI6W119fQ==', 1786913000),
('GnbEcV3qDlDHV03ptutTosg3NPEqqKGTSXWb2YYw', NULL, '62.60.226.23', 'Mozilla/5.0 (compatible; ArgusScanner/0.1; +http://example/abuse)', 'eyJfdG9rZW4iOiI0YjJrOGxtZWtRT05TcTBDZTh3VXl0OHdCMkdkQ2lWbTA3ZUZLYlBEIiwiX3ByZXZpb3VzIjp7InVybCI6Imh0dHA6XC9cLzUyLjYyLjExMy4xMDQiLCJyb3V0ZSI6ImhvbWUifSwiX2ZsYXNoIjp7Im9sZCI6W10sIm5ldyI6W119fQ==', 1786916957),
('hNV01BmNGBDl8lOr68hkIHVf2XUk26DHe04EFVH2', NULL, '192.162.199.247', 'Mozilla/5.0 (compatible; ArgusScanner/0.1; +http://example/abuse)', 'eyJfdG9rZW4iOiJQQUtqZW91UVRHdnF5bWRNRWRteWg0TmdtSGNYSENsaFRPaEpXVTdMIiwiX3ByZXZpb3VzIjp7InVybCI6Imh0dHA6XC9cLzUyLjYyLjExMy4xMDQiLCJyb3V0ZSI6ImhvbWUifSwiX2ZsYXNoIjp7Im9sZCI6W10sIm5ldyI6W119fQ==', 1786915626),
('i6XMlyASrTojMVGpnqkvNrFNiUGjnfWaiY1GalrW', NULL, '62.60.226.23', 'Mozilla/5.0 (compatible; ArgusScanner/0.1; +http://example/abuse)', 'eyJfdG9rZW4iOiJXOTE2Y2N1Y3YxTEJVbk54QVByZ01JaVpRZUtjQmFmZksxVGRFMFE1IiwiX3ByZXZpb3VzIjp7InVybCI6Imh0dHA6XC9cLzUyLjYyLjExMy4xMDQiLCJyb3V0ZSI6ImhvbWUifSwiX2ZsYXNoIjp7Im9sZCI6W10sIm5ldyI6W119fQ==', 1786913145),
('iTb8Rqu3Kz8Z5GzVIPO2DzL9KHKZuOsYdsQNPjIj', NULL, '104.248.2.34', 'Mozilla/5.0 (Macintosh; Intel Mac OS X 10_15_7) AppleWebKit/537.36 (KHTML, like Gecko) Chrome/120.0.0.0 Safari/537.36', 'eyJfdG9rZW4iOiJnNWhxNVJHNFJhd2J2T0JJMkZJYzZNU29FVGFhTnMwQkt5cmdZMVM4IiwiX3ByZXZpb3VzIjp7InVybCI6Imh0dHA6XC9cLzUyLjYyLjExMy4xMDQiLCJyb3V0ZSI6ImhvbWUifSwiX2ZsYXNoIjp7Im9sZCI6W10sIm5ldyI6W119fQ==', 1786914510),
('j0G8rRT2PhOeixOyXvMGsXAh6Jgyu5vwtfzZiwgF', NULL, '192.162.199.250', 'Mozilla/5.0 (compatible; ArgusScanner/0.1; +http://example/abuse)', 'eyJfdG9rZW4iOiJXaHVhTzU3bFNlSEFuUExDSHZvcXRKejY1UjBaUVZoMGlRdFNyNU5qIiwiX3ByZXZpb3VzIjp7InVybCI6Imh0dHA6XC9cLzUyLjYyLjExMy4xMDQiLCJyb3V0ZSI6ImhvbWUifSwiX2ZsYXNoIjp7Im9sZCI6W10sIm5ldyI6W119fQ==', 1786915697),
('j6dhqorlz1Wdtd0YXfdyXuqqRrfhmXLBoXCoqiJw', NULL, '192.162.199.247', 'Mozilla/5.0 (compatible; ArgusScanner/0.1; +http://example/abuse)', 'eyJfdG9rZW4iOiJxRFlIdTFOd0luY2hHaFQzQXR6NEZuMWc2T1cyazZ6Wmo5VzB4SFJuIiwiX3ByZXZpb3VzIjp7InVybCI6Imh0dHBzOlwvXC81Mi42Mi4xMTMuMTA0Iiwicm91dGUiOiJob21lIn0sIl9mbGFzaCI6eyJvbGQiOltdLCJuZXciOltdfX0=', 1786911280),
('jKgE8C3yxFSRgYvJpdU9UTPEikABpC0KXGh58RyM', NULL, '104.248.2.34', 'Mozilla/5.0 (Macintosh; Intel Mac OS X 10_15_7) AppleWebKit/537.36 (KHTML, like Gecko) Chrome/120.0.0.0 Safari/537.36', 'eyJfdG9rZW4iOiJ2eWY4U1diWGNVTk0zRWh0cldOOGg3ZkI1OGUwRWdMUXdaeDZvaUc4IiwiX3ByZXZpb3VzIjp7InVybCI6Imh0dHA6XC9cLzUyLjYyLjExMy4xMDQiLCJyb3V0ZSI6ImhvbWUifSwiX2ZsYXNoIjp7Im9sZCI6W10sIm5ldyI6W119fQ==', 1786915997),
('KMOAbvtvpgSknaWKlrD0WdlXV00GrEgHqA9iApEs', NULL, '192.162.199.247', 'Mozilla/5.0 (compatible; ArgusScanner/0.1; +http://example/abuse)', 'eyJfdG9rZW4iOiIxUEVLbDhVQ3pvUkRhYTJ4enVyZHpXVkJMV0RwQzY3WUdhNG45NjlaIiwiX3ByZXZpb3VzIjp7InVybCI6Imh0dHBzOlwvXC81Mi42Mi4xMTMuMTA0Iiwicm91dGUiOiJob21lIn0sIl9mbGFzaCI6eyJvbGQiOltdLCJuZXciOltdfX0=', 1786911201),
('KN1jjyLHHfaCtpOlfgfzfRKijhy7QkyVSktbUVcj', NULL, '192.162.199.247', 'Mozilla/5.0 (compatible; ArgusScanner/0.1; +http://example/abuse)', 'eyJfdG9rZW4iOiJxTTJYWEpURjFXRlFHMVViMVJNM2dCTWdic3dJUWZmeFdZM3RlbFVYIiwiX3ByZXZpb3VzIjp7InVybCI6Imh0dHBzOlwvXC81Mi42Mi4xMTMuMTA0Iiwicm91dGUiOiJob21lIn0sIl9mbGFzaCI6eyJvbGQiOltdLCJuZXciOltdfX0=', 1786914603),
('kW6shuN1DAgGdUUNjn0myc17cSaDlGjOmmp84Rxz', NULL, '62.60.226.23', 'Mozilla/5.0 (compatible; ArgusScanner/0.1; +http://example/abuse)', 'eyJfdG9rZW4iOiJ3N1FqUnhrSFZBd0RhdkxMWDdoR3h6ZkZtZGJZYTV3bnpIQVFpekJLIiwiX3ByZXZpb3VzIjp7InVybCI6Imh0dHA6XC9cLzUyLjYyLjExMy4xMDQiLCJyb3V0ZSI6ImhvbWUifSwiX2ZsYXNoIjp7Im9sZCI6W10sIm5ldyI6W119fQ==', 1786915250),
('KY8cYycZ91YMjAXKzf0emhqb5vBw8mwkMGvZfUxQ', NULL, '104.248.2.34', 'Mozilla/5.0 (Windows NT 10.0; Win64; x64) AppleWebKit/537.36 (KHTML, like Gecko) Chrome/120.0.0.0 Safari/537.36', 'eyJfdG9rZW4iOiI4T0dSaWVlc3FtdUUyeHc1WGZkWWc3VUxYVlhobWJZYm1BNEVOeDVRIiwiX3ByZXZpb3VzIjp7InVybCI6Imh0dHA6XC9cLzUyLjYyLjExMy4xMDQiLCJyb3V0ZSI6ImhvbWUifSwiX2ZsYXNoIjp7Im9sZCI6W10sIm5ldyI6W119fQ==', 1786911523),
('lB93knBSPre9hXODPMmMBE4cHlVuQr2uPouHT6D6', NULL, '62.60.226.23', 'Mozilla/5.0 (compatible; ArgusScanner/0.1; +http://example/abuse)', 'eyJfdG9rZW4iOiJuOTlraWhDeHdiNGdCQm9zUWRtZkFtUFJLRUdOQmJFRUx1ZG5sUkFoIiwiX3ByZXZpb3VzIjp7InVybCI6Imh0dHA6XC9cLzUyLjYyLjExMy4xMDQiLCJyb3V0ZSI6ImhvbWUifSwiX2ZsYXNoIjp7Im9sZCI6W10sIm5ldyI6W119fQ==', 1786917575),
('o0i3rCd5L943uTV1e5EB69ilt17HnD9om3YGxp4i', NULL, '104.248.2.34', 'Mozilla/5.0 (Macintosh; Intel Mac OS X 10_15_7) AppleWebKit/537.36 (KHTML, like Gecko) Chrome/120.0.0.0 Safari/537.36', 'eyJfdG9rZW4iOiI0ZlppTmF5OXpQa3dGeWM2dnRMQU93ekxZVUhRMnViVkp3UkJTOGpnIiwiX3ByZXZpb3VzIjp7InVybCI6Imh0dHA6XC9cLzUyLjYyLjExMy4xMDQiLCJyb3V0ZSI6ImhvbWUifSwiX2ZsYXNoIjp7Im9sZCI6W10sIm5ldyI6W119fQ==', 1786917439),
('O5t5zq854H3cwvgwTDYu4BfjcXCcN7fX86d5WPod', NULL, '104.248.2.34', 'Mozilla/5.0 (Windows NT 10.0; Win64; x64) AppleWebKit/537.36 (KHTML, like Gecko) Chrome/120.0.0.0 Safari/537.36', 'eyJfdG9rZW4iOiJvczNyTDF1Y2dkcU9YbEZVckN1VUFDSkwxa0pNeFVQWjlNdTYyZ2Y1IiwiX3ByZXZpb3VzIjp7InVybCI6Imh0dHBzOlwvXC81Mi42Mi4xMTMuMTA0Iiwicm91dGUiOiJob21lIn0sIl9mbGFzaCI6eyJvbGQiOltdLCJuZXciOltdfX0=', 1786915998),
('oJGyJkXc70Ry4tNGYi5xQ9zwZUbbYcPdj33n9GRb', NULL, '104.248.2.34', 'Mozilla/5.0 (Windows NT 10.0; Win64; x64) AppleWebKit/537.36 (KHTML, like Gecko) Chrome/120.0.0.0 Safari/537.36', 'eyJfdG9rZW4iOiJSM0pzNno3ZEs5UWhudkI1WFNucVh3ZVlmdnY4ZlFyRXY0T3phcjJKIiwiX3ByZXZpb3VzIjp7InVybCI6Imh0dHBzOlwvXC81Mi42Mi4xMTMuMTA0Iiwicm91dGUiOiJob21lIn0sIl9mbGFzaCI6eyJvbGQiOltdLCJuZXciOltdfX0=', 1786914511),
('Okj3i9yH9uDUn5KalMuVZfghVUygzXKc5Bu4jU9Q', NULL, '192.162.199.247', 'Mozilla/5.0 (compatible; ArgusScanner/0.1; +http://example/abuse)', 'eyJfdG9rZW4iOiJUMUxSeGpnTGRHem9EQ3M1allndWE0ZjQzWkxrcjNqU01BOVJHRFZFIiwiX3ByZXZpb3VzIjp7InVybCI6Imh0dHBzOlwvXC81Mi42Mi4xMTMuMTA0Iiwicm91dGUiOiJob21lIn0sIl9mbGFzaCI6eyJvbGQiOltdLCJuZXciOltdfX0=', 1786911120),
('OnY5OYp5nmWepYHoBntkZzwZ54Kr5Q6ZdCiq9GyC', NULL, '62.60.226.23', 'Mozilla/5.0 (compatible; ArgusScanner/0.1; +http://example/abuse)', 'eyJfdG9rZW4iOiJlZnBwa0o3endhMnduSWRUdFhhaHp6Uno0U1c2QUF0Nk9RUFRDTDhYIiwiX3ByZXZpb3VzIjp7InVybCI6Imh0dHBzOlwvXC81Mi42Mi4xMTMuMTA0Iiwicm91dGUiOiJob21lIn0sIl9mbGFzaCI6eyJvbGQiOltdLCJuZXciOltdfX0=', 1786916957),
('PigNVv3cFeAG3Vdjggj2ByX7NVajEjJy6AfePu5h', NULL, '192.162.199.250', 'Mozilla/5.0 (compatible; ArgusScanner/0.1; +http://example/abuse)', 'eyJfdG9rZW4iOiJtMnBjOU9nVTR4OE9SbVBiUFRrdWNLak9lQ3I4eHEyMlVEcW9kQllvIiwiX3ByZXZpb3VzIjp7InVybCI6Imh0dHBzOlwvXC81Mi42Mi4xMTMuMTA0Iiwicm91dGUiOiJob21lIn0sIl9mbGFzaCI6eyJvbGQiOltdLCJuZXciOltdfX0=', 1786914142),
('Pyacka3fFBuXSSSWnkYhdKG8bYvf1pOl3QTlnooI', NULL, '192.162.199.250', 'Mozilla/5.0 (compatible; ArgusScanner/0.1; +http://example/abuse)', 'eyJfdG9rZW4iOiJHUkV6V1ZTWjJGTHVCR1FoNnVHckxHYUpnYTdKS25teFdCWlVqOTMwIiwiX3ByZXZpb3VzIjp7InVybCI6Imh0dHA6XC9cLzUyLjYyLjExMy4xMDQiLCJyb3V0ZSI6ImhvbWUifSwiX2ZsYXNoIjp7Im9sZCI6W10sIm5ldyI6W119fQ==', 1786914143),
('q2W9looCcga5URlnnT731ABmIp1DX3GqfP9X7jDt', NULL, '192.162.199.247', 'Mozilla/5.0 (compatible; ArgusScanner/0.1; +http://example/abuse)', 'eyJfdG9rZW4iOiJNbFpxczgwWkM3SE9udFVWOXpSQkVSWWpEbkVjcXpXZGFwbFFGOVlKIiwiX3ByZXZpb3VzIjp7InVybCI6Imh0dHA6XC9cLzUyLjYyLjExMy4xMDQiLCJyb3V0ZSI6ImhvbWUifSwiX2ZsYXNoIjp7Im9sZCI6W10sIm5ldyI6W119fQ==', 1786914603),
('q4WJ805yj4LhozKnCINfFQi7cMlIY5a6VaMF5Brk', NULL, '62.60.226.23', 'Mozilla/5.0 (compatible; ArgusScanner/0.1; +http://example/abuse)', 'eyJfdG9rZW4iOiJGUXR4VmlWNlJPdUFNNmF3SkV4WndXYktoM1lrb2hGUjZTajlKN1ZQIiwiX3ByZXZpb3VzIjp7InVybCI6Imh0dHBzOlwvXC81Mi42Mi4xMTMuMTA0Iiwicm91dGUiOiJob21lIn0sIl9mbGFzaCI6eyJvbGQiOltdLCJuZXciOltdfX0=', 1786913145),
('QEC728dzeCYiNh0OVKH9hW5Xchj801Q9ZH6pvpud', NULL, '62.60.226.23', 'Mozilla/5.0 (compatible; ArgusScanner/0.1; +http://example/abuse)', 'eyJfdG9rZW4iOiJvVDg0SkhHdFFscjZ6c2FlamVHQko4bVpsS0tLUGk5RW51b1lCcVpGIiwiX3ByZXZpb3VzIjp7InVybCI6Imh0dHA6XC9cLzUyLjYyLjExMy4xMDQiLCJyb3V0ZSI6ImhvbWUifSwiX2ZsYXNoIjp7Im9sZCI6W10sIm5ldyI6W119fQ==', 1786911524),
('rt7uFJApsV87egRoRdORO7QlliIxgCxsHNPdpS1R', NULL, '62.60.226.23', 'Mozilla/5.0 (compatible; ArgusScanner/0.1; +http://example/abuse)', 'eyJfdG9rZW4iOiJOVHkzbjJkSEV1d1haSVJuNHVsZHZnRXVQeHE0SE9sNU5aVE50RnR5IiwiX3ByZXZpb3VzIjp7InVybCI6Imh0dHBzOlwvXC81Mi42Mi4xMTMuMTA0Iiwicm91dGUiOiJob21lIn0sIl9mbGFzaCI6eyJvbGQiOltdLCJuZXciOltdfX0=', 1786915251),
('rzH3F0M3jiBwIxFioQg4ohRNJAUG7QfNdr5H4Taa', NULL, '104.248.2.34', 'Mozilla/5.0 (Windows NT 10.0; Win64; x64) AppleWebKit/537.36 (KHTML, like Gecko) Chrome/120.0.0.0 Safari/537.36', 'eyJfdG9rZW4iOiJDYU1Ua0VYOTF0VUdFc2ROZnExR1RpTmFqN0ZPbjdJalhtdWN2R2k1IiwiX3ByZXZpb3VzIjp7InVybCI6Imh0dHBzOlwvXC81Mi42Mi4xMTMuMTA0Iiwicm91dGUiOiJob21lIn0sIl9mbGFzaCI6eyJvbGQiOltdLCJuZXciOltdfX0=', 1786913000),
('svRet0xleVNJbzrFHAxWEjOx7RyemqjCBC5rmKF5', NULL, '104.248.2.34', 'Mozilla/5.0 (Windows NT 10.0; Win64; x64) AppleWebKit/537.36 (KHTML, like Gecko) Chrome/120.0.0.0 Safari/537.36', 'eyJfdG9rZW4iOiJqR1Y3YmtmTURwM2NjeEFhTXpoWDdROFAwRDdxdHU2THFoUWJqbDMxIiwiX3ByZXZpb3VzIjp7InVybCI6Imh0dHBzOlwvXC81Mi42Mi4xMTMuMTA0Iiwicm91dGUiOiJob21lIn0sIl9mbGFzaCI6eyJvbGQiOltdLCJuZXciOltdfX0=', 1786917439),
('TBnrGCJzX6c1V9IOVBZOekaqKhrewkSVPFTQVKtX', NULL, '192.162.199.247', 'Mozilla/5.0 (compatible; ArgusScanner/0.1; +http://example/abuse)', 'eyJfdG9rZW4iOiJGOGozcDNicjVzaEs1OFRkR3ZKVjJ0cUcwUkdrZXFvZzdmVDFIcmV4IiwiX3ByZXZpb3VzIjp7InVybCI6Imh0dHA6XC9cLzUyLjYyLjExMy4xMDQiLCJyb3V0ZSI6ImhvbWUifSwiX2ZsYXNoIjp7Im9sZCI6W10sIm5ldyI6W119fQ==', 1786915364),
('tOhAtsajvcpteQmGaH0v0ToMqYZsat9Z9sMBpZvo', NULL, '62.60.226.23', 'Mozilla/5.0 (compatible; ArgusScanner/0.1; +http://example/abuse)', 'eyJfdG9rZW4iOiJmaVRtSUJoRG1YN1NoeU4zdXpKaUdCNVM0eGNRUkk2U3ZJMzVLTHpSIiwiX3ByZXZpb3VzIjp7InVybCI6Imh0dHBzOlwvXC81Mi42Mi4xMTMuMTA0Iiwicm91dGUiOiJob21lIn0sIl9mbGFzaCI6eyJvbGQiOltdLCJuZXciOltdfX0=', 1786915343),
('V0gRiYxhs05EkDJM0NKnGAxRjG6jm34UGYkurO5r', NULL, '192.162.199.247', 'Mozilla/5.0 (compatible; ArgusScanner/0.1; +http://example/abuse)', 'eyJfdG9rZW4iOiJ1QThuaFc4S3ZVN21vbDRjOUVFQnJxQ1RBeExFbDdETk9OR0xsdUY5IiwiX3ByZXZpb3VzIjp7InVybCI6Imh0dHA6XC9cLzUyLjYyLjExMy4xMDQiLCJyb3V0ZSI6ImhvbWUifSwiX2ZsYXNoIjp7Im9sZCI6W10sIm5ldyI6W119fQ==', 1786911280),
('VrAqsvaPwLpaZqhDdDRUkjhzuDhzCKHQahK8uw7s', 119, '143.44.156.175', 'Mozilla/5.0 (Windows NT 10.0; Win64; x64) AppleWebKit/537.36 (KHTML, like Gecko) Chrome/151.0.0.0 Safari/537.36', 'eyJfdG9rZW4iOiJiZmFKTG9IeEYxajgxNGVYTGQ0QnZ4T3BVTlFqY3M3cTY4Q1l5dGd6IiwiX2ZsYXNoIjp7Im9sZCI6W10sIm5ldyI6W119LCJfcHJldmlvdXMiOnsidXJsIjoiaHR0cHM6XC9cL2V1dC1kZWxpdmVyeS5kdWNrZG5zLm9yZ1wvY2hlZlwvb3JkZXJzIiwicm91dGUiOiJjaGVmLm9yZGVycyJ9LCJsb2dpbl93ZWJfNTliYTM2YWRkYzJiMmY5NDAxNTgwZjAxNGM3ZjU4ZWE0ZTMwOTg5ZCI6MTE5fQ==', 1786917742),
('vWBFt9QOxpwEklU0EpAoOKR9BXbn3uaIqv17gHle', NULL, '62.60.226.23', 'Mozilla/5.0 (compatible; ArgusScanner/0.1; +http://example/abuse)', 'eyJfdG9rZW4iOiI0ME1obzhEV0tKcU9kS2t3OVVWZkpUd1MzYjlJSjN0SXFSbUVuSmpFIiwiX3ByZXZpb3VzIjp7InVybCI6Imh0dHBzOlwvXC81Mi42Mi4xMTMuMTA0Iiwicm91dGUiOiJob21lIn0sIl9mbGFzaCI6eyJvbGQiOltdLCJuZXciOltdfX0=', 1786911526),
('XP1rBgaytjFz54b4LaErPektyJS14ZzHCnqZFVzm', NULL, '62.60.226.23', 'Mozilla/5.0 (compatible; ArgusScanner/0.1; +http://example/abuse)', 'eyJfdG9rZW4iOiJsMWZJNUR2ZkVXUWFyUzhEVFZESHlnaWxBdldRZHZ3WWwzWXZoUmFTIiwiX3ByZXZpb3VzIjp7InVybCI6Imh0dHA6XC9cLzUyLjYyLjExMy4xMDQiLCJyb3V0ZSI6ImhvbWUifSwiX2ZsYXNoIjp7Im9sZCI6W10sIm5ldyI6W119fQ==', 1786915343),
('yRagaBJZHXBhWHvvoYm0auo13foW71zi9CDSafmN', NULL, '192.162.199.247', 'Mozilla/5.0 (compatible; ArgusScanner/0.1; +http://example/abuse)', 'eyJfdG9rZW4iOiJ4MDV1eThmRTlMSHdXaFBxVDRZZGZNWVhoMkprV3R6dWZFWG1jaVd5IiwiX3ByZXZpb3VzIjp7InVybCI6Imh0dHA6XC9cLzUyLjYyLjExMy4xMDQiLCJyb3V0ZSI6ImhvbWUifSwiX2ZsYXNoIjp7Im9sZCI6W10sIm5ldyI6W119fQ==', 1786911119),
('ZLb79A1nlsE8vnC3Af2pDI3WpQ5LQ5LLPS97bHKK', NULL, '93.174.93.12', 'Mozilla/5.0 (Macintosh; Intel Mac OS X 10_13_6) AppleWebKit/537.36 (KHTML, like Gecko) Chrome/71.0.3578.80 Safari/537.36', 'eyJfdG9rZW4iOiJRS3Npd3BtRFZRN2ZrYjI0bmNQRFdqNHlrT21qNkp5dGUwSWhQdHp5IiwiX3ByZXZpb3VzIjp7InVybCI6Imh0dHA6XC9cL2lwLTE3Mi0zMS0xNC0xNzAuYXAtc291dGhlYXN0LTIuY29tcHV0ZS5pbnRlcm5hbCIsInJvdXRlIjoiaG9tZSJ9LCJfZmxhc2giOnsib2xkIjpbXSwibmV3IjpbXX19', 1786913604);

-- --------------------------------------------------------

--
-- Table structure for table `user_addresses`
--

CREATE TABLE `user_addresses` (
  `id` bigint UNSIGNED NOT NULL,
  `user_id` bigint UNSIGNED NOT NULL,
  `label` varchar(191) CHARACTER SET utf8mb4 COLLATE utf8mb4_unicode_ci NOT NULL DEFAULT 'Home',
  `recipient_name` varchar(191) CHARACTER SET utf8mb4 COLLATE utf8mb4_unicode_ci NOT NULL,
  `phone` varchar(191) CHARACTER SET utf8mb4 COLLATE utf8mb4_unicode_ci NOT NULL,
  `address` text CHARACTER SET utf8mb4 COLLATE utf8mb4_unicode_ci NOT NULL,
  `barangay` varchar(191) CHARACTER SET utf8mb4 COLLATE utf8mb4_unicode_ci DEFAULT NULL,
  `city` varchar(191) CHARACTER SET utf8mb4 COLLATE utf8mb4_unicode_ci DEFAULT NULL,
  `postal` varchar(191) CHARACTER SET utf8mb4 COLLATE utf8mb4_unicode_ci DEFAULT NULL,
  `is_default` tinyint(1) NOT NULL DEFAULT '0',
  `lat` decimal(10,7) DEFAULT NULL,
  `lng` decimal(10,7) DEFAULT NULL,
  `created_at` timestamp NULL DEFAULT NULL,
  `updated_at` timestamp NULL DEFAULT NULL
) ENGINE=MyISAM DEFAULT CHARSET=utf8mb4 COLLATE=utf8mb4_unicode_ci;

--
-- Dumping data for table `user_addresses`
--

INSERT INTO `user_addresses` (`id`, `user_id`, `label`, `recipient_name`, `phone`, `address`, `barangay`, `city`, `postal`, `is_default`, `lat`, `lng`, `created_at`, `updated_at`) VALUES
(1, 10, 'Home', 'Jumyr Moreno', '09310020235', 'Sitio Looban', 'Kalinisan', NULL, '5204', 1, NULL, NULL, '2026-07-20 02:32:56', '2026-08-09 14:37:55'),
(2, 10, 'Home', 'Jumyr Moreno', '09310020235', 'Sitio looban', NULL, NULL, '5204', 0, NULL, NULL, '2026-07-20 02:33:27', '2026-08-09 14:38:11'),
(3, 8, 'Other', 'Bunch Alvarez', '09052883320', 'Apostol street', 'Nag-Iba I', NULL, '5204', 0, NULL, NULL, '2026-07-20 05:43:24', '2026-08-12 10:28:31'),
(4, 11, 'Home', 'Marc Jhansen Fabella', '09245781634', 'Camia', NULL, NULL, '5204', 1, NULL, NULL, '2026-07-20 06:22:01', '2026-07-20 06:22:01'),
(5, 12, 'Home', 'Beluga Whale', '09310020235', 'Sitio looban', NULL, NULL, '5204', 1, NULL, NULL, '2026-07-20 07:07:46', '2026-07-20 07:07:46'),
(6, 5, 'Home', 'Patrick Montero', '09989134594', 'Naujan Road', 'San Antonio', NULL, '5204', 1, NULL, NULL, '2026-07-20 19:16:39', '2026-08-11 17:04:44'),
(7, 7, 'Home', 'Karl Marion', '9484691838', 'hshw', NULL, NULL, '5204', 1, NULL, NULL, '2026-07-26 20:37:54', '2026-07-26 20:37:54'),
(8, 17, 'Home', 'Bada', '09484737130', 'Apostol street', NULL, NULL, '5402', 1, NULL, NULL, '2026-07-29 09:30:32', '2026-07-29 10:24:16'),
(9, 19, 'Home', 'Maclane Lara', '09453047818', 'Basa street', NULL, NULL, '5204', 1, 9.1886797, 123.2640650, '2026-07-29 10:20:28', '2026-07-29 10:20:28'),
(10, 21, 'Home', 'Maricris', '09851594440', 'Core housing', NULL, NULL, '5204', 1, NULL, NULL, '2026-07-29 10:29:08', '2026-07-29 10:29:08'),
(11, 22, 'Home', 'Dale christer Martin', '09649042325', 'Sta Cruz, sitio 1 ibayo, sa loob nang sementeryo', NULL, NULL, '5204', 1, NULL, NULL, '2026-07-29 10:31:53', '2026-07-29 10:31:53'),
(12, 23, 'Home', 'Mckervin Desagun', '09945204773', 'silangan', NULL, NULL, '5204', 1, NULL, NULL, '2026-07-29 10:33:05', '2026-07-29 10:33:05'),
(13, 18, 'Home', 'Jhon paul Funatzu', '09274763255', 'Calumpit bancuro naujan', NULL, NULL, '5204', 1, NULL, NULL, '2026-07-29 10:53:15', '2026-07-29 10:53:15'),
(14, 25, 'Home', 'Janna Mae Dela cruz', '09670035174', 'Rizal St', NULL, NULL, '5204', 1, 13.9634705, 121.5246756, '2026-07-29 11:13:55', '2026-07-29 11:13:55'),
(15, 26, 'Home', 'Rosemarie Diano', '09504527253', 'Sirio 6', NULL, NULL, '5204', 1, NULL, NULL, '2026-07-29 13:53:10', '2026-07-29 13:53:10'),
(16, 27, 'Home', 'Jennette De Guzman', '09951034451', 'Mabini', NULL, NULL, '5204', 1, 16.6989857, 121.5606415, '2026-07-30 08:26:31', '2026-07-30 08:26:31'),
(17, 30, 'Home', 'Jumyr Moreno', '09310020235', '6 Miguel Leonor Street', NULL, NULL, '5205', 1, 14.0667962, 121.3246601, '2026-07-31 02:20:56', '2026-07-31 02:20:56'),
(18, 31, 'Home', 'Patrick james Vital Romasanta', '0933333366', 'San Antonio ,Naujan ,Naujan ,Oriental Mindoro', NULL, NULL, '5204', 1, 13.3389795, 121.3001277, '2026-08-03 07:37:32', '2026-08-03 07:37:32'),
(19, 32, 'Home', 'Danica Mae Caguete', '09127521696', 'Sitio 3', NULL, NULL, '5204', 1, NULL, NULL, '2026-08-03 11:37:53', '2026-08-03 11:37:53'),
(20, 28, 'Home', 'Alex M. Cortez', '09052883320', 'Apostol street', NULL, NULL, '5204', 1, 10.2397663, 123.8020889, '2026-08-04 05:33:32', '2026-08-04 05:33:32'),
(21, 41, 'Work', 'Mary Jhoy Moreno', '9383443453', 'Jose L. Basa Memorial School', 'Poblacion I (Barangay I)', NULL, '5204', 1, NULL, NULL, '2026-08-04 13:18:57', '2026-08-13 10:06:15'),
(22, 45, 'Home', 'Kyle Khalifa', '09050865511', '143 BASA ST., POBLACION I, NAUJAN', NULL, NULL, '5204', 1, NULL, NULL, '2026-08-06 14:25:15', '2026-08-06 14:25:15'),
(23, 45, 'Work', 'Kyle Khalifa', '09300022311', 'SANTIAGO ELEMENTARY SCHOOL', NULL, NULL, '5204', 0, 13.3137334, 121.2881942, '2026-08-06 14:26:21', '2026-08-06 14:26:21'),
(24, 51, 'Work', 'Naujan MPS', '09161617814', 'Naujan Municipal Police Station', NULL, NULL, '5204', 1, NULL, NULL, '2026-08-06 15:18:26', '2026-08-06 15:18:26'),
(25, 52, 'Work', 'Glenda Marasigan', '09153059504', 'Jose L  Basa Memorial School', NULL, NULL, '5204', 1, NULL, NULL, '2026-08-07 08:00:46', '2026-08-07 08:00:46'),
(26, 57, 'Home', 'shireianne decipeda', '09388254078', 'sitio. 3 malapit sa may school', NULL, NULL, '5204', 1, NULL, NULL, '2026-08-07 13:04:01', '2026-08-07 13:04:32'),
(27, 58, 'Home', 'Princess Elaine', '09099999999', 'Street 6', NULL, NULL, '5205', 1, 13.2678870, 121.2631180, '2026-08-07 15:46:25', '2026-08-07 15:46:25'),
(28, 62, 'Home', 'Zyrhen Dimalibot (anak ni Lyka)', '09757240952', 'Gasic Street', NULL, 'Naujan', NULL, 1, NULL, NULL, '2026-08-07 17:51:20', '2026-08-07 17:51:20'),
(29, 64, 'Work', 'Dianica Masangkay', '09665707153', 'NMPS', NULL, NULL, NULL, 1, NULL, NULL, '2026-08-08 09:03:08', '2026-08-08 09:03:08'),
(30, 67, 'Home', 'Trial123', '09125487621', 'Bancuro, Naujan , Oriental Mindoro', NULL, NULL, '5041', 1, 13.2813590, 121.3166878, '2026-08-08 10:20:29', '2026-08-08 10:22:28'),
(31, 71, 'Home', 'Angela Cidro', '09812517257', 'Centro', NULL, 'Naujan', NULL, 1, NULL, NULL, '2026-08-08 13:20:11', '2026-08-08 13:20:11'),
(32, 72, 'Home', 'Jesabel geroleo', '09122864882', 'Corehousing', NULL, 'Naujan', NULL, 1, NULL, NULL, '2026-08-08 13:33:52', '2026-08-08 13:33:52'),
(33, 74, 'Home', 'May Ann Papasin', '09104066981', 'Adalia apartment room 2', NULL, NULL, NULL, 1, NULL, NULL, '2026-08-08 14:19:33', '2026-08-08 14:19:33'),
(34, 77, 'Other', 'Del Alcantara', '09567004106', '117 Rizal St. Poblacion 2, Naujan, Oriental Mindoro', NULL, NULL, '5204', 1, NULL, NULL, '2026-08-08 16:22:59', '2026-08-08 16:25:46'),
(41, 92, 'Home', 'Maricel Alejo', '09626102834', '001', 'San Antonio', NULL, '5204', 1, 12.9450137, 121.4926727, '2026-08-09 15:13:14', '2026-08-09 15:13:14'),
(35, 80, 'Home', 'angelyn Angelyn', '09087412472', 'kanluran 1', NULL, NULL, '5204', 1, NULL, NULL, '2026-08-08 17:25:05', '2026-08-08 17:25:05'),
(36, 82, 'Home', 'Noriejene Garces', '09772979293', 'Sitio 7', NULL, NULL, '5204', 0, 14.3595883, 121.0450298, '2026-08-08 17:53:58', '2026-08-08 17:55:39'),
(37, 82, 'Home', 'Noriejene Garces', '09772979293', 'Sito 7', NULL, NULL, '5204', 1, NULL, NULL, '2026-08-08 17:55:39', '2026-08-08 17:55:39'),
(38, 86, 'Home', 'kimberly malinao', '09262925527', 'Sitio 4, Naujan, Oriental Mindoro', NULL, 'Naujan', NULL, 1, NULL, NULL, '2026-08-09 10:17:33', '2026-08-09 10:17:33'),
(39, 90, 'Work', 'Jaiross Galagar', '09972254106', 'NAUJAN COMMUNITY HOSPITAL', NULL, NULL, '5204', 0, NULL, NULL, '2026-08-09 10:50:06', '2026-08-09 10:50:53'),
(40, 90, 'Work', 'Jaiross Galagar', '09972254106', 'NAUJAN COMMUNITY HOSPITAL', NULL, NULL, '5204', 1, NULL, NULL, '2026-08-09 10:50:53', '2026-08-09 10:50:53'),
(42, 93, 'Home', 'GAGULA, SHAHIRA', '09517406935', 'Motoderazo, Naujan, Oriental Mindoro', 'Motoderazo', NULL, '5204', 1, NULL, NULL, '2026-08-10 15:17:34', '2026-08-10 15:17:34'),
(43, 95, 'HOME', 'Maritess Guevarra', '09128674318', 'Sitio 4', 'Santa Cruz', 'Naujan', NULL, 1, NULL, NULL, '2026-08-10 18:23:13', '2026-08-10 18:23:13'),
(44, 98, 'Home', 'Rhyms Gabuna', '09551840235', 'Rizal street', 'Poblacion I (Barangay I)', NULL, '5204', 1, 10.7303642, 123.8274864, '2026-08-11 09:46:38', '2026-08-11 09:46:38'),
(45, 99, 'Work', 'Louie Han', '09629554164', 'MDRRMO NAUJAN Operations Center, Barangay Santiago, Naujan', 'Santiago', NULL, NULL, 1, NULL, NULL, '2026-08-11 13:47:51', '2026-08-11 13:47:51'),
(46, 101, 'Home', 'Myreen Adem', '09989782604', 'Sitio 4, San Agustin II, Naujan, Oriental Mindoro', 'San Agustin II (Ilaya)', NULL, '5204', 1, NULL, NULL, '2026-08-11 14:27:13', '2026-08-11 14:27:13'),
(47, 101, 'Other', 'Myreen Adem', '09989782604', 'Naujan Community Hospital', 'Santiago', NULL, '5204', 0, NULL, NULL, '2026-08-11 14:28:22', '2026-08-11 14:28:22'),
(48, 104, 'Home', 'Jumyr Moreno', '09310020235', '6 Miguel Leonor Street', 'Santa Cruz', NULL, '5205', 1, NULL, NULL, '2026-08-11 20:48:59', '2026-08-11 20:48:59'),
(49, 109, 'Home', 'celeste mercado', '09480803763', 'Barangay Santiago Naujan Oriental Mindoro', 'Santiago', NULL, NULL, 1, NULL, NULL, '2026-08-13 12:31:30', '2026-08-13 12:35:31'),
(50, 110, 'ABC HALL', 'Jullah Carl Ilao', '09190083771', 'Santiago', 'Santiago', NULL, NULL, 1, NULL, NULL, '2026-08-13 12:40:11', '2026-08-13 12:40:11'),
(51, 96, 'Home', 'Jumyr Moreno', '09310020235', '6 Miguel Leonor Street', 'Santiago', NULL, '5205', 1, NULL, NULL, '2026-08-13 13:29:26', '2026-08-13 13:29:26'),
(52, 120, 'Home', 'Lyca Relano', '09164680838', 'Sitio Narra', 'Motoderazo', NULL, '5204', 1, NULL, NULL, '2026-08-14 14:51:45', '2026-08-14 14:51:45'),
(53, 102, 'Home', 'Karl Marion', '09611096355', 'san isidro', 'San Isidro (Calaguimay)', NULL, '5240', 1, NULL, NULL, '2026-08-14 17:36:20', '2026-08-14 17:36:20'),
(54, 87, 'Naujan Academy Inc. Band Member', 'Carl Benedict M. Mendoza', '09633895579', 'Garing Street', 'Poblacion I (Barangay I)', 'Naujan', NULL, 1, NULL, NULL, '2026-08-15 06:51:21', '2026-08-15 06:51:21'),
(55, 122, 'Home', 'Jumyr Moreno', '09310020235', '6 Miguel Leonor Street', 'Kalinisan', NULL, '5205', 1, NULL, NULL, '2026-08-15 14:14:02', '2026-08-15 14:14:02'),
(56, 123, 'Home', 'Nympha Villeza', '09971743828', 'Purok 2', 'Antipolo (Parusan)', NULL, NULL, 1, NULL, NULL, '2026-08-15 14:26:29', '2026-08-15 14:27:08'),
(57, 124, 'Home', 'Christian Kent Nagutom', '09464236045', 'Santiago', 'Poblacion III (Barangay III)', NULL, '5204', 1, 10.8768876, 122.9788055, '2026-08-16 13:54:26', '2026-08-16 13:54:26'),
(58, 128, 'Home', 'Christian Moreno', '09310020235', 'hhh', 'Estrella', NULL, '5204', 1, NULL, NULL, '2026-08-17 02:51:49', '2026-08-17 02:51:49');

-- --------------------------------------------------------

--
-- Table structure for table `user_permissions`
--

CREATE TABLE `user_permissions` (
  `id` bigint UNSIGNED NOT NULL,
  `user_id` bigint UNSIGNED NOT NULL,
  `permission_id` bigint UNSIGNED NOT NULL,
  `granted` tinyint(1) NOT NULL DEFAULT '1',
  `created_at` timestamp NULL DEFAULT NULL,
  `updated_at` timestamp NULL DEFAULT NULL
) ENGINE=InnoDB DEFAULT CHARSET=utf8mb4 COLLATE=utf8mb4_unicode_ci;

--
-- Indexes for dumped tables
--

--
-- Indexes for table `audit_logs`
--
ALTER TABLE `audit_logs`
  ADD PRIMARY KEY (`id`),
  ADD KEY `audit_morphable` (`auditable_type`,`auditable_id`),
  ADD KEY `audit_logs_user_id_index` (`user_id`),
  ADD KEY `audit_logs_action_index` (`action`),
  ADD KEY `audit_logs_created_at_index` (`created_at`);

--
-- Indexes for table `cart_items`
--
ALTER TABLE `cart_items`
  ADD PRIMARY KEY (`id`),
  ADD UNIQUE KEY `cart_items_user_id_cart_key_unique` (`user_id`,`cart_key`);

--
-- Indexes for table `categories`
--
ALTER TABLE `categories`
  ADD PRIMARY KEY (`id`),
  ADD UNIQUE KEY `categories_slug_unique` (`slug`);

--
-- Indexes for table `failed_jobs`
--
ALTER TABLE `failed_jobs`
  ADD PRIMARY KEY (`id`),
  ADD UNIQUE KEY `failed_jobs_uuid_unique` (`uuid`);

--
-- Indexes for table `jobs`
--
ALTER TABLE `jobs`
  ADD PRIMARY KEY (`id`),
  ADD KEY `jobs_queue_index` (`queue`);

--
-- Indexes for table `job_batches`
--
ALTER TABLE `job_batches`
  ADD PRIMARY KEY (`id`);

--
-- Indexes for table `kitchen_print_jobs`
--
ALTER TABLE `kitchen_print_jobs`
  ADD PRIMARY KEY (`id`),
  ADD KEY `kitchen_print_jobs_printed_created_at_index` (`printed`,`created_at`),
  ADD KEY `kitchen_print_jobs_order_id_index` (`order_id`);

--
-- Indexes for table `menu_items`
--
ALTER TABLE `menu_items`
  ADD PRIMARY KEY (`id`),
  ADD KEY `menu_items_category_id_foreign` (`category_id`);

--
-- Indexes for table `migrations`
--
ALTER TABLE `migrations`
  ADD PRIMARY KEY (`id`);

--
-- Indexes for table `modifier_groups`
--
ALTER TABLE `modifier_groups`
  ADD PRIMARY KEY (`id`),
  ADD KEY `modifier_groups_menu_item_id_foreign` (`menu_item_id`);

--
-- Indexes for table `modifier_options`
--
ALTER TABLE `modifier_options`
  ADD PRIMARY KEY (`id`),
  ADD KEY `modifier_options_modifier_group_id_foreign` (`modifier_group_id`);

--
-- Indexes for table `order_items`
--
ALTER TABLE `order_items`
  ADD PRIMARY KEY (`id`),
  ADD KEY `order_items_order_id_foreign` (`order_id`),
  ADD KEY `order_items_menu_item_id_foreign` (`menu_item_id`);

--
-- Indexes for table `permissions`
--
ALTER TABLE `permissions`
  ADD PRIMARY KEY (`id`),
  ADD UNIQUE KEY `slug` (`slug`);

--
-- Indexes for table `riders`
--
ALTER TABLE `riders`
  ADD PRIMARY KEY (`id`),
  ADD KEY `riders_user_id_foreign` (`user_id`);

--
-- Indexes for table `role_permissions`
--
ALTER TABLE `role_permissions`
  ADD PRIMARY KEY (`id`),
  ADD UNIQUE KEY `role_permissions_role_permission_id_unique` (`role`,`permission_id`),
  ADD KEY `role_permissions_permission_id_foreign` (`permission_id`);

--
-- Indexes for table `sessions`
--
ALTER TABLE `sessions`
  ADD PRIMARY KEY (`id`),
  ADD KEY `sessions_user_id_index` (`user_id`),
  ADD KEY `sessions_last_activity_index` (`last_activity`);

--
-- Indexes for table `user_addresses`
--
ALTER TABLE `user_addresses`
  ADD PRIMARY KEY (`id`),
  ADD KEY `user_addresses_user_id_foreign` (`user_id`);

--
-- Indexes for table `user_permissions`
--
ALTER TABLE `user_permissions`
  ADD PRIMARY KEY (`id`),
  ADD UNIQUE KEY `user_permissions_user_id_permission_id_unique` (`user_id`,`permission_id`),
  ADD KEY `user_permissions_user_id_index` (`user_id`),
  ADD KEY `user_permissions_permission_id_index` (`permission_id`);

--
-- AUTO_INCREMENT for dumped tables
--

--
-- AUTO_INCREMENT for table `audit_logs`
--
ALTER TABLE `audit_logs`
  MODIFY `id` bigint UNSIGNED NOT NULL AUTO_INCREMENT, AUTO_INCREMENT=1526;

--
-- AUTO_INCREMENT for table `cart_items`
--
ALTER TABLE `cart_items`
  MODIFY `id` bigint UNSIGNED NOT NULL AUTO_INCREMENT, AUTO_INCREMENT=525;

--
-- AUTO_INCREMENT for table `categories`
--
ALTER TABLE `categories`
  MODIFY `id` bigint UNSIGNED NOT NULL AUTO_INCREMENT, AUTO_INCREMENT=36;

--
-- AUTO_INCREMENT for table `failed_jobs`
--
ALTER TABLE `failed_jobs`
  MODIFY `id` bigint UNSIGNED NOT NULL AUTO_INCREMENT, AUTO_INCREMENT=4451;

--
-- AUTO_INCREMENT for table `jobs`
--
ALTER TABLE `jobs`
  MODIFY `id` bigint UNSIGNED NOT NULL AUTO_INCREMENT, AUTO_INCREMENT=13199;

--
-- AUTO_INCREMENT for table `kitchen_print_jobs`
--
ALTER TABLE `kitchen_print_jobs`
  MODIFY `id` bigint UNSIGNED NOT NULL AUTO_INCREMENT, AUTO_INCREMENT=508;

--
-- AUTO_INCREMENT for table `menu_items`
--
ALTER TABLE `menu_items`
  MODIFY `id` bigint UNSIGNED NOT NULL AUTO_INCREMENT, AUTO_INCREMENT=339;

--
-- AUTO_INCREMENT for table `migrations`
--
ALTER TABLE `migrations`
  MODIFY `id` int UNSIGNED NOT NULL AUTO_INCREMENT, AUTO_INCREMENT=33;

--
-- AUTO_INCREMENT for table `modifier_groups`
--
ALTER TABLE `modifier_groups`
  MODIFY `id` bigint UNSIGNED NOT NULL AUTO_INCREMENT, AUTO_INCREMENT=446;

--
-- AUTO_INCREMENT for table `modifier_options`
--
ALTER TABLE `modifier_options`
  MODIFY `id` bigint UNSIGNED NOT NULL AUTO_INCREMENT, AUTO_INCREMENT=1977;

--
-- AUTO_INCREMENT for table `order_items`
--
ALTER TABLE `order_items`
  MODIFY `id` bigint UNSIGNED NOT NULL AUTO_INCREMENT, AUTO_INCREMENT=1021;

--
-- AUTO_INCREMENT for table `permissions`
--
ALTER TABLE `permissions`
  MODIFY `id` bigint UNSIGNED NOT NULL AUTO_INCREMENT, AUTO_INCREMENT=50;

--
-- AUTO_INCREMENT for table `riders`
--
ALTER TABLE `riders`
  MODIFY `id` bigint UNSIGNED NOT NULL AUTO_INCREMENT, AUTO_INCREMENT=12;

--
-- AUTO_INCREMENT for table `role_permissions`
--
ALTER TABLE `role_permissions`
  MODIFY `id` bigint UNSIGNED NOT NULL AUTO_INCREMENT, AUTO_INCREMENT=61;

--
-- AUTO_INCREMENT for table `user_addresses`
--
ALTER TABLE `user_addresses`
  MODIFY `id` bigint UNSIGNED NOT NULL AUTO_INCREMENT, AUTO_INCREMENT=59;

--
-- AUTO_INCREMENT for table `user_permissions`
--
ALTER TABLE `user_permissions`
  MODIFY `id` bigint UNSIGNED NOT NULL AUTO_INCREMENT;

--
-- Constraints for dumped tables
--

--
-- Constraints for table `role_permissions`
--
ALTER TABLE `role_permissions`
  ADD CONSTRAINT `role_permissions_permission_id_foreign` FOREIGN KEY (`permission_id`) REFERENCES `permissions` (`id`) ON DELETE CASCADE;
COMMIT;

